{"id":960,"date":"2021-07-21T00:13:09","date_gmt":"2021-07-21T00:13:09","guid":{"rendered":"http:\/\/www.losataos.org\/w\/?page_id=960"},"modified":"2021-07-21T00:17:46","modified_gmt":"2021-07-21T00:17:46","slug":"el-cuartel","status":"publish","type":"page","link":"https:\/\/www.losataos.org\/w\/el-cuartel\/","title":{"rendered":"El Cuartel"},"content":{"rendered":"\t\t<div data-elementor-type=\"wp-page\" data-elementor-id=\"960\" class=\"elementor elementor-960\" data-elementor-post-type=\"page\">\n\t\t\t\t\t\t<section class=\"elementor-section elementor-top-section elementor-element elementor-element-bb1575d elementor-section-boxed elementor-section-height-default elementor-section-height-default\" data-id=\"bb1575d\" data-element_type=\"section\" data-e-type=\"section\">\n\t\t\t\t\t\t<div class=\"elementor-container elementor-column-gap-default\">\n\t\t\t\t\t<div class=\"elementor-column elementor-col-100 elementor-top-column elementor-element elementor-element-34ce51d\" data-id=\"34ce51d\" data-element_type=\"column\" data-e-type=\"column\">\n\t\t\t<div class=\"elementor-widget-wrap elementor-element-populated\">\n\t\t\t\t\t\t<div class=\"elementor-element elementor-element-06a75cf elementor-widget-divider--view-line elementor-widget elementor-widget-divider\" data-id=\"06a75cf\" data-element_type=\"widget\" data-e-type=\"widget\" data-widget_type=\"divider.default\">\n\t\t\t\t<div class=\"elementor-widget-container\">\n\t\t\t\t\t\t\t<div class=\"elementor-divider\">\n\t\t\t<span class=\"elementor-divider-separator\">\n\t\t\t\t\t\t<\/span>\n\t\t<\/div>\n\t\t\t\t\t\t<\/div>\n\t\t\t\t<\/div>\n\t\t\t\t<div class=\"elementor-element elementor-element-553b919 elementor-widget elementor-widget-image\" data-id=\"553b919\" data-element_type=\"widget\" data-e-type=\"widget\" data-widget_type=\"image.default\">\n\t\t\t\t<div class=\"elementor-widget-container\">\n\t\t\t\t\t\t\t\t\t\t\t\t\t\t\t<img fetchpriority=\"high\" decoding=\"async\" width=\"640\" height=\"428\" src=\"https:\/\/www.losataos.org\/w\/wp-content\/uploads\/cuartel\/cuartel-14.jpg\" class=\"attachment-large size-large wp-image-150\" alt=\"\" srcset=\"https:\/\/www.losataos.org\/w\/wp-content\/uploads\/cuartel\/cuartel-14.jpg 640w, https:\/\/www.losataos.org\/w\/wp-content\/uploads\/cuartel\/cuartel-14-300x201.jpg 300w\" sizes=\"(max-width: 640px) 100vw, 640px\" \/>\t\t\t\t\t\t\t\t\t\t\t\t\t\t\t<\/div>\n\t\t\t\t<\/div>\n\t\t\t\t\t<\/div>\n\t\t<\/div>\n\t\t\t\t\t<\/div>\n\t\t<\/section>\n\t\t\t\t<section class=\"elementor-section elementor-top-section elementor-element elementor-element-15ebcc9 elementor-section-boxed elementor-section-height-default elementor-section-height-default\" data-id=\"15ebcc9\" data-element_type=\"section\" data-e-type=\"section\">\n\t\t\t\t\t\t<div class=\"elementor-container elementor-column-gap-default\">\n\t\t\t\t\t<div class=\"elementor-column elementor-col-100 elementor-top-column elementor-element elementor-element-d35ab3b\" data-id=\"d35ab3b\" data-element_type=\"column\" data-e-type=\"column\">\n\t\t\t<div class=\"elementor-widget-wrap elementor-element-populated\">\n\t\t\t\t\t\t<div class=\"elementor-element elementor-element-641e114 elementor-widget elementor-widget-heading\" data-id=\"641e114\" data-element_type=\"widget\" data-e-type=\"widget\" data-widget_type=\"heading.default\">\n\t\t\t\t<div class=\"elementor-widget-container\">\n\t\t\t\t\t<h5 class=\"elementor-heading-title elementor-size-default\">El acogimiento por parte de \"Los Ataos\" a las Potencias tras la ca\u00edda del Cuartel, qued\u00f3 reflejado en esta poes\u00eda que tom\u00f3 forma a partir de dos estampas mananteras vividas por las dos Corporaciones: el sentimiento de los Hermanos m\u00e1s veteranos en la Corporaci\u00f3n tras el derrumbe y el contraste de la alegr\u00eda al ver el Cuartel levantado de nuevo y el Alondras cantado por las dos Corporaciones en la calle Horno, provocando tambi\u00e9n ese contraste entre la alegr\u00eda de volver a nuestro Cuartel y la tristeza de no seguir compartiendo momentos tan especiales con quienes nos hab\u00edan acogido como Hermanos de su Corporaci\u00f3n, con todo lo que conlleva la palabra Hermanos. Gracias, Ataos<\/h5>\t\t\t\t<\/div>\n\t\t\t\t<\/div>\n\t\t\t\t\t<\/div>\n\t\t<\/div>\n\t\t\t\t\t<\/div>\n\t\t<\/section>\n\t\t\t\t<section class=\"elementor-section elementor-top-section elementor-element elementor-element-1e4de15 elementor-section-boxed elementor-section-height-default elementor-section-height-default\" data-id=\"1e4de15\" data-element_type=\"section\" data-e-type=\"section\">\n\t\t\t\t\t\t<div class=\"elementor-container elementor-column-gap-default\">\n\t\t\t\t\t<div class=\"elementor-column elementor-col-100 elementor-top-column elementor-element elementor-element-5b4caa4\" data-id=\"5b4caa4\" data-element_type=\"column\" data-e-type=\"column\">\n\t\t\t<div class=\"elementor-widget-wrap elementor-element-populated\">\n\t\t\t\t\t\t<div class=\"elementor-element elementor-element-5b67e23 elementor-widget elementor-widget-text-editor\" data-id=\"5b67e23\" data-element_type=\"widget\" data-e-type=\"widget\" data-widget_type=\"text-editor.default\">\n\t\t\t\t<div class=\"elementor-widget-container\">\n\t\t\t\t\t\t\t\t\t<p style=\"text-align: center;\">Jueves santo, la tierra se estremeci\u00f3,<br \/>lloraron, las medallas<br \/>de plata y oro, las l\u00e1grimas<br \/>y los m\u00e1s j\u00f3venes sin ilusi\u00f3n.<br \/>Mas pasajero fue todo<br \/>pues se ha levantado de nuevo con tes\u00f3n.<br \/>Qu\u00e9 esfuerzo hermanos el de esta comisi\u00f3n<br \/>que se cre\u00f3 en dia aciago<br \/>pero que ha buen puerto nos ha llevado,<br \/>trabajando sin desfallecer y con pasi\u00f3n.<br \/>Gracias hermanos,<br \/>pues hab\u00e9is hecho m\u00e1s que un cuartel,<br \/>hab\u00e9is conseguido que en milagros volvamos a creer.<br \/>Escuch\u00e9 una vez que las cuarteleras<br \/>no se canten en la calle, sino en el cuartel,<br \/>pero yo digo, que un alondras<br \/>esquina horno con Veracruz, de veras<br \/>dos corporaciones se\u00f1eras<br \/>Ataos y Potencias.<br \/>Por techo las estrellas,<br \/>por paredes mi pueblo pontano,<br \/>por puertas las callejuelas,<br \/>las ventanas y balcones, por cuadros.<br \/>De veras, dime si eso no es un cuartel<br \/>que no echamos de menos, ni una pared,<br \/>y pensad en como vamos a responder<br \/>al calor que nos dieron, hermanos<br \/>los vecinos de enfrente, los ataos<br \/>en este exilio que hemos pasado.<br \/>Y para los reacios, entendimiento<br \/>que no hay nada m\u00e1s bonito en la mananta<br \/>que simplemente ser manantero<br \/>y demostrar a nuestro Nazareno<br \/>que somos capaces de ser hermanos<br \/>sin distinciones, del mundo entero.<\/p>\n<p style=\"text-align: right;\"><br \/>FRANCISCO JOS\u00c9 PEREA ALMEDA<\/p>\t\t\t\t\t\t\t\t<\/div>\n\t\t\t\t<\/div>\n\t\t\t\t\t<\/div>\n\t\t<\/div>\n\t\t\t\t\t<\/div>\n\t\t<\/section>\n\t\t\t\t<\/div>\n\t\t","protected":false},"excerpt":{"rendered":"<p>El acogimiento por parte de \u00abLos Ataos\u00bb a las Potencias tras la ca\u00edda del Cuartel, qued\u00f3 reflejado en esta poes\u00eda que tom\u00f3 forma a partir de dos estampas mananteras vividas por las dos Corporaciones: el sentimiento de los Hermanos m\u00e1s veteranos en la Corporaci\u00f3n tras el derrumbe y el contraste de la alegr\u00eda al ver&hellip;&nbsp;<a href=\"https:\/\/www.losataos.org\/w\/el-cuartel\/\" rel=\"bookmark\">Leer m\u00e1s &raquo;<span class=\"screen-reader-text\">El Cuartel<\/span><\/a><\/p>\n","protected":false},"author":2,"featured_media":0,"parent":0,"menu_order":0,"comment_status":"closed","ping_status":"closed","template":"","meta":{"neve_meta_sidebar":"","neve_meta_container":"","neve_meta_enable_content_width":"","neve_meta_content_width":0,"neve_meta_title_alignment":"","neve_meta_author_avatar":"","neve_post_elements_order":"","neve_meta_disable_header":"","neve_meta_disable_footer":"","neve_meta_disable_title":"","footnotes":""},"wf_page_folders":[17],"class_list":["post-960","page","type-page","status-publish","hentry"],"jetpack_sharing_enabled":true,"_links":{"self":[{"href":"https:\/\/www.losataos.org\/w\/wp-json\/wp\/v2\/pages\/960","targetHints":{"allow":["GET"]}}],"collection":[{"href":"https:\/\/www.losataos.org\/w\/wp-json\/wp\/v2\/pages"}],"about":[{"href":"https:\/\/www.losataos.org\/w\/wp-json\/wp\/v2\/types\/page"}],"author":[{"embeddable":true,"href":"https:\/\/www.losataos.org\/w\/wp-json\/wp\/v2\/users\/2"}],"replies":[{"embeddable":true,"href":"https:\/\/www.losataos.org\/w\/wp-json\/wp\/v2\/comments?post=960"}],"version-history":[{"count":4,"href":"https:\/\/www.losataos.org\/w\/wp-json\/wp\/v2\/pages\/960\/revisions"}],"predecessor-version":[{"id":965,"href":"https:\/\/www.losataos.org\/w\/wp-json\/wp\/v2\/pages\/960\/revisions\/965"}],"wp:attachment":[{"href":"https:\/\/www.losataos.org\/w\/wp-json\/wp\/v2\/media?parent=960"}],"wp:term":[{"taxonomy":"wf_page_folders","embeddable":true,"href":"https:\/\/www.losataos.org\/w\/wp-json\/wp\/v2\/wf_page_folders?post=960"}],"curies":[{"name":"wp","href":"https:\/\/api.w.org\/{rel}","templated":true}]}}