{"id":746,"date":"2021-07-14T15:01:24","date_gmt":"2021-07-14T15:01:24","guid":{"rendered":"http:\/\/www.losataos.org\/w\/?page_id=746"},"modified":"2022-03-27T20:02:45","modified_gmt":"2022-03-27T20:02:45","slug":"homenaje-a-los-ataos","status":"publish","type":"page","link":"https:\/\/www.losataos.org\/w\/homenaje-a-los-ataos\/","title":{"rendered":"Homenaje a los Ataos"},"content":{"rendered":"\t\t<div data-elementor-type=\"wp-page\" data-elementor-id=\"746\" class=\"elementor elementor-746\" data-elementor-post-type=\"page\">\n\t\t\t\t\t\t<section class=\"elementor-section elementor-top-section elementor-element elementor-element-bb1575d elementor-section-boxed elementor-section-height-default elementor-section-height-default\" data-id=\"bb1575d\" data-element_type=\"section\" data-e-type=\"section\">\n\t\t\t\t\t\t<div class=\"elementor-container elementor-column-gap-default\">\n\t\t\t\t\t<div class=\"elementor-column elementor-col-100 elementor-top-column elementor-element elementor-element-34ce51d\" data-id=\"34ce51d\" data-element_type=\"column\" data-e-type=\"column\">\n\t\t\t<div class=\"elementor-widget-wrap elementor-element-populated\">\n\t\t\t\t\t\t<div class=\"elementor-element elementor-element-06a75cf elementor-widget-divider--view-line elementor-widget elementor-widget-divider\" data-id=\"06a75cf\" data-element_type=\"widget\" data-e-type=\"widget\" data-widget_type=\"divider.default\">\n\t\t\t\t<div class=\"elementor-widget-container\">\n\t\t\t\t\t\t\t<div class=\"elementor-divider\">\n\t\t\t<span class=\"elementor-divider-separator\">\n\t\t\t\t\t\t<\/span>\n\t\t<\/div>\n\t\t\t\t\t\t<\/div>\n\t\t\t\t<\/div>\n\t\t\t\t<div class=\"elementor-element elementor-element-553b919 elementor-widget elementor-widget-image\" data-id=\"553b919\" data-element_type=\"widget\" data-e-type=\"widget\" data-widget_type=\"image.default\">\n\t\t\t\t<div class=\"elementor-widget-container\">\n\t\t\t\t\t\t\t\t\t\t\t\t\t\t\t<img fetchpriority=\"high\" decoding=\"async\" width=\"640\" height=\"480\" src=\"https:\/\/www.losataos.org\/w\/wp-content\/uploads\/potencias2.jpg\" class=\"attachment-large size-large wp-image-237\" alt=\"\" srcset=\"https:\/\/www.losataos.org\/w\/wp-content\/uploads\/potencias2.jpg 640w, https:\/\/www.losataos.org\/w\/wp-content\/uploads\/potencias2-300x225.jpg 300w\" sizes=\"(max-width: 640px) 100vw, 640px\" \/>\t\t\t\t\t\t\t\t\t\t\t\t\t\t\t<\/div>\n\t\t\t\t<\/div>\n\t\t\t\t<div class=\"elementor-element elementor-element-7891ade elementor-widget elementor-widget-text-editor\" data-id=\"7891ade\" data-element_type=\"widget\" data-e-type=\"widget\" data-widget_type=\"text-editor.default\">\n\t\t\t\t<div class=\"elementor-widget-container\">\n\t\t\t\t\t\t\t\t\t<div align=\"justify\">Poco sospech\u00e1bamos los Hermanos de Las Potencias del Alma- cuando a\u00fan est\u00e1bamos instalados en la Semana Santa del a\u00f1o 2004 en un estado generalizado de euforia por las felicitaciones y parabienes recibidos por la brillante celebraci\u00f3n el a\u00f1o anterior del CXXV aniversario de nuestra fundaci\u00f3n; efem\u00e9rides con la que conseguimos situar, en nuestra modesta opini\u00f3n, a esta se\u00f1era Corporaci\u00f3n en un lugar destacado de nuestra Semana Santa- que por avatares de la vida, justo un a\u00f1o despu\u00e9s, \u00edbamos a asistir a uno de los momentos m\u00e1s complicados y tristes que esta Corporaci\u00f3n ha soportado en su larga trayectoria.<\/div><div align=\"justify\">\u00a0<\/div><div align=\"justify\">El Jueves Santo del a\u00f1o 2004, ocho de Abril, se desarrollaba al igual que en el resto de Corporaciones, plet\u00f3rico de emociones y gratos momentos, cuando, finalizado un agradable almuerzo junto a nuestros invitados, muchos de ellos nuestros seres m\u00e1s queridos (padres, hijos, hermanos&#8230;), inesperadamente se derrumb\u00f3 un muro de la cocina y parte baja de la casa, produciendo da\u00f1os considerables en la estructura de nuestra Casa-Cuartel.<\/div><div align=\"justify\">\u00a0<\/div><div align=\"justify\">Se hace harto complicado describir el estado an\u00edmico que tan lamentable hecho provoc\u00f3 en los Hermanos de Las Potencias del Alma: de la perplejidad y miedo inicial, se fue pasando a la desesperaci\u00f3n y desaz\u00f3n m\u00e1s absoluta, pero poco a poco un halo de esperanza se fue abriendo entre el prometedor ramillete de Hermanos que componen esta Corporaci\u00f3n, al comprobar la respuesta inmediata que tuvimos por parte de much\u00edsimas Corporaciones que nos ofrecieron su m\u00e1s sincera colaboraci\u00f3n y su Casa-Cuartel.<\/div><div align=\"justify\">\u00a0<\/div><div align=\"justify\">En principio, por razones de cercan\u00eda y espacio aceptamos la gentil propuesta de la Corporaci\u00f3n B\u00edblica \u00abLos Ataos, Judas, Pedro y Pablo\u00bb de compartir junto a ellos lo que quedaba de Semana Santa. Creemos no equivocarnos si afirmamos que ninguna de las dos Corporaciones ten\u00edamos la m\u00e1s m\u00ednima sospecha de que ello conllevar\u00eda al estrechamiento de unos lazos de amistad y uni\u00f3n hasta unos l\u00edmites inimaginables.<\/div><div align=\"justify\">\u00a0<\/div><div align=\"justify\">En principio, por razones de cercan\u00eda y espacio aceptamos la gentil propuesta de la Corporaci\u00f3n B\u00edblica \u00abLos Ataos, Judas, Pedro y Pablo\u00bb de compartir junto a ellos lo que quedaba de Semana Santa. Creemos no equivocarnos si afirmamos que ninguna de las dos Corporaciones ten\u00edamos la m\u00e1s m\u00ednima sospecha de que ello conllevar\u00eda al estrechamiento de unos lazos de amistad y uni\u00f3n hasta unos l\u00edmites inimaginables.<\/div><div align=\"justify\">\u00a0<\/div><div align=\"justify\">La Corporaci\u00f3n de \u00abLos Ataos\u00bb puso, asimismo, a nuestra disposici\u00f3n su Casa-Cuartel para la celebraci\u00f3n de cuantas Juntas fueran necesarias hasta la reconstrucci\u00f3n de la nuestra, y no s\u00f3lo esto, sino que permitieron que mantuvi\u00e9ramos all\u00ed nuestras tradicionales partidas de Ronda y B\u00e1ciga de los martes que se convirtieron en improvisadas reuniones de seguimiento de nuestra obra, y a\u00fan m\u00e1s, que compartieran nuestros hijos, junto a los suyos, el anhelado D\u00eda de la Cruz.<\/div>\t\t\t\t\t\t\t\t<\/div>\n\t\t\t\t<\/div>\n\t\t\t\t\t<\/div>\n\t\t<\/div>\n\t\t\t\t\t<\/div>\n\t\t<\/section>\n\t\t\t\t<\/div>\n\t\t","protected":false},"excerpt":{"rendered":"<p>Poco sospech\u00e1bamos los Hermanos de Las Potencias del Alma- cuando a\u00fan est\u00e1bamos instalados en la Semana Santa del a\u00f1o 2004 en un estado generalizado de euforia por las felicitaciones y parabienes recibidos por la brillante celebraci\u00f3n el a\u00f1o anterior del CXXV aniversario de nuestra fundaci\u00f3n; efem\u00e9rides con la que conseguimos situar, en nuestra modesta opini\u00f3n,&hellip;&nbsp;<a href=\"https:\/\/www.losataos.org\/w\/homenaje-a-los-ataos\/\" rel=\"bookmark\">Leer m\u00e1s &raquo;<span class=\"screen-reader-text\">Homenaje a los Ataos<\/span><\/a><\/p>\n","protected":false},"author":2,"featured_media":0,"parent":0,"menu_order":0,"comment_status":"closed","ping_status":"closed","template":"","meta":{"neve_meta_sidebar":"","neve_meta_container":"","neve_meta_enable_content_width":"","neve_meta_content_width":0,"neve_meta_title_alignment":"","neve_meta_author_avatar":"","neve_post_elements_order":"","neve_meta_disable_header":"","neve_meta_disable_footer":"","neve_meta_disable_title":"","footnotes":""},"wf_page_folders":[17],"class_list":["post-746","page","type-page","status-publish","hentry"],"jetpack_sharing_enabled":true,"_links":{"self":[{"href":"https:\/\/www.losataos.org\/w\/wp-json\/wp\/v2\/pages\/746","targetHints":{"allow":["GET"]}}],"collection":[{"href":"https:\/\/www.losataos.org\/w\/wp-json\/wp\/v2\/pages"}],"about":[{"href":"https:\/\/www.losataos.org\/w\/wp-json\/wp\/v2\/types\/page"}],"author":[{"embeddable":true,"href":"https:\/\/www.losataos.org\/w\/wp-json\/wp\/v2\/users\/2"}],"replies":[{"embeddable":true,"href":"https:\/\/www.losataos.org\/w\/wp-json\/wp\/v2\/comments?post=746"}],"version-history":[{"count":11,"href":"https:\/\/www.losataos.org\/w\/wp-json\/wp\/v2\/pages\/746\/revisions"}],"predecessor-version":[{"id":3113,"href":"https:\/\/www.losataos.org\/w\/wp-json\/wp\/v2\/pages\/746\/revisions\/3113"}],"wp:attachment":[{"href":"https:\/\/www.losataos.org\/w\/wp-json\/wp\/v2\/media?parent=746"}],"wp:term":[{"taxonomy":"wf_page_folders","embeddable":true,"href":"https:\/\/www.losataos.org\/w\/wp-json\/wp\/v2\/wf_page_folders?post=746"}],"curies":[{"name":"wp","href":"https:\/\/api.w.org\/{rel}","templated":true}]}}