{"id":3289,"date":"2022-10-12T21:22:52","date_gmt":"2022-10-12T21:22:52","guid":{"rendered":"http:\/\/www.losataos.org\/w\/?page_id=3289"},"modified":"2025-03-03T23:33:38","modified_gmt":"2025-03-03T23:33:38","slug":"2022-domingo-noche-lunes-y-martes-santo","status":"publish","type":"page","link":"https:\/\/www.losataos.org\/w\/2022-domingo-noche-lunes-y-martes-santo\/","title":{"rendered":"2022 &#8211; Domingo Noche, Lunes y Martes Santo"},"content":{"rendered":"\t\t<div data-elementor-type=\"wp-page\" data-elementor-id=\"3289\" class=\"elementor elementor-3289\" data-elementor-post-type=\"page\">\n\t\t\t\t\t\t<section class=\"elementor-section elementor-top-section elementor-element elementor-element-22498b4 elementor-section-boxed elementor-section-height-default elementor-section-height-default\" data-id=\"22498b4\" data-element_type=\"section\" data-e-type=\"section\">\n\t\t\t\t\t\t<div class=\"elementor-container elementor-column-gap-default\">\n\t\t\t\t\t<div class=\"elementor-column elementor-col-100 elementor-top-column elementor-element elementor-element-431f69c\" data-id=\"431f69c\" data-element_type=\"column\" data-e-type=\"column\">\n\t\t\t<div class=\"elementor-widget-wrap elementor-element-populated\">\n\t\t\t\t\t\t<div class=\"elementor-element elementor-element-21ed101 elementor-widget elementor-widget-heading\" data-id=\"21ed101\" data-element_type=\"widget\" data-e-type=\"widget\" data-widget_type=\"heading.default\">\n\t\t\t\t<div class=\"elementor-widget-container\">\n\t\t\t\t\t<h2 class=\"elementor-heading-title elementor-size-default\">2022 - Domingo de Ramos noche, Lunes y Martes Santo.<\/h2>\t\t\t\t<\/div>\n\t\t\t\t<\/div>\n\t\t\t\t\t<\/div>\n\t\t<\/div>\n\t\t\t\t\t<\/div>\n\t\t<\/section>\n\t\t\t\t<section class=\"elementor-section elementor-top-section elementor-element elementor-element-d48d5ec elementor-section-boxed elementor-section-height-default elementor-section-height-default\" data-id=\"d48d5ec\" data-element_type=\"section\" data-e-type=\"section\">\n\t\t\t\t\t\t<div class=\"elementor-container elementor-column-gap-default\">\n\t\t\t\t\t<div class=\"elementor-column elementor-col-100 elementor-top-column elementor-element elementor-element-5e611ed\" data-id=\"5e611ed\" data-element_type=\"column\" data-e-type=\"column\">\n\t\t\t<div class=\"elementor-widget-wrap elementor-element-populated\">\n\t\t\t\t\t\t<div class=\"elementor-element elementor-element-4af46f0 elementor-widget-divider--view-line elementor-widget elementor-widget-divider\" data-id=\"4af46f0\" data-element_type=\"widget\" data-e-type=\"widget\" data-widget_type=\"divider.default\">\n\t\t\t\t<div class=\"elementor-widget-container\">\n\t\t\t\t\t\t\t<div class=\"elementor-divider\">\n\t\t\t<span class=\"elementor-divider-separator\">\n\t\t\t\t\t\t<\/span>\n\t\t<\/div>\n\t\t\t\t\t\t<\/div>\n\t\t\t\t<\/div>\n\t\t\t\t\t<\/div>\n\t\t<\/div>\n\t\t\t\t\t<\/div>\n\t\t<\/section>\n\t\t\t\t<section class=\"elementor-section elementor-top-section elementor-element elementor-element-75edf13 elementor-section-boxed elementor-section-height-default elementor-section-height-default\" data-id=\"75edf13\" data-element_type=\"section\" data-e-type=\"section\">\n\t\t\t\t\t\t<div class=\"elementor-container elementor-column-gap-default\">\n\t\t\t\t\t<div class=\"elementor-column elementor-col-100 elementor-top-column elementor-element elementor-element-6e1f5c8\" data-id=\"6e1f5c8\" data-element_type=\"column\" data-e-type=\"column\">\n\t\t\t<div class=\"elementor-widget-wrap elementor-element-populated\">\n\t\t\t\t\t\t<div class=\"elementor-element elementor-element-5904421 elementor-widget elementor-widget-image\" data-id=\"5904421\" data-element_type=\"widget\" data-e-type=\"widget\" data-widget_type=\"image.default\">\n\t\t\t\t<div class=\"elementor-widget-container\">\n\t\t\t\t\t\t\t\t\t\t\t\t\t\t\t<img fetchpriority=\"high\" decoding=\"async\" width=\"1024\" height=\"576\" src=\"https:\/\/www.losataos.org\/w\/wp-content\/uploads\/2025\/03\/santacena-1024x576.jpg\" class=\"attachment-large size-large wp-image-32279\" alt=\"\" srcset=\"https:\/\/www.losataos.org\/w\/wp-content\/uploads\/2025\/03\/santacena-1024x576.jpg 1024w, https:\/\/www.losataos.org\/w\/wp-content\/uploads\/2025\/03\/santacena-300x169.jpg 300w, https:\/\/www.losataos.org\/w\/wp-content\/uploads\/2025\/03\/santacena-768x432.jpg 768w, https:\/\/www.losataos.org\/w\/wp-content\/uploads\/2025\/03\/santacena.jpg 1280w\" sizes=\"(max-width: 1024px) 100vw, 1024px\" \/>\t\t\t\t\t\t\t\t\t\t\t\t\t\t\t<\/div>\n\t\t\t\t<\/div>\n\t\t\t\t\t<\/div>\n\t\t<\/div>\n\t\t\t\t\t<\/div>\n\t\t<\/section>\n\t\t\t\t<section class=\"elementor-section elementor-top-section elementor-element elementor-element-45af5b5 elementor-section-boxed elementor-section-height-default elementor-section-height-default\" data-id=\"45af5b5\" data-element_type=\"section\" data-e-type=\"section\">\n\t\t\t\t\t\t<div class=\"elementor-container elementor-column-gap-default\">\n\t\t\t\t\t<div class=\"elementor-column elementor-col-100 elementor-top-column elementor-element elementor-element-42ce85d\" data-id=\"42ce85d\" data-element_type=\"column\" data-e-type=\"column\">\n\t\t\t<div class=\"elementor-widget-wrap elementor-element-populated\">\n\t\t\t\t\t\t<div class=\"elementor-element elementor-element-8950ac8 elementor-widget-divider--view-line elementor-widget elementor-widget-divider\" data-id=\"8950ac8\" data-element_type=\"widget\" data-e-type=\"widget\" data-widget_type=\"divider.default\">\n\t\t\t\t<div class=\"elementor-widget-container\">\n\t\t\t\t\t\t\t<div class=\"elementor-divider\">\n\t\t\t<span class=\"elementor-divider-separator\">\n\t\t\t\t\t\t<\/span>\n\t\t<\/div>\n\t\t\t\t\t\t<\/div>\n\t\t\t\t<\/div>\n\t\t\t\t\t<\/div>\n\t\t<\/div>\n\t\t\t\t\t<\/div>\n\t\t<\/section>\n\t\t\t\t<section class=\"elementor-section elementor-top-section elementor-element elementor-element-c190a6f elementor-section-boxed elementor-section-height-default elementor-section-height-default\" data-id=\"c190a6f\" data-element_type=\"section\" data-e-type=\"section\">\n\t\t\t\t\t\t<div class=\"elementor-container elementor-column-gap-default\">\n\t\t\t\t\t<div class=\"elementor-column elementor-col-100 elementor-top-column elementor-element elementor-element-f0d597d\" data-id=\"f0d597d\" data-element_type=\"column\" data-e-type=\"column\">\n\t\t\t<div class=\"elementor-widget-wrap elementor-element-populated\">\n\t\t\t\t\t\t<div class=\"elementor-element elementor-element-2fcc014 elementor-widget elementor-widget-heading\" data-id=\"2fcc014\" data-element_type=\"widget\" data-e-type=\"widget\" data-widget_type=\"heading.default\">\n\t\t\t\t<div class=\"elementor-widget-container\">\n\t\t\t\t\t<h3 class=\"elementor-heading-title elementor-size-default\">Cr\u00f3nica del Archivero<\/h3>\t\t\t\t<\/div>\n\t\t\t\t<\/div>\n\t\t\t\t\t<\/div>\n\t\t<\/div>\n\t\t\t\t\t<\/div>\n\t\t<\/section>\n\t\t\t\t<section class=\"elementor-section elementor-top-section elementor-element elementor-element-6f7bfcc elementor-section-boxed elementor-section-height-default elementor-section-height-default\" data-id=\"6f7bfcc\" data-element_type=\"section\" data-e-type=\"section\">\n\t\t\t\t\t\t<div class=\"elementor-container elementor-column-gap-default\">\n\t\t\t\t\t<div class=\"elementor-column elementor-col-100 elementor-top-column elementor-element elementor-element-deaeb96\" data-id=\"deaeb96\" data-element_type=\"column\" data-e-type=\"column\">\n\t\t\t<div class=\"elementor-widget-wrap elementor-element-populated\">\n\t\t\t\t\t\t<div class=\"elementor-element elementor-element-99c0331 elementor-widget elementor-widget-accordion\" data-id=\"99c0331\" data-element_type=\"widget\" data-e-type=\"widget\" data-widget_type=\"accordion.default\">\n\t\t\t\t<div class=\"elementor-widget-container\">\n\t\t\t\t\t\t\t<div class=\"elementor-accordion\">\n\t\t\t\t\t\t\t<div class=\"elementor-accordion-item\">\n\t\t\t\t\t<h4 id=\"elementor-tab-title-1611\" class=\"elementor-tab-title\" data-tab=\"1\" role=\"button\" aria-controls=\"elementor-tab-content-1611\" aria-expanded=\"false\">\n\t\t\t\t\t\t\t\t\t\t\t\t\t<span class=\"elementor-accordion-icon elementor-accordion-icon-left\" aria-hidden=\"true\">\n\t\t\t\t\t\t\t\t\t\t\t\t\t\t\t<span class=\"elementor-accordion-icon-closed\"><i class=\"fas fa-chevron-down\"><\/i><\/span>\n\t\t\t\t\t\t\t\t<span class=\"elementor-accordion-icon-opened\"><i class=\"fas fa-pen-alt\"><\/i><\/span>\n\t\t\t\t\t\t\t\t\t\t\t\t\t\t<\/span>\n\t\t\t\t\t\t\t\t\t\t\t\t<a class=\"elementor-accordion-title\" tabindex=\"0\">Cronicas Domingo, Lunes y Martes Santo.<\/a>\n\t\t\t\t\t<\/h4>\n\t\t\t\t\t<div id=\"elementor-tab-content-1611\" class=\"elementor-tab-content elementor-clearfix\" data-tab=\"1\" role=\"region\" aria-labelledby=\"elementor-tab-title-1611\"><div><p><strong>DOMNGO DE RAMOS<\/strong><\/p><p><strong>ULTIMA SUBIDA AL CALVARIO \u2013 2022<\/strong><\/p><p>Despu\u00e9s de la magn\u00edfica ma\u00f1ana-tarde del Domingo de Ramos y habiendo disfrutado del evento organizado por la corporaci\u00f3n, en el cuartel de las Cien Luces para la comida con nuestras mujeres y entrega de medallas, los Ataos nos dispusimos de nuevo a cumplir con el \u00faltimo objetivo de nuestra Cuaresma que no era otro , que el de subir al Santuario de nuestro Patr\u00f3n, a reunirnos a sus plantas y finiquitar las subidas cuaresmales, esta vez sin invitados y desfilando los hermanos por orden de antig\u00fcedad; invitando a los m\u00e1s veteranos a portar nuestro gallo y las bengalas que nos preceden.<\/p><p>Con una subida ordenada y jaleada por cientos de pontanos, los ataos alcanzamos nuestra \u00faltima ofrenda de esta cuaresma, los hermanos, algunos cansados de la jornada estival, disfrutaban de nuestro desfile, algunos pensando en la jornada laboral del pr\u00f3ximo d\u00eda lunes.<\/p><p>A\u00fan as\u00ed, se pudo completar tanto la subida en la que compartimos un a\u00f1o m\u00e1s \u201cEl Gloria al muerto \u201c con nuestra corporaci\u00f3n hermana del IMPERIO ROMANO, la cual result\u00f3 doblemente emotiva por el tiempo en que no hemos podido vivirla.<\/p><p>Conjuntamente, la bandera y el gallo se volvieron a unir una vez m\u00e1s como s\u00edmbolo de hermandad.<\/p><p>La bajada por la calle Aguiar hasta el Santuario de la Concepci\u00f3n, jalonada por un inmenso gent\u00edo, result\u00f3 sencilla y muy emotiva, haciendo la parada ante nuestra madre de la Gu\u00eda, dedic\u00e1ndole \u201cLas Alondras\u201d y un sinf\u00edn de cuarteleras regadas por el buen vino que nuestro alpatana nos regalaba.<\/p><p>Se disfrut\u00f3 sobremanera en calle D. Gonzalo, donde entramos con marchas lentas, y pudimos deleitarnos de los acordes de nuestros hermanos m\u00fasicos, que una vez m\u00e1s, nos elevaron al cielo con su buen hacer.<\/p><p>Ya en el cuartel y ante la franja horaria alcanzada, muchos hermanos se tuvieron que retirar a sus domicilios para poder afrontar con garant\u00edas su jornada laboral, por lo que se entreg\u00f3 la \u00faltima pata con rapidez. El hermano presidente, invit\u00f3 a que quitara a \u00faltima pata el hermano Francisco J. Amador P\u00e9rez, quien orgulloso y henchido de amor hacia su corporaci\u00f3n nos regalo unas preciosas palabras y su eterno agradecimiento.<\/p><p>El domingo acababa y nuestros hermanos m\u00fasicos tocaron por \u00faltima vez en cuaresma nuestro himno \u201cBarrabas\u201d, en honor a Francisco. Desfilando los presentes<\/p><p>junto a \u00e9l y as\u00ed acab\u00f3 la noche que para los que pudieron\u2026. tambi\u00e9n fue larga.<\/p><p>\u00a1Viva los Ataos!.<\/p><p><strong>LUNES SANTO 2022<\/strong><\/p><p>Siendo d\u00eda laborable, se dedic\u00f3 en la corporaci\u00f3n a terminar de poner en orden el ropero y os \u201cHierros\u201d de nuestra escuadra romana, por parte de los hermanos encargados (Miguelillo y Ant\u00f3n), apoyados por los hermanos que pudimos asistir y de paso degustar unas copas y cervecitas de rigor y comentar la \u00faltima y larga jornada que celebramos ayer Domingo de Ramos.<\/p><p>Al final fuimos casi una docena de ataos los que pudimos echar un magnifico rato de hermandad y cari\u00f1o, emplaz\u00e1ndonos todos a vernos durante la procesi\u00f3n del Lunes Santo.<\/p><p><strong>MARTES SANTO 2022<\/strong><\/p><p>El Martes Santo al no tener la celebraci\u00f3n de la comida con nuestras se\u00f1oras, se organiz\u00f3 un almuerzo voluntario para echar un buen rato de hermandad dirigido por Manolo Garc\u00eda, que una vez m\u00e1s nos deleito con sus formas y estilo en la cocina, disfrutando todos los presentes de unas tapas y uno s platos sencillos pero muy celebrados.<\/p><p>El ambiente subi\u00f3 muchos enteros en el transcurso de este d\u00eda, lo que no acompa\u00f1o fue el tiempo que a la postre impidi\u00f3 ver las procesiones del Martes Santo y a nuestros hermanos que acompa\u00f1an o portan las im\u00e1genes de este bonito d\u00eda. Una buena tarde, \u2026. Para repetir.<\/p><p>\u00a1Viva los Ataos! &#8211;<\/p><p><strong>\u00a0<\/strong><strong>Francisco Jose Membiela<\/strong><\/p><p><strong>Cronista de la Corporaci\u00f3n.<\/strong><\/p><\/div><div>\u00a0<\/div><div>\u00a0<\/div><\/div>\n\t\t\t\t<\/div>\n\t\t\t\t\t\t\t\t<\/div>\n\t\t\t\t\t\t<\/div>\n\t\t\t\t<\/div>\n\t\t\t\t\t<\/div>\n\t\t<\/div>\n\t\t\t\t\t<\/div>\n\t\t<\/section>\n\t\t\t\t<section class=\"elementor-section elementor-top-section elementor-element elementor-element-de57e40 elementor-section-boxed elementor-section-height-default elementor-section-height-default\" data-id=\"de57e40\" data-element_type=\"section\" data-e-type=\"section\">\n\t\t\t\t\t\t<div class=\"elementor-container elementor-column-gap-default\">\n\t\t\t\t\t<div class=\"elementor-column elementor-col-100 elementor-top-column elementor-element elementor-element-cfaebae\" data-id=\"cfaebae\" data-element_type=\"column\" data-e-type=\"column\">\n\t\t\t<div class=\"elementor-widget-wrap elementor-element-populated\">\n\t\t\t\t\t\t<div class=\"elementor-element elementor-element-90b6d48 elementor-widget-divider--view-line elementor-widget elementor-widget-divider\" data-id=\"90b6d48\" data-element_type=\"widget\" data-e-type=\"widget\" data-widget_type=\"divider.default\">\n\t\t\t\t<div class=\"elementor-widget-container\">\n\t\t\t\t\t\t\t<div class=\"elementor-divider\">\n\t\t\t<span class=\"elementor-divider-separator\">\n\t\t\t\t\t\t<\/span>\n\t\t<\/div>\n\t\t\t\t\t\t<\/div>\n\t\t\t\t<\/div>\n\t\t\t\t\t<\/div>\n\t\t<\/div>\n\t\t\t\t\t<\/div>\n\t\t<\/section>\n\t\t\t\t<\/div>\n\t\t","protected":false},"excerpt":{"rendered":"<p>2022 &#8211; Domingo de Ramos noche, Lunes y Martes Santo. Cr\u00f3nica del Archivero Cronicas Domingo, Lunes y Martes Santo. DOMNGO DE RAMOS ULTIMA SUBIDA AL CALVARIO \u2013 2022 Despu\u00e9s de la magn\u00edfica ma\u00f1ana-tarde del Domingo de Ramos y habiendo disfrutado del evento organizado por la corporaci\u00f3n, en el cuartel de las Cien Luces para la&hellip;&nbsp;<a href=\"https:\/\/www.losataos.org\/w\/2022-domingo-noche-lunes-y-martes-santo\/\" rel=\"bookmark\">Leer m\u00e1s &raquo;<span class=\"screen-reader-text\">2022 &#8211; Domingo Noche, Lunes y Martes Santo<\/span><\/a><\/p>\n","protected":false},"author":2,"featured_media":0,"parent":0,"menu_order":0,"comment_status":"closed","ping_status":"closed","template":"","meta":{"neve_meta_sidebar":"","neve_meta_container":"","neve_meta_enable_content_width":"","neve_meta_content_width":0,"neve_meta_title_alignment":"","neve_meta_author_avatar":"","neve_post_elements_order":"","neve_meta_disable_header":"","neve_meta_disable_footer":"","neve_meta_disable_title":"","footnotes":""},"wf_page_folders":[35],"class_list":["post-3289","page","type-page","status-publish","hentry"],"jetpack_sharing_enabled":true,"_links":{"self":[{"href":"https:\/\/www.losataos.org\/w\/wp-json\/wp\/v2\/pages\/3289","targetHints":{"allow":["GET"]}}],"collection":[{"href":"https:\/\/www.losataos.org\/w\/wp-json\/wp\/v2\/pages"}],"about":[{"href":"https:\/\/www.losataos.org\/w\/wp-json\/wp\/v2\/types\/page"}],"author":[{"embeddable":true,"href":"https:\/\/www.losataos.org\/w\/wp-json\/wp\/v2\/users\/2"}],"replies":[{"embeddable":true,"href":"https:\/\/www.losataos.org\/w\/wp-json\/wp\/v2\/comments?post=3289"}],"version-history":[{"count":7,"href":"https:\/\/www.losataos.org\/w\/wp-json\/wp\/v2\/pages\/3289\/revisions"}],"predecessor-version":[{"id":32282,"href":"https:\/\/www.losataos.org\/w\/wp-json\/wp\/v2\/pages\/3289\/revisions\/32282"}],"wp:attachment":[{"href":"https:\/\/www.losataos.org\/w\/wp-json\/wp\/v2\/media?parent=3289"}],"wp:term":[{"taxonomy":"wf_page_folders","embeddable":true,"href":"https:\/\/www.losataos.org\/w\/wp-json\/wp\/v2\/wf_page_folders?post=3289"}],"curies":[{"name":"wp","href":"https:\/\/api.w.org\/{rel}","templated":true}]}}