{"id":2789,"date":"2021-11-07T12:06:57","date_gmt":"2021-11-07T12:06:57","guid":{"rendered":"http:\/\/www.losataos.org\/w\/?page_id=2789"},"modified":"2025-02-24T20:45:07","modified_gmt":"2025-02-24T20:45:07","slug":"directiva-2022-2023","status":"publish","type":"page","link":"https:\/\/www.losataos.org\/w\/directiva-2022-2023\/","title":{"rendered":"Directiva 2021-2022"},"content":{"rendered":"<div id=\"wppb-builder-container\" class=\"wppb-builder-container\">                <div  class=\"wppb-row-parent  wppb-row-1636221199284 \"  >\n\t\t\t\t\t\n\t\t\t\t\t\t\t\t\t\t\n\t\t\t\t\t\t\t\t\t\t\n\t\t\t\t\t<div class=\"wppb-container \">\n\t\t\t\t\t\t\t\t\t\t\t\t\t\n                        <div class=\"wppb-row\">\n\t\t\t\t\t\t\t                                    <div  class=\"wppb-column-parent wppb-column-parent-view wppb-col-1636221199281  \"  >\n                                        <div class=\"wppb-column\">\n\t\t\t\t\t\n\t\t\t\t\t\t\t\t\t\t\t\n                                            <div class=\"wppb-builder-addons\">\n\t\t\t\t\t\t\t\t\t\t\t\t                                            <\/div>\n                                        <\/div>\n                                    <\/div>\n\t\t\t\t\t\t\t\t\t                                    <div  class=\"wppb-column-parent wppb-column-parent-view wppb-col-1636221199282  \"  >\n                                        <div class=\"wppb-column\">\n\t\t\t\t\t\n\t\t\t\t\t\t\t\t\t\t\t\n                                            <div class=\"wppb-builder-addons\">\n\t\t\t\t\t\t\t\t\t\t\t\t<div class='wppb-builder-addon wppb-addon-1636221234695'  data-addon-id='1636221234695'><div class='wppb-addon'><div class=\"wppb-image-addon\"><figure class=\"wppb-image-addon-content-wrap\"><div class=\"wppb-image-addon-content wppb-imginlineblock\"><img decoding=\"async\" class=\"wppb-image-addon-img\" src=\"http:\/\/www.losataos.org\/w\/wp-content\/uploads\/directiva1.jpg\" alt=\"Image\"><\/div><\/figure><\/div><\/div><\/div>                                            <\/div>\n                                        <\/div>\n                                    <\/div>\n\t\t\t\t\t\t\t\t\t                                    <div  class=\"wppb-column-parent wppb-column-parent-view wppb-col-1636221199283  \"  >\n                                        <div class=\"wppb-column\">\n\t\t\t\t\t\n\t\t\t\t\t\t\t\t\t\t\t\n                                            <div class=\"wppb-builder-addons\">\n\t\t\t\t\t\t\t\t\t\t\t\t                                            <\/div>\n                                        <\/div>\n                                    <\/div>\n\t\t\t\t\t\t\t\t\t                        <\/div>\n\n                    <\/div>\n                <\/div>\n\t\t\t\t                <div  class=\"wppb-row-parent  wppb-row-1636221199298 \"  >\n\t\t\t\t\t\n\t\t\t\t\t\t\t\t\t\t\n\t\t\t\t\t\t\t\t\t\t\n\t\t\t\t\t<div class=\"wppb-container \">\n\t\t\t\t\t\t\t\t\t\t\t\t\t\n                        <div class=\"wppb-row\">\n\t\t\t\t\t\t\t                                    <div  class=\"wppb-column-parent wppb-column-parent-view wppb-col-1636221199295  \"  >\n                                        <div class=\"wppb-column\">\n\t\t\t\t\t\n\t\t\t\t\t\t\t\t\t\t\t\n                                            <div class=\"wppb-builder-addons\">\n\t\t\t\t\t\t\t\t\t\t\t\t                                            <\/div>\n                                        <\/div>\n                                    <\/div>\n\t\t\t\t\t\t\t\t\t                                    <div  class=\"wppb-column-parent wppb-column-parent-view wppb-col-1636221199296  \"  >\n                                        <div class=\"wppb-column\">\n\t\t\t\t\t\n\t\t\t\t\t\t\t\t\t\t\t\n                                            <div class=\"wppb-builder-addons\">\n\t\t\t\t\t\t\t\t\t\t\t\t<div class='wppb-builder-addon wppb-addon-1636221330949'  data-addon-id='1636221330949'><div class='wppb-addon'><div class=\"wppb-text-block-addon\"><div class=\"wppb-text-block-content 0\"><table width=\"500\">\n<tbody>\n<tr>\n<td width=\"245\">\n<p><strong>Presidente<\/strong><\/p>\n<\/td>\n<td width=\"255\">\n<p><strong>Jos\u00e9 G\u00f3mez L\u00f3pez<\/strong><\/p>\n<\/td>\n<\/tr>\n<tr>\n<td width=\"245\">\n<p><strong>Vice-Presidente<\/strong><\/p>\n<\/td>\n<td width=\"255\">\n<p><strong>Ra\u00fal Fern\u00e1ndez Cosano<\/strong><\/p>\n<\/td>\n<\/tr>\n<tr>\n<td width=\"245\">\n<p><strong>Secretario<\/strong><\/p>\n<\/td>\n<td width=\"255\">\n<p><strong>Jos\u00e9 Amador Beltr\u00e1n<\/strong><\/p>\n<\/td>\n<\/tr>\n<tr>\n<td width=\"245\">\n<p><strong>Tesorero<\/strong><\/p>\n<\/td>\n<td width=\"255\">\n<p><strong>Jaime Rodas Luque<\/strong><\/p>\n<\/td>\n<\/tr>\n<tr>\n<td width=\"245\">\n<p><strong>Vice-Tesorero<\/strong><\/p>\n<\/td>\n<td width=\"255\">\n<p><strong>Antonio A. Moreno Salamanca<\/strong><\/p>\n<\/td>\n<\/tr>\n<tr>\n<td width=\"245\">\n<p><strong>Cocina<\/strong><\/p>\n<\/td>\n<td width=\"255\">\n<p><strong>Manuel G\u00e1lvez Ruiz<\/strong><\/p>\n<\/td>\n<\/tr>\n<tr>\n<td width=\"245\">\n<p><strong>Cocina<\/strong><\/p>\n<\/td>\n<td width=\"255\">\n<p><strong>Antonio Gama Delgado<\/strong><\/p>\n<\/td>\n<\/tr>\n<tr>\n<td width=\"245\">\n<p><strong>Cocina<\/strong><\/p>\n<\/td>\n<td width=\"255\">\n<p><strong>Eduardo Cosano Costa<\/strong><\/p>\n<\/td>\n<\/tr>\n<tr>\n<td width=\"245\">\n<p><strong>Despensa<\/strong><\/p>\n<\/td>\n<td width=\"255\">\n<p><strong>Antonio Jes\u00fas Hurtado Borrego<\/strong><\/p>\n<\/td>\n<\/tr>\n<tr>\n<td width=\"245\">\n<p><strong>Despensa<\/strong><\/p>\n<\/td>\n<td width=\"255\">\n<p><strong>Miguel Angel Moreno Luna<\/strong><\/p>\n<\/td>\n<\/tr>\n<tr>\n<td width=\"245\">\n<p><strong>Despensa<\/strong><\/p>\n<\/td>\n<td width=\"255\">\n<p><strong>Antonio Morillo Rivero<\/strong><\/p>\n<\/td>\n<\/tr>\n<tr>\n<td width=\"245\">\n<p><strong>Ropas<\/strong><\/p>\n<\/td>\n<td width=\"255\">\n<p><strong>Miguel \u00c1ngel Morales Palos<\/strong><\/p>\n<\/td>\n<\/tr>\n<tr>\n<td width=\"245\">\n<p><strong>Ropas<\/strong><\/p>\n<\/td>\n<td width=\"255\">\n<p><strong>Antonio P\u00e9rez Aguilar<\/strong><\/p>\n<\/td>\n<\/tr>\n<tr>\n<td width=\"245\">\n<p><strong>Ropas<\/strong><\/p>\n<\/td>\n<td width=\"255\">\n<p><strong>Antonio Jes\u00fas G\u00e1lvez Rodr\u00edguez<\/strong><\/p>\n<\/td>\n<\/tr>\n<tr>\n<td width=\"245\">\n<p><strong>Art\u00edstica<\/strong><\/p>\n<\/td>\n<td width=\"255\">\n<p><strong>Manuel Javier Cano Jimenez<\/strong><\/p>\n<\/td>\n<\/tr>\n<tr>\n<td width=\"245\">\n<p><strong>Art\u00edstica<\/strong><\/p>\n<\/td>\n<td width=\"255\">\n<p><strong>Francisco Avil\u00e9s Baena<\/strong><\/p>\n<\/td>\n<\/tr>\n<tr>\n<td width=\"245\">\n<p><strong>Mantenimiento del Cuartel<\/strong><\/p>\n<\/td>\n<td width=\"255\">\n<p><strong>Manuel Cano Ruiz<\/strong><\/p>\n<\/td>\n<\/tr>\n<tr>\n<td width=\"245\">\n<p><strong>Relaciones Institucionales<\/strong><\/p>\n<\/td>\n<td width=\"255\">\n<p><strong>Salvador Gonz\u00e1lez G\u00e1lvez<\/strong><\/p>\n<\/td>\n<\/tr>\n<tr>\n<td width=\"245\">\n<p><strong>Archivero Consultor<\/strong><\/p>\n<\/td>\n<td width=\"255\">\n<p><strong>Francisco j. Membiela Prieto<\/strong><\/p>\n<\/td>\n<\/tr>\n<tr>\n<td width=\"245\">\n<p><strong>Documentaci\u00f3n Digital y Redes<\/strong><\/p>\n<\/td>\n<td width=\"255\">\n<p><strong>Jorge Ram\u00edrez Tenllado<\/strong><\/p>\n<\/td>\n<\/tr>\n<tr>\n<td width=\"245\">\n<p><strong>Documentaci\u00f3n Digital y Redes<\/strong><\/p>\n<\/td>\n<td width=\"255\">\n<p><strong>Jos\u00e9 S\u00e1nchez Parra<\/strong><\/p>\n<\/td>\n<\/tr>\n<tr>\n<td width=\"245\">\n<p><strong>Consejo asesor presidente (Decano)<\/strong><\/p>\n<\/td>\n<td width=\"255\">\n<p><strong>Manuel G\u00e1lvez Silva<\/strong><\/p>\n<\/td>\n<\/tr>\n<tr>\n<td width=\"245\">\n<p><strong>Consejo asesor presidente<\/strong><\/p>\n<\/td>\n<td width=\"255\">\n<p><strong>Emilio Jes\u00fas Palos Rodr\u00edguez<\/strong><\/p>\n<\/td>\n<\/tr>\n<tr>\n<td width=\"245\">\n<p><strong>Consejo asesor presidente<\/strong><\/p>\n<\/td>\n<td width=\"255\">\n<p><strong>Manuel Garc\u00eda Garc\u00eda<\/strong><\/p>\n<\/td>\n<\/tr>\n<tr>\n<td width=\"245\">\n<p><strong>Consejo asesor presidente<\/strong><\/p>\n<\/td>\n<td width=\"255\">\n<p><strong>Rafael \u00c1ngel Ruiz Romero<\/strong><\/p>\n<\/td>\n<\/tr>\n<tr>\n<td width=\"245\">\n<p><strong>Consejo asesor presidente<\/strong><\/p>\n<\/td>\n<td width=\"255\">\n<p><strong>Jos\u00e9 Palos Aguilar<\/strong><\/p>\n<\/td>\n<\/tr>\n<tr>\n<td width=\"245\">\n<p><strong>Asesor presidente Grupo M\u00fasica<\/strong><\/p>\n<\/td>\n<td width=\"255\">\n<p><strong>Miguel Trigos Delgado<\/strong><\/p>\n<\/td>\n<\/tr>\n<tr>\n<td width=\"245\">\n<p><strong>Director Grupo de M\u00fasica<\/strong><\/p>\n<\/td>\n<td width=\"255\">\n<p><strong>Eduardo L\u00f3pez Gil<\/strong><\/p>\n<\/td>\n<\/tr>\n<\/tbody>\n<\/table><\/div><\/div><\/div><\/div>                                            <\/div>\n                                        <\/div>\n                                    <\/div>\n\t\t\t\t\t\t\t\t\t                                    <div  class=\"wppb-column-parent wppb-column-parent-view wppb-col-1636221199297  \"  >\n                                        <div class=\"wppb-column\">\n\t\t\t\t\t\n\t\t\t\t\t\t\t\t\t\t\t\n                                            <div class=\"wppb-builder-addons\">\n\t\t\t\t\t\t\t\t\t\t\t\t                                            <\/div>\n                                        <\/div>\n                                    <\/div>\n\t\t\t\t\t\t\t\t\t                        <\/div>\n\n                    <\/div>\n                <\/div>\n\t\t\t\t<\/div>","protected":false},"excerpt":{"rendered":"<p>Presidente Jos\u00e9 G\u00f3mez L\u00f3pez Vice-Presidente Ra\u00fal Fern\u00e1ndez Cosano Secretario Jos\u00e9 Amador Beltr\u00e1n Tesorero Jaime Rodas Luque Vice-Tesorero Antonio A. Moreno Salamanca Cocina Manuel G\u00e1lvez Ruiz Cocina Antonio Gama Delgado Cocina Eduardo Cosano Costa Despensa Antonio Jes\u00fas Hurtado Borrego Despensa Miguel Angel Moreno Luna Despensa Antonio Morillo Rivero Ropas Miguel \u00c1ngel Morales Palos Ropas Antonio P\u00e9rez&hellip;&nbsp;<a href=\"https:\/\/www.losataos.org\/w\/directiva-2022-2023\/\" rel=\"bookmark\">Leer m\u00e1s &raquo;<span class=\"screen-reader-text\">Directiva 2021-2022<\/span><\/a><\/p>\n","protected":false},"author":2,"featured_media":0,"parent":0,"menu_order":0,"comment_status":"closed","ping_status":"closed","template":"","meta":{"neve_meta_sidebar":"","neve_meta_container":"","neve_meta_enable_content_width":"","neve_meta_content_width":0,"neve_meta_title_alignment":"","neve_meta_author_avatar":"","neve_post_elements_order":"","neve_meta_disable_header":"","neve_meta_disable_footer":"","neve_meta_disable_title":"","footnotes":""},"wf_page_folders":[14],"class_list":["post-2789","page","type-page","status-publish","hentry"],"jetpack_sharing_enabled":true,"_links":{"self":[{"href":"https:\/\/www.losataos.org\/w\/wp-json\/wp\/v2\/pages\/2789","targetHints":{"allow":["GET"]}}],"collection":[{"href":"https:\/\/www.losataos.org\/w\/wp-json\/wp\/v2\/pages"}],"about":[{"href":"https:\/\/www.losataos.org\/w\/wp-json\/wp\/v2\/types\/page"}],"author":[{"embeddable":true,"href":"https:\/\/www.losataos.org\/w\/wp-json\/wp\/v2\/users\/2"}],"replies":[{"embeddable":true,"href":"https:\/\/www.losataos.org\/w\/wp-json\/wp\/v2\/comments?post=2789"}],"version-history":[{"count":4,"href":"https:\/\/www.losataos.org\/w\/wp-json\/wp\/v2\/pages\/2789\/revisions"}],"predecessor-version":[{"id":32115,"href":"https:\/\/www.losataos.org\/w\/wp-json\/wp\/v2\/pages\/2789\/revisions\/32115"}],"wp:attachment":[{"href":"https:\/\/www.losataos.org\/w\/wp-json\/wp\/v2\/media?parent=2789"}],"wp:term":[{"taxonomy":"wf_page_folders","embeddable":true,"href":"https:\/\/www.losataos.org\/w\/wp-json\/wp\/v2\/wf_page_folders?post=2789"}],"curies":[{"name":"wp","href":"https:\/\/api.w.org\/{rel}","templated":true}]}}