{"id":2559,"date":"2021-08-16T23:47:52","date_gmt":"2021-08-16T23:47:52","guid":{"rendered":"http:\/\/www.losataos.org\/w\/?page_id=2559"},"modified":"2021-08-16T23:47:55","modified_gmt":"2021-08-16T23:47:55","slug":"2559-2","status":"publish","type":"page","link":"https:\/\/www.losataos.org\/w\/2559-2\/","title":{"rendered":"<!--S\u00e1bado Santo-->"},"content":{"rendered":"<div id=\"wppb-builder-container\" class=\"wppb-builder-container\">                <div  class=\"wppb-row-parent \"  >\n\t\t\t\t\t\n\t\t\t\t\t\t\t\t\t\t\n\t\t\t\t\t\t\t\t\t\t\n\t\t\t\t\t<div class=\"wppb-container  wppb-row-1628948431498  wppb-container-row-default\">\n\t\t\t\t\t\t\t\t\t\t\t\t\t\n                        <div class=\"wppb-row\">\n\t\t\t\t\t\t\t                                    <div  class=\"wppb-column-parent wppb-column-parent-view wppb-col-1628948431499  \"  >\n                                        <div class=\"wppb-column\">\n\t\t\t\t\t\n\t\t\t\t\t\t\t\t\t\t\t\n                                            <div class=\"wppb-builder-addons\">\n\t\t\t\t\t\t\t\t\t\t\t\t<div class='wppb-builder-addon wppb-addon-1628948431500'  data-addon-id='1628948431500'><div class='wppb-addon'><div class=\"wppb-feature-box-addon\"><div class=\"wppb-feature-box-content\"><div class=\"feature-box-left\"><div class=\"feature-box-left-media\"><\/div><div class=\"feature-box-left-body\"><h1 class=\"wppb-feature-box-title\">S\u00e1bado Santo<\/h1><h4 class=\"wppb-feature-box-subtitle\">Dia de luto<\/h4><div class=\"wppb-feature-box-intro\">Comida al mediod\u00eda, la mayor\u00eda con traje, c\u00f3mo se\u00f1al de luto y respeto a este d\u00eda a excepci\u00f3n, normalmente, de los que tienen vestida de figura, hasta la salida de las figuras hasta el Romeral, donde se unen al desfile del Santo Sepulcro. Nuestras figuras, son de las pocas corporaciones que desfilan en Puente Genil este d\u00eda. Decir que este d\u00eda se procesionan los cuatro romanos con la t\u00fanica de Jes\u00fas, y una gran multitud de ni\u00f1os, echan monedas a la misma. Hemos de recordar siempre a nuestro hermano Antonio G\u00e1lvez, que siempre que ha podido se ha vestido de oficial de la escuadra de romanos.\n<\/div><\/div><\/div><\/div><\/div><\/div><\/div>                                            <\/div>\n                                        <\/div>\n                                    <\/div>\n\t\t\t\t\t\t\t\t\t                                    <div  class=\"wppb-column-parent wppb-column-parent-view wppb-col-1628948431501  \"  >\n                                        <div class=\"wppb-column\">\n\t\t\t\t\t\n\t\t\t\t\t\t\t\t\t\t\t\n                                            <div class=\"wppb-builder-addons\">\n\t\t\t\t\t\t\t\t\t\t\t\t                                            <\/div>\n                                        <\/div>\n                                    <\/div>\n\t\t\t\t\t\t\t\t\t                        <\/div>\n\n                    <\/div>\n                <\/div>\n\t\t\t\t                <div  class=\"wppb-row-parent  wppb-row-1628948432793 \"  >\n\t\t\t\t\t\n\t\t\t\t\t\t\t\t\t\t\n\t\t\t\t\t\t\t\t\t\t\n\t\t\t\t\t<div class=\"wppb-container \">\n\t\t\t\t\t\t\t\t\t\t\t\t\t\n                        <div class=\"wppb-row\">\n\t\t\t\t\t\t\t                                    <div  class=\"wppb-column-parent wppb-column-parent-view wppb-col-1628948432791  \"  >\n                                        <div class=\"wppb-column\">\n\t\t\t\t\t\n\t\t\t\t\t\t\t\t\t\t\t\n                                            <div class=\"wppb-builder-addons\">\n\t\t\t\t\t\t\t\t\t\t\t\t<div class='wppb-builder-addon wppb-addon-1628949605897'  data-addon-id='1628949605897'><div class='wppb-addon'><div class=\"wppb-image-addon\"><figure class=\"wppb-image-addon-content-wrap\"><div class=\"wppb-image-addon-content wppb-imginlineblock\"><img decoding=\"async\" class=\"wppb-image-addon-img\" src=\"http:\/\/www.losataos.org\/w\/wp-content\/uploads\/1.jpg\" alt=\"Image\"><\/div><figcaption class=\"wppb-addon-image-caption\">Nuestro recordado Antonio G\u00e1lvez Silva<\/figcaption><\/figure><\/div><\/div><\/div>                                            <\/div>\n                                        <\/div>\n                                    <\/div>\n\t\t\t\t\t\t\t\t\t                                    <div  class=\"wppb-column-parent wppb-column-parent-view wppb-col-1628948432792  \"  >\n                                        <div class=\"wppb-column\">\n\t\t\t\t\t\n\t\t\t\t\t\t\t\t\t\t\t\n                                            <div class=\"wppb-builder-addons\">\n\t\t\t\t\t\t\t\t\t\t\t\t<div class='wppb-builder-addon wppb-addon-1628949632882'  data-addon-id='1628949632882'><div class='wppb-addon'><div class=\"wppb-image-addon\"><figure class=\"wppb-image-addon-content-wrap\"><div class=\"wppb-image-addon-content wppb-imginlineblock\"><img decoding=\"async\" class=\"wppb-image-addon-img\" src=\"http:\/\/www.losataos.org\/w\/wp-content\/uploads\/unnamed-55.jpg\" alt=\"Image\"><\/div><figcaption class=\"wppb-addon-image-caption\">Hermanos de la Corporaci\u00f3n, para inicial fesfile con la Cofrad\u00eda del Sepulcro, desde el paseo del Romeral.<\/figcaption><\/figure><\/div><\/div><\/div>                                            <\/div>\n                                        <\/div>\n                                    <\/div>\n\t\t\t\t\t\t\t\t\t                        <\/div>\n\n                    <\/div>\n                <\/div>\n\t\t\t\t                <div  class=\"wppb-row-parent  wppb-row-1628948432992 \"  >\n\t\t\t\t\t\n\t\t\t\t\t\t\t\t\t\t\n\t\t\t\t\t\t\t\t\t\t\n\t\t\t\t\t<div class=\"wppb-container \">\n\t\t\t\t\t\t\t\t\t\t\t\t\t\n                        <div class=\"wppb-row\">\n\t\t\t\t\t\t\t                                    <div  class=\"wppb-column-parent wppb-column-parent-view wppb-col-1628948432990  \"  >\n                                        <div class=\"wppb-column\">\n\t\t\t\t\t\n\t\t\t\t\t\t\t\t\t\t\t\n                                            <div class=\"wppb-builder-addons\">\n\t\t\t\t\t\t\t\t\t\t\t\t<div class='wppb-builder-addon wppb-addon-1628949771167'  data-addon-id='1628949771167'><div class='wppb-addon'><div class=\"wppb-image-addon\"><figure class=\"wppb-image-addon-content-wrap\"><div class=\"wppb-image-addon-content wppb-imginlineblock\"><img decoding=\"async\" class=\"wppb-image-addon-img\" src=\"http:\/\/www.losataos.org\/w\/wp-content\/uploads\/unnamed-24.jpg\" alt=\"Image\"><\/div><figcaption class=\"wppb-addon-image-caption\">Hermanos, desfilando durante el almuerzo<\/figcaption><\/figure><\/div><\/div><\/div>                                            <\/div>\n                                        <\/div>\n                                    <\/div>\n\t\t\t\t\t\t\t\t\t                                    <div  class=\"wppb-column-parent wppb-column-parent-view wppb-col-1628948432991  \"  >\n                                        <div class=\"wppb-column\">\n\t\t\t\t\t\n\t\t\t\t\t\t\t\t\t\t\t\n                                            <div class=\"wppb-builder-addons\">\n\t\t\t\t\t\t\t\t\t\t\t\t<div class='wppb-builder-addon wppb-addon-1628949910547'  data-addon-id='1628949910547'><div class='wppb-addon'><div class=\"wppb-image-addon\"><figure class=\"wppb-image-addon-content-wrap\"><div class=\"wppb-image-addon-content wppb-imginlineblock\"><img decoding=\"async\" class=\"wppb-image-addon-img\" src=\"http:\/\/www.losataos.org\/w\/wp-content\/uploads\/unnamed-53.jpg\" alt=\"Image\"><\/div><figcaption class=\"wppb-addon-image-caption\">S\u00e1bado Santo en los Ataos<\/figcaption><\/figure><\/div><\/div><\/div>                                            <\/div>\n                                        <\/div>\n                                    <\/div>\n\t\t\t\t\t\t\t\t\t                        <\/div>\n\n                    <\/div>\n                <\/div>\n\t\t\t\t<\/div>","protected":false},"excerpt":{"rendered":"<p>S\u00e1bado Santo Dia de luto Comida al mediod\u00eda, la mayor\u00eda con traje, c\u00f3mo se\u00f1al de luto y respeto a este d\u00eda a excepci\u00f3n, normalmente, de los que tienen vestida de figura, hasta la salida de las figuras hasta el Romeral, donde se unen al desfile del Santo Sepulcro. Nuestras figuras, son de las pocas corporaciones&hellip;&nbsp;<a href=\"https:\/\/www.losataos.org\/w\/2559-2\/\" rel=\"bookmark\">Leer m\u00e1s &raquo;<span class=\"screen-reader-text\"><!--S\u00e1bado Santo--><\/span><\/a><\/p>\n","protected":false},"author":2,"featured_media":0,"parent":0,"menu_order":0,"comment_status":"closed","ping_status":"open","template":"","meta":{"neve_meta_sidebar":"","neve_meta_container":"","neve_meta_enable_content_width":"","neve_meta_content_width":0,"neve_meta_title_alignment":"","neve_meta_author_avatar":"","neve_post_elements_order":"","neve_meta_disable_header":"","neve_meta_disable_footer":"","neve_meta_disable_title":"","footnotes":""},"wf_page_folders":[16],"class_list":["post-2559","page","type-page","status-publish","hentry"],"jetpack_sharing_enabled":true,"_links":{"self":[{"href":"https:\/\/www.losataos.org\/w\/wp-json\/wp\/v2\/pages\/2559","targetHints":{"allow":["GET"]}}],"collection":[{"href":"https:\/\/www.losataos.org\/w\/wp-json\/wp\/v2\/pages"}],"about":[{"href":"https:\/\/www.losataos.org\/w\/wp-json\/wp\/v2\/types\/page"}],"author":[{"embeddable":true,"href":"https:\/\/www.losataos.org\/w\/wp-json\/wp\/v2\/users\/2"}],"replies":[{"embeddable":true,"href":"https:\/\/www.losataos.org\/w\/wp-json\/wp\/v2\/comments?post=2559"}],"version-history":[{"count":1,"href":"https:\/\/www.losataos.org\/w\/wp-json\/wp\/v2\/pages\/2559\/revisions"}],"predecessor-version":[{"id":2560,"href":"https:\/\/www.losataos.org\/w\/wp-json\/wp\/v2\/pages\/2559\/revisions\/2560"}],"wp:attachment":[{"href":"https:\/\/www.losataos.org\/w\/wp-json\/wp\/v2\/media?parent=2559"}],"wp:term":[{"taxonomy":"wf_page_folders","embeddable":true,"href":"https:\/\/www.losataos.org\/w\/wp-json\/wp\/v2\/wf_page_folders?post=2559"}],"curies":[{"name":"wp","href":"https:\/\/api.w.org\/{rel}","templated":true}]}}

<!--Sábado Santo-->

<div id="wppb-builder-container" class="wppb-builder-container">                <div  class="wppb-row-parent "  >
					
										
										
					<div class="wppb-container  wppb-row-1628948431498  wppb-container-row-default">
													
                        <div class="wppb-row">
							                                    <div  class="wppb-column-parent wppb-column-parent-view wppb-col-1628948431499  "  >
                                        <div class="wppb-column">
					
											
                                            <div class="wppb-builder-addons">
												<div class='wppb-builder-addon wppb-addon-1628948431500'  data-addon-id='1628948431500'><div class='wppb-addon'><div class="wppb-feature-box-addon"><div class="wppb-feature-box-content"><div class="feature-box-left"><div class="feature-box-left-media"></div><div class="feature-box-left-body"><h1 class="wppb-feature-box-title">Sábado Santo</h1><h4 class="wppb-feature-box-subtitle">Dia de luto</h4><div class="wppb-feature-box-intro">Comida al mediodía, la mayoría con traje, cómo señal de luto y respeto a este día a excepción, normalmente, de los que tienen vestida de figura, hasta la salida de las figuras hasta el Romeral, donde se unen al desfile del Santo Sepulcro. Nuestras figuras, son de las pocas corporaciones que desfilan en Puente Genil este día. Decir que este día se procesionan los cuatro romanos con la túnica de Jesús, y una gran multitud de niños, echan monedas a la misma. Hemos de recordar siempre a nuestro hermano Antonio Gálvez, que siempre que ha podido se ha vestido de oficial de la escuadra de romanos.
</div></div></div></div></div></div></div>                                            </div>
                                        </div>
                                    </div>
									                                    <div  class="wppb-column-parent wppb-column-parent-view wppb-col-1628948431501  "  >
                                        <div class="wppb-column">
					
											
                                            <div class="wppb-builder-addons">
												                                            </div>
                                        </div>
                                    </div>
									                        </div>

                    </div>
                </div>
				                <div  class="wppb-row-parent  wppb-row-1628948432793 "  >
					
										
										
					<div class="wppb-container ">
													
                        <div class="wppb-row">
							                                    <div  class="wppb-column-parent wppb-column-parent-view wppb-col-1628948432791  "  >
                                        <div class="wppb-column">
					
											
                                            <div class="wppb-builder-addons">
												<div class='wppb-builder-addon wppb-addon-1628949605897'  data-addon-id='1628949605897'><div class='wppb-addon'><div class="wppb-image-addon"><figure class="wppb-image-addon-content-wrap"><div class="wppb-image-addon-content wppb-imginlineblock"><img decoding="async" class="wppb-image-addon-img" src="http://www.losataos.org/w/wp-content/uploads/1.jpg" alt="Image"></div><figcaption class="wppb-addon-image-caption">Nuestro recordado Antonio Gálvez Silva</figcaption></figure></div></div></div>                                            </div>
                                        </div>
                                    </div>
									                                    <div  class="wppb-column-parent wppb-column-parent-view wppb-col-1628948432792  "  >
                                        <div class="wppb-column">
					
											
                                            <div class="wppb-builder-addons">
												<div class='wppb-builder-addon wppb-addon-1628949632882'  data-addon-id='1628949632882'><div class='wppb-addon'><div class="wppb-image-addon"><figure class="wppb-image-addon-content-wrap"><div class="wppb-image-addon-content wppb-imginlineblock"><img decoding="async" class="wppb-image-addon-img" src="http://www.losataos.org/w/wp-content/uploads/unnamed-55.jpg" alt="Image"></div><figcaption class="wppb-addon-image-caption">Hermanos de la Corporación, para inicial fesfile con la Cofradía del Sepulcro, desde el paseo del Romeral.</figcaption></figure></div></div></div>                                            </div>
                                        </div>
                                    </div>
									                        </div>

                    </div>
                </div>
				                <div  class="wppb-row-parent  wppb-row-1628948432992 "  >
					
										
										
					<div class="wppb-container ">
													
                        <div class="wppb-row">
							                                    <div  class="wppb-column-parent wppb-column-parent-view wppb-col-1628948432990  "  >
                                        <div class="wppb-column">
					
											
                                            <div class="wppb-builder-addons">
												<div class='wppb-builder-addon wppb-addon-1628949771167'  data-addon-id='1628949771167'><div class='wppb-addon'><div class="wppb-image-addon"><figure class="wppb-image-addon-content-wrap"><div class="wppb-image-addon-content wppb-imginlineblock"><img decoding="async" class="wppb-image-addon-img" src="http://www.losataos.org/w/wp-content/uploads/unnamed-24.jpg" alt="Image"></div><figcaption class="wppb-addon-image-caption">Hermanos, desfilando durante el almuerzo</figcaption></figure></div></div></div>                                            </div>
                                        </div>
                                    </div>
									                                    <div  class="wppb-column-parent wppb-column-parent-view wppb-col-1628948432991  "  >
                                        <div class="wppb-column">
					
											
                                            <div class="wppb-builder-addons">
												<div class='wppb-builder-addon wppb-addon-1628949910547'  data-addon-id='1628949910547'><div class='wppb-addon'><div class="wppb-image-addon"><figure class="wppb-image-addon-content-wrap"><div class="wppb-image-addon-content wppb-imginlineblock"><img decoding="async" class="wppb-image-addon-img" src="http://www.losataos.org/w/wp-content/uploads/unnamed-53.jpg" alt="Image"></div><figcaption class="wppb-addon-image-caption">Sábado Santo en los Ataos</figcaption></figure></div></div></div>                                            </div>
                                        </div>
                                    </div>
									                        </div>

                    </div>
                </div>
				</div>

<p>Sábado Santo Dia de luto Comida al mediodía, la mayoría con traje, cómo señal de luto y respeto a este día a excepción, normalmente, de los que tienen vestida de figura, hasta la salida de las figuras hasta el Romeral, donde se unen al desfile del Santo Sepulcro. Nuestras figuras, son de las pocas corporaciones&hellip;&nbsp;<a href="https://www.losataos.org/w/2559-2/" rel="bookmark">Leer más &raquo;<span class="screen-reader-text"><!--Sábado Santo--></span></a></p>
