{"id":2544,"date":"2021-08-16T15:54:42","date_gmt":"2021-08-16T15:54:42","guid":{"rendered":"http:\/\/www.losataos.org\/w\/?page_id=2544"},"modified":"2021-08-16T15:54:46","modified_gmt":"2021-08-16T15:54:46","slug":"2544-2","status":"publish","type":"page","link":"https:\/\/www.losataos.org\/w\/2544-2\/","title":{"rendered":"<!--Viernes Santo-->"},"content":{"rendered":"<div id=\"wppb-builder-container\" class=\"wppb-builder-container\">                <div  class=\"wppb-row-parent \"  >\n\t\t\t\t\t\n\t\t\t\t\t\t\t\t\t\t\n\t\t\t\t\t\t\t\t\t\t\n\t\t\t\t\t<div class=\"wppb-container  wppb-row-1628948431498  wppb-container-row-default\">\n\t\t\t\t\t\t\t\t\t\t\t\t\t\n                        <div class=\"wppb-row\">\n\t\t\t\t\t\t\t                                    <div  class=\"wppb-column-parent wppb-column-parent-view wppb-col-1628948431499  \"  >\n                                        <div class=\"wppb-column\">\n\t\t\t\t\t\n\t\t\t\t\t\t\t\t\t\t\t\n                                            <div class=\"wppb-builder-addons\">\n\t\t\t\t\t\t\t\t\t\t\t\t<div class='wppb-builder-addon wppb-addon-1628948431500'  data-addon-id='1628948431500'><div class='wppb-addon'><div class=\"wppb-feature-box-addon\"><div class=\"wppb-feature-box-content\"><h1 class=\"wppb-feature-box-title\">Viernes Santo<\/h1><h4 class=\"wppb-feature-box-subtitle\">tras el nazareno<\/h4><div class=\"wppb-feature-box-intro\">Despu\u00e9s de escuchar la Diana, nos dirigimos a hacer las reverencias a Jes\u00fas en la calle Santa Catalina, para despu\u00e9s hacer un corto desfile detr\u00e1s del Nazareno.\nDespu\u00e9s tomamos el desayuno, momento de descanso, donde, adem\u00e1s se acercan muchos conocidos y hermanos que hacen estaci\u00f3n de penitencia a tomar caf\u00e9 y compartir un rato de conversaci\u00f3n.\nDesfile por la calle la Plaza y almuerzo hasta nueva incorporaci\u00f3n en calle Aguilar para llegar a la plaza de El Calvario y hacer las reverencia a nuestro patr\u00f3n. Por la noche cena y nueva incorporaci\u00f3n en calle la Plaza para desfilar detr\u00e1s de Las Angustias.\n<\/div><\/div><\/div><\/div><\/div>                                            <\/div>\n                                        <\/div>\n                                    <\/div>\n\t\t\t\t\t\t\t\t\t                                    <div  class=\"wppb-column-parent wppb-column-parent-view wppb-col-1628948431501  \"  >\n                                        <div class=\"wppb-column\">\n\t\t\t\t\t\n\t\t\t\t\t\t\t\t\t\t\t\n                                            <div class=\"wppb-builder-addons\">\n\t\t\t\t\t\t\t\t\t\t\t\t                                            <\/div>\n                                        <\/div>\n                                    <\/div>\n\t\t\t\t\t\t\t\t\t                        <\/div>\n\n                    <\/div>\n                <\/div>\n\t\t\t\t                <div  class=\"wppb-row-parent  wppb-row-1628948432793 \"  >\n\t\t\t\t\t\n\t\t\t\t\t\t\t\t\t\t\n\t\t\t\t\t\t\t\t\t\t\n\t\t\t\t\t<div class=\"wppb-container \">\n\t\t\t\t\t\t\t\t\t\t\t\t\t\n                        <div class=\"wppb-row\">\n\t\t\t\t\t\t\t                                    <div  class=\"wppb-column-parent wppb-column-parent-view wppb-col-1628948432791  \"  >\n                                        <div class=\"wppb-column\">\n\t\t\t\t\t\n\t\t\t\t\t\t\t\t\t\t\t\n                                            <div class=\"wppb-builder-addons\">\n\t\t\t\t\t\t\t\t\t\t\t\t<div class='wppb-builder-addon wppb-addon-1628949605897'  data-addon-id='1628949605897'><div class='wppb-addon'><div class=\"wppb-image-addon\"><figure class=\"wppb-image-addon-content-wrap\"><div class=\"wppb-image-addon-content wppb-imginlineblock\"><img decoding=\"async\" class=\"wppb-image-addon-img\" src=\"http:\/\/www.losataos.org\/w\/wp-content\/uploads\/Image00012-1.jpg\" alt=\"Image\"><\/div><figcaption class=\"wppb-addon-image-caption\">Calle Don Gonzalo - Viernes Santo ma\u00f1ana<\/figcaption><\/figure><\/div><\/div><\/div>                                            <\/div>\n                                        <\/div>\n                                    <\/div>\n\t\t\t\t\t\t\t\t\t                                    <div  class=\"wppb-column-parent wppb-column-parent-view wppb-col-1628948432792  \"  >\n                                        <div class=\"wppb-column\">\n\t\t\t\t\t\n\t\t\t\t\t\t\t\t\t\t\t\n                                            <div class=\"wppb-builder-addons\">\n\t\t\t\t\t\t\t\t\t\t\t\t<div class='wppb-builder-addon wppb-addon-1628949632882'  data-addon-id='1628949632882'><div class='wppb-addon'><div class=\"wppb-image-addon\"><figure class=\"wppb-image-addon-content-wrap\"><div class=\"wppb-image-addon-content wppb-imginlineblock\"><img decoding=\"async\" class=\"wppb-image-addon-img\" src=\"http:\/\/www.losataos.org\/w\/wp-content\/uploads\/Image00015.jpg\" alt=\"Image\"><\/div><figcaption class=\"wppb-addon-image-caption\">Impresionante fotograf\u00eda de Daniel Cejas<\/figcaption><\/figure><\/div><\/div><\/div>                                            <\/div>\n                                        <\/div>\n                                    <\/div>\n\t\t\t\t\t\t\t\t\t                        <\/div>\n\n                    <\/div>\n                <\/div>\n\t\t\t\t                <div  class=\"wppb-row-parent  wppb-row-1628948432992 \"  >\n\t\t\t\t\t\n\t\t\t\t\t\t\t\t\t\t\n\t\t\t\t\t\t\t\t\t\t\n\t\t\t\t\t<div class=\"wppb-container \">\n\t\t\t\t\t\t\t\t\t\t\t\t\t\n                        <div class=\"wppb-row\">\n\t\t\t\t\t\t\t                                    <div  class=\"wppb-column-parent wppb-column-parent-view wppb-col-1628948432990  \"  >\n                                        <div class=\"wppb-column\">\n\t\t\t\t\t\n\t\t\t\t\t\t\t\t\t\t\t\n                                            <div class=\"wppb-builder-addons\">\n\t\t\t\t\t\t\t\t\t\t\t\t<div class='wppb-builder-addon wppb-addon-1628949771167'  data-addon-id='1628949771167'><div class='wppb-addon'><div class=\"wppb-image-addon\"><figure class=\"wppb-image-addon-content-wrap\"><div class=\"wppb-image-addon-content wppb-imginlineblock\"><img decoding=\"async\" class=\"wppb-image-addon-img\" src=\"http:\/\/www.losataos.org\/w\/wp-content\/uploads\/Image00019.jpg\" alt=\"Image\"><\/div><figcaption class=\"wppb-addon-image-caption\">Nuestras figuras en la calle Santa Catalina<\/figcaption><\/figure><\/div><\/div><\/div>                                            <\/div>\n                                        <\/div>\n                                    <\/div>\n\t\t\t\t\t\t\t\t\t                                    <div  class=\"wppb-column-parent wppb-column-parent-view wppb-col-1628948432991  \"  >\n                                        <div class=\"wppb-column\">\n\t\t\t\t\t\n\t\t\t\t\t\t\t\t\t\t\t\n                                            <div class=\"wppb-builder-addons\">\n\t\t\t\t\t\t\t\t\t\t\t\t<div class='wppb-builder-addon wppb-addon-1628949910547'  data-addon-id='1628949910547'><div class='wppb-addon'><div class=\"wppb-image-addon\"><figure class=\"wppb-image-addon-content-wrap\"><div class=\"wppb-image-addon-content wppb-imginlineblock\"><img decoding=\"async\" class=\"wppb-image-addon-img\" src=\"http:\/\/www.losataos.org\/w\/wp-content\/uploads\/Image00026-2.jpg\" alt=\"Image\"><\/div><figcaption class=\"wppb-addon-image-caption\">Calle Aguilar, subida al Calvario, para realizar las reverencias.<\/figcaption><\/figure><\/div><\/div><\/div>                                            <\/div>\n                                        <\/div>\n                                    <\/div>\n\t\t\t\t\t\t\t\t\t                        <\/div>\n\n                    <\/div>\n                <\/div>\n\t\t\t\t<\/div>","protected":false},"excerpt":{"rendered":"<p>Viernes Santo tras el nazareno Despu\u00e9s de escuchar la Diana, nos dirigimos a hacer las reverencias a Jes\u00fas en la calle Santa Catalina, para despu\u00e9s hacer un corto desfile detr\u00e1s del Nazareno. Despu\u00e9s tomamos el desayuno, momento de descanso, donde, adem\u00e1s se acercan muchos conocidos y hermanos que hacen estaci\u00f3n de penitencia a tomar caf\u00e9&hellip;&nbsp;<a href=\"https:\/\/www.losataos.org\/w\/2544-2\/\" rel=\"bookmark\">Leer m\u00e1s &raquo;<span class=\"screen-reader-text\"><!--Viernes Santo--><\/span><\/a><\/p>\n","protected":false},"author":2,"featured_media":0,"parent":0,"menu_order":0,"comment_status":"closed","ping_status":"open","template":"","meta":{"neve_meta_sidebar":"","neve_meta_container":"","neve_meta_enable_content_width":"","neve_meta_content_width":0,"neve_meta_title_alignment":"","neve_meta_author_avatar":"","neve_post_elements_order":"","neve_meta_disable_header":"","neve_meta_disable_footer":"","neve_meta_disable_title":"","footnotes":""},"wf_page_folders":[16],"class_list":["post-2544","page","type-page","status-publish","hentry"],"jetpack_sharing_enabled":true,"_links":{"self":[{"href":"https:\/\/www.losataos.org\/w\/wp-json\/wp\/v2\/pages\/2544","targetHints":{"allow":["GET"]}}],"collection":[{"href":"https:\/\/www.losataos.org\/w\/wp-json\/wp\/v2\/pages"}],"about":[{"href":"https:\/\/www.losataos.org\/w\/wp-json\/wp\/v2\/types\/page"}],"author":[{"embeddable":true,"href":"https:\/\/www.losataos.org\/w\/wp-json\/wp\/v2\/users\/2"}],"replies":[{"embeddable":true,"href":"https:\/\/www.losataos.org\/w\/wp-json\/wp\/v2\/comments?post=2544"}],"version-history":[{"count":1,"href":"https:\/\/www.losataos.org\/w\/wp-json\/wp\/v2\/pages\/2544\/revisions"}],"predecessor-version":[{"id":2545,"href":"https:\/\/www.losataos.org\/w\/wp-json\/wp\/v2\/pages\/2544\/revisions\/2545"}],"wp:attachment":[{"href":"https:\/\/www.losataos.org\/w\/wp-json\/wp\/v2\/media?parent=2544"}],"wp:term":[{"taxonomy":"wf_page_folders","embeddable":true,"href":"https:\/\/www.losataos.org\/w\/wp-json\/wp\/v2\/wf_page_folders?post=2544"}],"curies":[{"name":"wp","href":"https:\/\/api.w.org\/{rel}","templated":true}]}}

<div id="wppb-builder-container" class="wppb-builder-container">                <div  class="wppb-row-parent "  >
					
										
										
					<div class="wppb-container  wppb-row-1628948431498  wppb-container-row-default">
													
                        <div class="wppb-row">
							                                    <div  class="wppb-column-parent wppb-column-parent-view wppb-col-1628948431499  "  >
                                        <div class="wppb-column">
					
											
                                            <div class="wppb-builder-addons">
												<div class='wppb-builder-addon wppb-addon-1628948431500'  data-addon-id='1628948431500'><div class='wppb-addon'><div class="wppb-feature-box-addon"><div class="wppb-feature-box-content"><h1 class="wppb-feature-box-title">Viernes Santo</h1><h4 class="wppb-feature-box-subtitle">tras el nazareno</h4><div class="wppb-feature-box-intro">Después de escuchar la Diana, nos dirigimos a hacer las reverencias a Jesús en la calle Santa Catalina, para después hacer un corto desfile detrás del Nazareno.
Después tomamos el desayuno, momento de descanso, donde, además se acercan muchos conocidos y hermanos que hacen estación de penitencia a tomar café y compartir un rato de conversación.
Desfile por la calle la Plaza y almuerzo hasta nueva incorporación en calle Aguilar para llegar a la plaza de El Calvario y hacer las reverencia a nuestro patrón. Por la noche cena y nueva incorporación en calle la Plaza para desfilar detrás de Las Angustias.
</div></div></div></div></div>                                            </div>
                                        </div>
                                    </div>
									                                    <div  class="wppb-column-parent wppb-column-parent-view wppb-col-1628948431501  "  >
                                        <div class="wppb-column">
					
											
                                            <div class="wppb-builder-addons">
												                                            </div>
                                        </div>
                                    </div>
									                        </div>

                    </div>
                </div>
				                <div  class="wppb-row-parent  wppb-row-1628948432793 "  >
					
										
										
					<div class="wppb-container ">
													
                        <div class="wppb-row">
							                                    <div  class="wppb-column-parent wppb-column-parent-view wppb-col-1628948432791  "  >
                                        <div class="wppb-column">
					
											
                                            <div class="wppb-builder-addons">
												<div class='wppb-builder-addon wppb-addon-1628949605897'  data-addon-id='1628949605897'><div class='wppb-addon'><div class="wppb-image-addon"><figure class="wppb-image-addon-content-wrap"><div class="wppb-image-addon-content wppb-imginlineblock"><img decoding="async" class="wppb-image-addon-img" src="http://www.losataos.org/w/wp-content/uploads/Image00012-1.jpg" alt="Image"></div><figcaption class="wppb-addon-image-caption">Calle Don Gonzalo - Viernes Santo mañana</figcaption></figure></div></div></div>                                            </div>
                                        </div>
                                    </div>
									                                    <div  class="wppb-column-parent wppb-column-parent-view wppb-col-1628948432792  "  >
                                        <div class="wppb-column">
					
											
                                            <div class="wppb-builder-addons">
												<div class='wppb-builder-addon wppb-addon-1628949632882'  data-addon-id='1628949632882'><div class='wppb-addon'><div class="wppb-image-addon"><figure class="wppb-image-addon-content-wrap"><div class="wppb-image-addon-content wppb-imginlineblock"><img decoding="async" class="wppb-image-addon-img" src="http://www.losataos.org/w/wp-content/uploads/Image00015.jpg" alt="Image"></div><figcaption class="wppb-addon-image-caption">Impresionante fotografía de Daniel Cejas</figcaption></figure></div></div></div>                                            </div>
                                        </div>
                                    </div>
									                        </div>

                    </div>
                </div>
				                <div  class="wppb-row-parent  wppb-row-1628948432992 "  >
					
										
										
					<div class="wppb-container ">
													
                        <div class="wppb-row">
							                                    <div  class="wppb-column-parent wppb-column-parent-view wppb-col-1628948432990  "  >
                                        <div class="wppb-column">
					
											
                                            <div class="wppb-builder-addons">
												<div class='wppb-builder-addon wppb-addon-1628949771167'  data-addon-id='1628949771167'><div class='wppb-addon'><div class="wppb-image-addon"><figure class="wppb-image-addon-content-wrap"><div class="wppb-image-addon-content wppb-imginlineblock"><img decoding="async" class="wppb-image-addon-img" src="http://www.losataos.org/w/wp-content/uploads/Image00019.jpg" alt="Image"></div><figcaption class="wppb-addon-image-caption">Nuestras figuras en la calle Santa Catalina</figcaption></figure></div></div></div>                                            </div>
                                        </div>
                                    </div>
									                                    <div  class="wppb-column-parent wppb-column-parent-view wppb-col-1628948432991  "  >
                                        <div class="wppb-column">
					
											
                                            <div class="wppb-builder-addons">
												<div class='wppb-builder-addon wppb-addon-1628949910547'  data-addon-id='1628949910547'><div class='wppb-addon'><div class="wppb-image-addon"><figure class="wppb-image-addon-content-wrap"><div class="wppb-image-addon-content wppb-imginlineblock"><img decoding="async" class="wppb-image-addon-img" src="http://www.losataos.org/w/wp-content/uploads/Image00026-2.jpg" alt="Image"></div><figcaption class="wppb-addon-image-caption">Calle Aguilar, subida al Calvario, para realizar las reverencias.</figcaption></figure></div></div></div>                                            </div>
                                        </div>
                                    </div>
									                        </div>

                    </div>
                </div>
				</div>

<p>Viernes Santo tras el nazareno Después de escuchar la Diana, nos dirigimos a hacer las reverencias a Jesús en la calle Santa Catalina, para después hacer un corto desfile detrás del Nazareno. Después tomamos el desayuno, momento de descanso, donde, además se acercan muchos conocidos y hermanos que hacen estación de penitencia a tomar café&hellip;&nbsp;<a href="https://www.losataos.org/w/2544-2/" rel="bookmark">Leer más &raquo;<span class="screen-reader-text"><!--Viernes Santo--></span></a></p>
