{"id":2524,"date":"2021-08-16T00:56:45","date_gmt":"2021-08-16T00:56:45","guid":{"rendered":"http:\/\/www.losataos.org\/w\/?page_id=2524"},"modified":"2021-11-07T12:51:30","modified_gmt":"2021-11-07T12:51:30","slug":"2524-2","status":"publish","type":"page","link":"https:\/\/www.losataos.org\/w\/2524-2\/","title":{"rendered":"S\u00e1bado de Pasi\u00f3n"},"content":{"rendered":"<div id=\"wppb-builder-container\" class=\"wppb-builder-container\">                <div  class=\"wppb-row-parent \"  >\n\t\t\t\t\t\n\t\t\t\t\t\t\t\t\t\t\n\t\t\t\t\t\t\t\t\t\t\n\t\t\t\t\t<div class=\"wppb-container  wppb-row-1628948431498  wppb-container-row-default\">\n\t\t\t\t\t\t\t\t\t\t\t\t\t\n                        <div class=\"wppb-row\">\n\t\t\t\t\t\t\t                                    <div  class=\"wppb-column-parent wppb-column-parent-view wppb-col-1628948431499  \"  >\n                                        <div class=\"wppb-column\">\n\t\t\t\t\t\n\t\t\t\t\t\t\t\t\t\t\t\n                                            <div class=\"wppb-builder-addons\">\n\t\t\t\t\t\t\t\t\t\t\t\t<div class='wppb-builder-addon wppb-addon-1628948431500'  data-addon-id='1628948431500'><div class='wppb-addon'><div class=\"wppb-feature-box-addon\"><div class=\"wppb-feature-box-content\"><h1 class=\"wppb-feature-box-title\">S\u00e1bado de Pasi\u00f3n<\/h1><h4 class=\"wppb-feature-box-subtitle\">Abre la Semana santa la virgen de la gu\u00eda<\/h4><div class=\"wppb-feature-box-intro\">Tras haber celebrado el Triduo de nuestra titular la Virgen de la Gu\u00eda, el s\u00e1bado se celebra, al mediod\u00eda, una comida de hermandad de la cofrad\u00eda. Una vez acabada, nos dirigimos con nuestras t\u00fanicas de Penitencia, en desfile tras la campanita, hacia la Iglesia de la Concepci\u00f3n. Tras la Funci\u00f3n se sale en procesi\u00f3n con la Virgen de la Gu\u00eda. Esta procesi\u00f3n despierta gran inter\u00e9s y entusiasmo, en primer lugar porque es el primer paso de la Semana Santa, en segundo lugar, porque va acompa\u00f1ada de pasodobles pontanos.  En los \u00faltimos a\u00f1os ha tenido un gran resurgir, tanto en belleza del paso, como en n\u00famero de penitentes, para los Ataos, este d\u00eda, es de un sentir especial.<\/div><\/div><\/div><\/div><\/div>                                            <\/div>\n                                        <\/div>\n                                    <\/div>\n\t\t\t\t\t\t\t\t\t                                    <div  class=\"wppb-column-parent wppb-column-parent-view wppb-col-1628948431501  \"  >\n                                        <div class=\"wppb-column\">\n\t\t\t\t\t\n\t\t\t\t\t\t\t\t\t\t\t\n                                            <div class=\"wppb-builder-addons\">\n\t\t\t\t\t\t\t\t\t\t\t\t                                            <\/div>\n                                        <\/div>\n                                    <\/div>\n\t\t\t\t\t\t\t\t\t                        <\/div>\n\n                    <\/div>\n                <\/div>\n\t\t\t\t                <div  class=\"wppb-row-parent  wppb-row-1628948432793 \"  >\n\t\t\t\t\t\n\t\t\t\t\t\t\t\t\t\t\n\t\t\t\t\t\t\t\t\t\t\n\t\t\t\t\t<div class=\"wppb-container \">\n\t\t\t\t\t\t\t\t\t\t\t\t\t\n                        <div class=\"wppb-row\">\n\t\t\t\t\t\t\t                                    <div  class=\"wppb-column-parent wppb-column-parent-view wppb-col-1628948432791  \"  >\n                                        <div class=\"wppb-column\">\n\t\t\t\t\t\n\t\t\t\t\t\t\t\t\t\t\t\n                                            <div class=\"wppb-builder-addons\">\n\t\t\t\t\t\t\t\t\t\t\t\t<div class='wppb-builder-addon wppb-addon-1628949605897'  data-addon-id='1628949605897'><div class='wppb-addon'><div class=\"wppb-image-addon\"><figure class=\"wppb-image-addon-content-wrap\"><div class=\"wppb-image-addon-content wppb-imginlineblock\"><img decoding=\"async\" class=\"wppb-image-addon-img\" src=\"http:\/\/www.losataos.org\/w\/wp-content\/uploads\/11102658_953798814644610_8125593011649587126_n.jpg\" alt=\"Image\"><\/div><figcaption class=\"wppb-addon-image-caption\">Hermanos, antes de la procesi\u00f3n.<\/figcaption><\/figure><\/div><\/div><\/div>                                            <\/div>\n                                        <\/div>\n                                    <\/div>\n\t\t\t\t\t\t\t\t\t                                    <div  class=\"wppb-column-parent wppb-column-parent-view wppb-col-1628948432792  \"  >\n                                        <div class=\"wppb-column\">\n\t\t\t\t\t\n\t\t\t\t\t\t\t\t\t\t\t\n                                            <div class=\"wppb-builder-addons\">\n\t\t\t\t\t\t\t\t\t\t\t\t<div class='wppb-builder-addon wppb-addon-1628949632882'  data-addon-id='1628949632882'><div class='wppb-addon'><div class=\"wppb-image-addon\"><figure class=\"wppb-image-addon-content-wrap\"><div class=\"wppb-image-addon-content wppb-imginlineblock\"><img decoding=\"async\" class=\"wppb-image-addon-img\" src=\"http:\/\/www.losataos.org\/w\/wp-content\/uploads\/Image00024.jpg\" alt=\"Image\"><\/div><figcaption class=\"wppb-addon-image-caption\">Virgen de la Gu\u00eda, a su paso por el cuartel de los Ataos.<\/figcaption><\/figure><\/div><\/div><\/div>                                            <\/div>\n                                        <\/div>\n                                    <\/div>\n\t\t\t\t\t\t\t\t\t                        <\/div>\n\n                    <\/div>\n                <\/div>\n\t\t\t\t                <div  class=\"wppb-row-parent  wppb-row-1628948432992 \"  >\n\t\t\t\t\t\n\t\t\t\t\t\t\t\t\t\t\n\t\t\t\t\t\t\t\t\t\t\n\t\t\t\t\t<div class=\"wppb-container \">\n\t\t\t\t\t\t\t\t\t\t\t\t\t\n                        <div class=\"wppb-row\">\n\t\t\t\t\t\t\t                                    <div  class=\"wppb-column-parent wppb-column-parent-view wppb-col-1628948432990  \"  >\n                                        <div class=\"wppb-column\">\n\t\t\t\t\t\n\t\t\t\t\t\t\t\t\t\t\t\n                                            <div class=\"wppb-builder-addons\">\n\t\t\t\t\t\t\t\t\t\t\t\t<div class='wppb-builder-addon wppb-addon-1628949771167'  data-addon-id='1628949771167'><div class='wppb-addon'><div class=\"wppb-image-addon\"><figure class=\"wppb-image-addon-content-wrap\"><div class=\"wppb-image-addon-content wppb-imginlineblock\"><img decoding=\"async\" class=\"wppb-image-addon-img\" src=\"http:\/\/www.losataos.org\/w\/wp-content\/uploads\/Image00026-1.jpg\" alt=\"Image\"><\/div><figcaption class=\"wppb-addon-image-caption\">Virgen de la Gu\u00eda a su salida de la calle Don Gonzalo<\/figcaption><\/figure><\/div><\/div><\/div>                                            <\/div>\n                                        <\/div>\n                                    <\/div>\n\t\t\t\t\t\t\t\t\t                                    <div  class=\"wppb-column-parent wppb-column-parent-view wppb-col-1628948432991  \"  >\n                                        <div class=\"wppb-column\">\n\t\t\t\t\t\n\t\t\t\t\t\t\t\t\t\t\t\n                                            <div class=\"wppb-builder-addons\">\n\t\t\t\t\t\t\t\t\t\t\t\t<div class='wppb-builder-addon wppb-addon-1628949910547'  data-addon-id='1628949910547'><div class='wppb-addon'><div class=\"wppb-image-addon\"><figure class=\"wppb-image-addon-content-wrap\"><div class=\"wppb-image-addon-content wppb-imginlineblock\"><img decoding=\"async\" class=\"wppb-image-addon-img\" src=\"http:\/\/www.losataos.org\/w\/wp-content\/uploads\/Image00012.jpg\" alt=\"Image\"><\/div><figcaption class=\"wppb-addon-image-caption\">Virgen de la Gu\u00eda a su paso por el Romeral<\/figcaption><\/figure><\/div><\/div><\/div>                                            <\/div>\n                                        <\/div>\n                                    <\/div>\n\t\t\t\t\t\t\t\t\t                        <\/div>\n\n                    <\/div>\n                <\/div>\n\t\t\t\t<\/div>","protected":false},"excerpt":{"rendered":"<p>S\u00e1bado de Pasi\u00f3n Abre la Semana santa la virgen de la gu\u00eda Tras haber celebrado el Triduo de nuestra titular la Virgen de la Gu\u00eda, el s\u00e1bado se celebra, al mediod\u00eda, una comida de hermandad de la cofrad\u00eda. Una vez acabada, nos dirigimos con nuestras t\u00fanicas de Penitencia, en desfile tras la campanita, hacia la&hellip;&nbsp;<a href=\"https:\/\/www.losataos.org\/w\/2524-2\/\" rel=\"bookmark\">Leer m\u00e1s &raquo;<span class=\"screen-reader-text\">S\u00e1bado de Pasi\u00f3n<\/span><\/a><\/p>\n","protected":false},"author":2,"featured_media":0,"parent":0,"menu_order":0,"comment_status":"closed","ping_status":"open","template":"","meta":{"neve_meta_sidebar":"","neve_meta_container":"","neve_meta_enable_content_width":"","neve_meta_content_width":0,"neve_meta_title_alignment":"","neve_meta_author_avatar":"","neve_post_elements_order":"","neve_meta_disable_header":"","neve_meta_disable_footer":"","neve_meta_disable_title":"","footnotes":""},"wf_page_folders":[16],"class_list":["post-2524","page","type-page","status-publish","hentry"],"jetpack_sharing_enabled":true,"_links":{"self":[{"href":"https:\/\/www.losataos.org\/w\/wp-json\/wp\/v2\/pages\/2524","targetHints":{"allow":["GET"]}}],"collection":[{"href":"https:\/\/www.losataos.org\/w\/wp-json\/wp\/v2\/pages"}],"about":[{"href":"https:\/\/www.losataos.org\/w\/wp-json\/wp\/v2\/types\/page"}],"author":[{"embeddable":true,"href":"https:\/\/www.losataos.org\/w\/wp-json\/wp\/v2\/users\/2"}],"replies":[{"embeddable":true,"href":"https:\/\/www.losataos.org\/w\/wp-json\/wp\/v2\/comments?post=2524"}],"version-history":[{"count":2,"href":"https:\/\/www.losataos.org\/w\/wp-json\/wp\/v2\/pages\/2524\/revisions"}],"predecessor-version":[{"id":2796,"href":"https:\/\/www.losataos.org\/w\/wp-json\/wp\/v2\/pages\/2524\/revisions\/2796"}],"wp:attachment":[{"href":"https:\/\/www.losataos.org\/w\/wp-json\/wp\/v2\/media?parent=2524"}],"wp:term":[{"taxonomy":"wf_page_folders","embeddable":true,"href":"https:\/\/www.losataos.org\/w\/wp-json\/wp\/v2\/wf_page_folders?post=2524"}],"curies":[{"name":"wp","href":"https:\/\/api.w.org\/{rel}","templated":true}]}}

Sábado de Pasión

<div id="wppb-builder-container" class="wppb-builder-container">                <div  class="wppb-row-parent "  >
					
										
										
					<div class="wppb-container  wppb-row-1628948431498  wppb-container-row-default">
													
                        <div class="wppb-row">
							                                    <div  class="wppb-column-parent wppb-column-parent-view wppb-col-1628948431499  "  >
                                        <div class="wppb-column">
					
											
                                            <div class="wppb-builder-addons">
												<div class='wppb-builder-addon wppb-addon-1628948431500'  data-addon-id='1628948431500'><div class='wppb-addon'><div class="wppb-feature-box-addon"><div class="wppb-feature-box-content"><h1 class="wppb-feature-box-title">Sábado de Pasión</h1><h4 class="wppb-feature-box-subtitle">Abre la Semana santa la virgen de la guía</h4><div class="wppb-feature-box-intro">Tras haber celebrado el Triduo de nuestra titular la Virgen de la Guía, el sábado se celebra, al mediodía, una comida de hermandad de la cofradía. Una vez acabada, nos dirigimos con nuestras túnicas de Penitencia, en desfile tras la campanita, hacia la Iglesia de la Concepción. Tras la Función se sale en procesión con la Virgen de la Guía. Esta procesión despierta gran interés y entusiasmo, en primer lugar porque es el primer paso de la Semana Santa, en segundo lugar, porque va acompañada de pasodobles pontanos.  En los últimos años ha tenido un gran resurgir, tanto en belleza del paso, como en número de penitentes, para los Ataos, este día, es de un sentir especial.</div></div></div></div></div>                                            </div>
                                        </div>
                                    </div>
									                                    <div  class="wppb-column-parent wppb-column-parent-view wppb-col-1628948431501  "  >
                                        <div class="wppb-column">
					
											
                                            <div class="wppb-builder-addons">
												                                            </div>
                                        </div>
                                    </div>
									                        </div>

                    </div>
                </div>
				                <div  class="wppb-row-parent  wppb-row-1628948432793 "  >
					
										
										
					<div class="wppb-container ">
													
                        <div class="wppb-row">
							                                    <div  class="wppb-column-parent wppb-column-parent-view wppb-col-1628948432791  "  >
                                        <div class="wppb-column">
					
											
                                            <div class="wppb-builder-addons">
												<div class='wppb-builder-addon wppb-addon-1628949605897'  data-addon-id='1628949605897'><div class='wppb-addon'><div class="wppb-image-addon"><figure class="wppb-image-addon-content-wrap"><div class="wppb-image-addon-content wppb-imginlineblock"><img decoding="async" class="wppb-image-addon-img" src="http://www.losataos.org/w/wp-content/uploads/11102658_953798814644610_8125593011649587126_n.jpg" alt="Image"></div><figcaption class="wppb-addon-image-caption">Hermanos, antes de la procesión.</figcaption></figure></div></div></div>                                            </div>
                                        </div>
                                    </div>
									                                    <div  class="wppb-column-parent wppb-column-parent-view wppb-col-1628948432792  "  >
                                        <div class="wppb-column">
					
											
                                            <div class="wppb-builder-addons">
												<div class='wppb-builder-addon wppb-addon-1628949632882'  data-addon-id='1628949632882'><div class='wppb-addon'><div class="wppb-image-addon"><figure class="wppb-image-addon-content-wrap"><div class="wppb-image-addon-content wppb-imginlineblock"><img decoding="async" class="wppb-image-addon-img" src="http://www.losataos.org/w/wp-content/uploads/Image00024.jpg" alt="Image"></div><figcaption class="wppb-addon-image-caption">Virgen de la Guía, a su paso por el cuartel de los Ataos.</figcaption></figure></div></div></div>                                            </div>
                                        </div>
                                    </div>
									                        </div>

                    </div>
                </div>
				                <div  class="wppb-row-parent  wppb-row-1628948432992 "  >
					
										
										
					<div class="wppb-container ">
													
                        <div class="wppb-row">
							                                    <div  class="wppb-column-parent wppb-column-parent-view wppb-col-1628948432990  "  >
                                        <div class="wppb-column">
					
											
                                            <div class="wppb-builder-addons">
												<div class='wppb-builder-addon wppb-addon-1628949771167'  data-addon-id='1628949771167'><div class='wppb-addon'><div class="wppb-image-addon"><figure class="wppb-image-addon-content-wrap"><div class="wppb-image-addon-content wppb-imginlineblock"><img decoding="async" class="wppb-image-addon-img" src="http://www.losataos.org/w/wp-content/uploads/Image00026-1.jpg" alt="Image"></div><figcaption class="wppb-addon-image-caption">Virgen de la Guía a su salida de la calle Don Gonzalo</figcaption></figure></div></div></div>                                            </div>
                                        </div>
                                    </div>
									                                    <div  class="wppb-column-parent wppb-column-parent-view wppb-col-1628948432991  "  >
                                        <div class="wppb-column">
					
											
                                            <div class="wppb-builder-addons">
												<div class='wppb-builder-addon wppb-addon-1628949910547'  data-addon-id='1628949910547'><div class='wppb-addon'><div class="wppb-image-addon"><figure class="wppb-image-addon-content-wrap"><div class="wppb-image-addon-content wppb-imginlineblock"><img decoding="async" class="wppb-image-addon-img" src="http://www.losataos.org/w/wp-content/uploads/Image00012.jpg" alt="Image"></div><figcaption class="wppb-addon-image-caption">Virgen de la Guía a su paso por el Romeral</figcaption></figure></div></div></div>                                            </div>
                                        </div>
                                    </div>
									                        </div>

                    </div>
                </div>
				</div>

<p>Sábado de Pasión Abre la Semana santa la virgen de la guía Tras haber celebrado el Triduo de nuestra titular la Virgen de la Guía, el sábado se celebra, al mediodía, una comida de hermandad de la cofradía. Una vez acabada, nos dirigimos con nuestras túnicas de Penitencia, en desfile tras la campanita, hacia la&hellip;&nbsp;<a href="https://www.losataos.org/w/2524-2/" rel="bookmark">Leer más &raquo;<span class="screen-reader-text">Sábado de Pasión</span></a></p>
