{"id":2421,"date":"2021-08-09T23:06:05","date_gmt":"2021-08-09T23:06:05","guid":{"rendered":"http:\/\/www.losataos.org\/w\/?page_id=2421"},"modified":"2021-08-09T23:06:07","modified_gmt":"2021-08-09T23:06:07","slug":"presentacion-libro","status":"publish","type":"page","link":"https:\/\/www.losataos.org\/w\/presentacion-libro\/","title":{"rendered":"Presentaci\u00f3n Libro"},"content":{"rendered":"\n<figure class=\"wp-block-image size-full\"><img fetchpriority=\"high\" decoding=\"async\" width=\"768\" height=\"546\" src=\"http:\/\/www.losataos.org\/w\/wp-content\/uploads\/lbiro.jpg\" alt=\"\" class=\"wp-image-2422\" srcset=\"https:\/\/www.losataos.org\/w\/wp-content\/uploads\/lbiro.jpg 768w, https:\/\/www.losataos.org\/w\/wp-content\/uploads\/lbiro-300x213.jpg 300w\" sizes=\"(max-width: 768px) 100vw, 768px\" \/><\/figure>\n\n\n\n<p><strong>\u00abTONA MUSICAL\u00bb MUJER MANANTERA<\/strong><\/p>\n\n\n\n<figure class=\"wp-block-table\"><table><tbody><tr><td>&nbsp;<\/td><\/tr><tr><td>El viernes 3 de febrero, en el ex convento de\u00a0N<sup>tra<\/sup>. S<sup>ra<\/sup>. de la Victoria (Los frailes) a las 20:00 h., del a\u00f1o 2016, tuvo lugar la presentaci\u00f3n del libro\u00a0<em>Puente-Genil y su Semana Santa<strong>:<\/strong>\u00a0<strong>Dos historias paralelas<\/strong><\/em>, publicado por el Ayuntamiento de la villa la pasada cuaresma, con <strong>motivo del CCCL aniversario de Dimas<\/strong> y Gestas (Los Ataos), y que fuera entregado a los alumnos de 6\u00ba de primaria de nuestra localidad.<br>Los autores en una exposici\u00f3n de Semana Santa<br><br>Esta obra de 64 p\u00e1ginas, escrita en un lenguaje sencillo, est\u00e1 dirigida no s\u00f3lo a ni\u00f1os, sino a j\u00f3venes y adultos que deseen acercarse a la historia\u00a0y descripci\u00f3n de Puente-Genil, y al origen y desarrollo paralelo de nuestra Semana Santa; explicando las caracter\u00edsticas generales del funcionamiento, s\u00edmbolos y vivencias de esta fiesta, y de los sucesos, costumbres y evoluci\u00f3n propios de nuestra villa, desde sus inicios hasta la actualidad.<br><br>En la presentaci\u00f3n intervinieron: el alcalde, Esteban Morales; el presidente de los Ataos la pasada Semana Santa, Emilio Palos; y los autores, Virginia M\u00aa Gil y Luis Velasco.<br><br>Una vez presentado el libro a los medios de comunicaci\u00f3n, por parte de los autores y el presidente de los Ataos , hicieron el reparto a los alumnos del curso antes mencionado, visitando los diferentes centros educativos, y realizando preguntas tanto los ni\u00f1os, como los presentadores de la Obra.<br><br>Resaltando la complicidad de los profesores, para este acto emotivo, y dedicado a los ni\u00f1os, como futuras semillas de nuestra Semana Santa.<br><br><\/td><\/tr><\/tbody><\/table><\/figure>\n","protected":false},"excerpt":{"rendered":"<p>\u00abTONA MUSICAL\u00bb MUJER MANANTERA &nbsp; El viernes 3 de febrero, en el ex convento de\u00a0Ntra. Sra. de la Victoria (Los frailes) a las 20:00 h., del a\u00f1o 2016, tuvo lugar la presentaci\u00f3n del libro\u00a0Puente-Genil y su Semana Santa:\u00a0Dos historias paralelas, publicado por el Ayuntamiento de la villa la pasada cuaresma, con motivo del CCCL aniversario&hellip;&nbsp;<a href=\"https:\/\/www.losataos.org\/w\/presentacion-libro\/\" rel=\"bookmark\">Leer m\u00e1s &raquo;<span class=\"screen-reader-text\">Presentaci\u00f3n Libro<\/span><\/a><\/p>\n","protected":false},"author":2,"featured_media":0,"parent":0,"menu_order":0,"comment_status":"closed","ping_status":"open","template":"","meta":{"neve_meta_sidebar":"","neve_meta_container":"","neve_meta_enable_content_width":"","neve_meta_content_width":0,"neve_meta_title_alignment":"","neve_meta_author_avatar":"","neve_post_elements_order":"","neve_meta_disable_header":"","neve_meta_disable_footer":"","neve_meta_disable_title":"","footnotes":""},"wf_page_folders":[33],"class_list":["post-2421","page","type-page","status-publish","hentry"],"jetpack_sharing_enabled":true,"_links":{"self":[{"href":"https:\/\/www.losataos.org\/w\/wp-json\/wp\/v2\/pages\/2421","targetHints":{"allow":["GET"]}}],"collection":[{"href":"https:\/\/www.losataos.org\/w\/wp-json\/wp\/v2\/pages"}],"about":[{"href":"https:\/\/www.losataos.org\/w\/wp-json\/wp\/v2\/types\/page"}],"author":[{"embeddable":true,"href":"https:\/\/www.losataos.org\/w\/wp-json\/wp\/v2\/users\/2"}],"replies":[{"embeddable":true,"href":"https:\/\/www.losataos.org\/w\/wp-json\/wp\/v2\/comments?post=2421"}],"version-history":[{"count":1,"href":"https:\/\/www.losataos.org\/w\/wp-json\/wp\/v2\/pages\/2421\/revisions"}],"predecessor-version":[{"id":2423,"href":"https:\/\/www.losataos.org\/w\/wp-json\/wp\/v2\/pages\/2421\/revisions\/2423"}],"wp:attachment":[{"href":"https:\/\/www.losataos.org\/w\/wp-json\/wp\/v2\/media?parent=2421"}],"wp:term":[{"taxonomy":"wf_page_folders","embeddable":true,"href":"https:\/\/www.losataos.org\/w\/wp-json\/wp\/v2\/wf_page_folders?post=2421"}],"curies":[{"name":"wp","href":"https:\/\/api.w.org\/{rel}","templated":true}]}}

Presentación Libro

<figure class="wp-block-image size-full"><img fetchpriority="high" decoding="async" width="768" height="546" src="http://www.losataos.org/w/wp-content/uploads/lbiro.jpg" alt="" class="wp-image-2422" srcset="https://www.losataos.org/w/wp-content/uploads/lbiro.jpg 768w, https://www.losataos.org/w/wp-content/uploads/lbiro-300x213.jpg 300w" sizes="(max-width: 768px) 100vw, 768px" /></figure>



<p><strong>«TONA MUSICAL» MUJER MANANTERA</strong></p>



<figure class="wp-block-table"><table><tbody><tr><td>&nbsp;</td></tr><tr><td>El viernes 3 de febrero, en el ex convento de N<sup>tra</sup>. S<sup>ra</sup>. de la Victoria (Los frailes) a las 20:00 h., del año 2016, tuvo lugar la presentación del libro <em>Puente-Genil y su Semana Santa<strong>:</strong> <strong>Dos historias paralelas</strong></em>, publicado por el Ayuntamiento de la villa la pasada cuaresma, con <strong>motivo del CCCL aniversario de Dimas</strong> y Gestas (Los Ataos), y que fuera entregado a los alumnos de 6º de primaria de nuestra localidad.<br>Los autores en una exposición de Semana Santa<br><br>Esta obra de 64 páginas, escrita en un lenguaje sencillo, está dirigida no sólo a niños, sino a jóvenes y adultos que deseen acercarse a la historia y descripción de Puente-Genil, y al origen y desarrollo paralelo de nuestra Semana Santa; explicando las características generales del funcionamiento, símbolos y vivencias de esta fiesta, y de los sucesos, costumbres y evolución propios de nuestra villa, desde sus inicios hasta la actualidad.<br><br>En la presentación intervinieron: el alcalde, Esteban Morales; el presidente de los Ataos la pasada Semana Santa, Emilio Palos; y los autores, Virginia Mª Gil y Luis Velasco.<br><br>Una vez presentado el libro a los medios de comunicación, por parte de los autores y el presidente de los Ataos , hicieron el reparto a los alumnos del curso antes mencionado, visitando los diferentes centros educativos, y realizando preguntas tanto los niños, como los presentadores de la Obra.<br><br>Resaltando la complicidad de los profesores, para este acto emotivo, y dedicado a los niños, como futuras semillas de nuestra Semana Santa.<br><br></td></tr></tbody></table></figure>

<p>«TONA MUSICAL» MUJER MANANTERA &nbsp; El viernes 3 de febrero, en el ex convento de Ntra. Sra. de la Victoria (Los frailes) a las 20:00 h., del año 2016, tuvo lugar la presentación del libro Puente-Genil y su Semana Santa: Dos historias paralelas, publicado por el Ayuntamiento de la villa la pasada cuaresma, con motivo del CCCL aniversario&hellip;&nbsp;<a href="https://www.losataos.org/w/presentacion-libro/" rel="bookmark">Leer más &raquo;<span class="screen-reader-text">Presentación Libro</span></a></p>
