{"id":2401,"date":"2021-08-09T22:10:36","date_gmt":"2021-08-09T22:10:36","guid":{"rendered":"http:\/\/www.losataos.org\/w\/?page_id=2401"},"modified":"2021-11-19T16:43:38","modified_gmt":"2021-11-19T16:43:38","slug":"cena-el-sabado-de-transfiguracion","status":"publish","type":"page","link":"https:\/\/www.losataos.org\/w\/cena-el-sabado-de-transfiguracion\/","title":{"rendered":"Cena el s\u00e1bado de Transfiguraci\u00f3n."},"content":{"rendered":"\t\t<div data-elementor-type=\"wp-page\" data-elementor-id=\"2401\" class=\"elementor elementor-2401\" data-elementor-post-type=\"page\">\n\t\t\t\t\t\t<section class=\"elementor-section elementor-top-section elementor-element elementor-element-28a5dcba elementor-section-boxed elementor-section-height-default elementor-section-height-default\" data-id=\"28a5dcba\" data-element_type=\"section\" data-e-type=\"section\">\n\t\t\t\t\t\t<div class=\"elementor-container elementor-column-gap-default\">\n\t\t\t\t\t<div class=\"elementor-column elementor-col-100 elementor-top-column elementor-element elementor-element-69a075f1\" data-id=\"69a075f1\" data-element_type=\"column\" data-e-type=\"column\">\n\t\t\t<div class=\"elementor-widget-wrap elementor-element-populated\">\n\t\t\t\t\t\t<div class=\"elementor-element elementor-element-2d3c898c elementor-widget elementor-widget-text-editor\" data-id=\"2d3c898c\" data-element_type=\"widget\" data-e-type=\"widget\" data-widget_type=\"text-editor.default\">\n\t\t\t\t<div class=\"elementor-widget-container\">\n\t\t\t\t\t\t\t\t\t\n<div class=\"wp-block-kadence-rowlayout alignnone\">\n<div id=\"kt-layout-id_ecfb37-44\" class=\"kt-row-layout-inner kt-layout-id_ecfb37-44\">\n<div class=\"kt-row-column-wrap kt-has-3-columns kt-gutter-default kt-v-gutter-default kt-row-valign-top kt-row-layout-center-half kt-tab-layout-inherit kt-m-colapse-left-to-right kt-mobile-layout-row\">\n<div class=\"wp-block-kadence-column inner-column-1 kadence-column_30055e-2c\">\n<div class=\"kt-inside-inner-col\" style=\"text-align: center;\">\u00a0<\/div>\n<\/div>\n\n<div class=\"wp-block-kadence-column inner-column-2 kadence-column_3aa81f-52\">\n<div class=\"kt-inside-inner-col\">\n<figure class=\"wp-block-image size-full\"><img fetchpriority=\"high\" decoding=\"async\" width=\"960\" height=\"635\" class=\"wp-image-2399 aligncenter\" src=\"http:\/\/www.losataos.org\/w\/wp-content\/uploads\/ATAOS-1.jpg\" alt=\"\" srcset=\"https:\/\/www.losataos.org\/w\/wp-content\/uploads\/ATAOS-1.jpg 960w, https:\/\/www.losataos.org\/w\/wp-content\/uploads\/ATAOS-1-300x198.jpg 300w, https:\/\/www.losataos.org\/w\/wp-content\/uploads\/ATAOS-1-768x508.jpg 768w\" sizes=\"(max-width: 960px) 100vw, 960px\" \/><\/figure>\n<\/div>\n<\/div>\n\n<div class=\"wp-block-kadence-column inner-column-3 kadence-column_a5b935-84\">\n<div class=\"kt-inside-inner-col\">\u00a0<\/div>\n<\/div>\n<\/div>\n<\/div>\n<\/div>\n\n<p>La corporaci\u00f3n b\u00edblica de Los Ataos con motivo de la celebraci\u00f3n del 350 aniversario de las figuras de las Gestas y Dimas invitaron a un grupo de mujeres representativas del mundo de la Semana Santa y la pol\u00edtica, a las que invitaron para compartir la cena del tercer s\u00e1bado de cuaresma, Transfiguraci\u00f3n, en su casa cuartel como un hecho in\u00e9dito.<\/p>\n\n<div class=\"wp-block-image\">\n<figure class=\"aligncenter\"><a href=\"http:\/\/2.puentegenilnoticias.com\/wp-content\/uploads\/2016\/02\/ATAOS-2.jpg\"><img decoding=\"async\" class=\"wp-image-17041\" src=\"http:\/\/2.puentegenilnoticias.com\/wp-content\/uploads\/2016\/02\/ATAOS-2-300x198.jpg\" alt=\"ATAOS 2\" \/><\/a><\/figure>\n<\/div>\n\n<p>Asistieron la primera mujer cofrade de las hermandades de Gloria, Encarnaci\u00f3n Estepa; la primera cofrade mayor de Pasi\u00f3n, Inmaculada Palomo. Las presidentas de los grupos de mujeres, Hijas de Salfad, el Legado de Mar\u00eda y la Sagrada Alianza. As\u00ed como la periodista y primera mujer exaltadora del Jueves Lardero, Virginia Requena. La historiadora, Virginia Gil y la fot\u00f3grafa, Bel\u00e9n Garc\u00eda.<\/p>\n\n<p><br \/>En representaci\u00f3n de la Diputaci\u00f3n de C\u00f3rdoba, Ana Carrillo. En representaci\u00f3n ayuntamiento asistieron la edil de Hacienda, Ver\u00f3nica Morillo y de Festejos, Mariola Gonz\u00e1lez. Tambi\u00e9n el portavoz del PP en la corporaci\u00f3n municipal, Antonio Pineda. Y el presidente de la Agrupaci\u00f3n de cofrad\u00edas, corporaciones b\u00edblicas y hermandades, Juan Miguel Granados, quien quiso estar presente\u00a0 \u201cpara respaldar a los hermanos de Los Ataos\u201d.<\/p>\n\n<p><br \/>Las representantes municipales mostraron el apoyo de la instituci\u00f3n por la iniciativa valorando \u201cla apuesta por la igualdad\u201d. Por parte de las hermanas de los cuarteles resaltaron el acto en clave de igualdad y emplazaron \u201ca otras corporaciones a hacer lo mismo\u201d. Calificando la iniciativa de \u201chito hist\u00f3rico\u201d.<br \/>Estepa explic\u00f3 su experiencia en el cargo,\u00a0 al tiempo que valor\u00f3 el \u201ctrabajo de su directiva quienes me han hecho sentir muy bien\u201d.<\/p>\n\n<p><br \/>Mientras que la periodista Virginia Requena realiz\u00f3 una valoraci\u00f3n distinta\u00a0 \u201cagradezco la invitaci\u00f3n pero asisto porque entiendo que es un acto conmemorativo y puntual\u201d. Al tiempo que solicit\u00f3 a los Ataos que \u201csig\u00e1is siendo responsables con el legado material y humano que hab\u00e9is recibido, y no cambies el paso\u201d.<br \/>Las invitados acompa\u00f1aron a los hermanos en la subida al Calvario, disfrutaron de la m\u00fasica y en especial de la marcha lenta que interpretan Los Ataos cada s\u00e1bado en su descenso al cuartel por la calle Horno.<\/p>\n\n<div class=\"wp-block-image\">\n<figure class=\"alignright\"><a href=\"http:\/\/2.puentegenilnoticias.com\/wp-content\/uploads\/2016\/02\/ATAOS-3.jpg\"><img decoding=\"async\" class=\"wp-image-17043\" src=\"http:\/\/2.puentegenilnoticias.com\/wp-content\/uploads\/2016\/02\/ATAOS-3-300x198.jpg\" alt=\"ATAOS 3\" width=\"222\" height=\"146\" \/><\/a>\n<figcaption><sup>Entrega de la Pata de Transfiguraci\u00f3n a Do\u00f1a Ana Carrillo<\/sup><\/figcaption>\n<\/figure>\n<\/div>\n\n<p>La vicepresidenta de la Diputaci\u00f3n, Ana Carrillo recibi\u00f3 la tercera pata de la vieja cuaresmera, Transfiguraci\u00f3n.<\/p>\n\n<p>\u00a0<\/p>\n\n<p>\u00a0<\/p>\n\n<p>\u00a0<\/p>\n\n<p>\u00a0<\/p>\n\n<p>\u00a0<\/p>\n\n<figure class=\"wp-block-image size-full\"><a href=\"https:\/\/photos.app.goo.gl\/igqw8qJSdLJxPesm8\" target=\"_blank\" rel=\"noopener\"><img decoding=\"async\" width=\"800\" height=\"546\" class=\"wp-image-2404 aligncenter\" src=\"http:\/\/www.losataos.org\/w\/wp-content\/uploads\/transfiguracion.jpg\" alt=\"\" srcset=\"https:\/\/www.losataos.org\/w\/wp-content\/uploads\/transfiguracion.jpg 800w, https:\/\/www.losataos.org\/w\/wp-content\/uploads\/transfiguracion-300x205.jpg 300w, https:\/\/www.losataos.org\/w\/wp-content\/uploads\/transfiguracion-768x524.jpg 768w\" sizes=\"(max-width: 800px) 100vw, 800px\" \/><\/a><\/figure>\n<p>pulsa sobre la imagen para ver el \u00e1lbum completo de esta noche<\/p>\n\t\t\t\t\t\t\t\t<\/div>\n\t\t\t\t<\/div>\n\t\t\t\t\t<\/div>\n\t\t<\/div>\n\t\t\t\t\t<\/div>\n\t\t<\/section>\n\t\t\t\t<\/div>\n\t\t","protected":false},"excerpt":{"rendered":"<p>La corporaci\u00f3n b\u00edblica de Los Ataos con motivo de la celebraci\u00f3n del 350 aniversario de las figuras de las Gestas y Dimas invitaron a un grupo de mujeres representativas del mundo de la Semana Santa y la pol\u00edtica, a las que invitaron para compartir la cena del tercer s\u00e1bado de cuaresma, Transfiguraci\u00f3n, en su casa&hellip;&nbsp;<a href=\"https:\/\/www.losataos.org\/w\/cena-el-sabado-de-transfiguracion\/\" rel=\"bookmark\">Leer m\u00e1s &raquo;<span class=\"screen-reader-text\">Cena el s\u00e1bado de Transfiguraci\u00f3n.<\/span><\/a><\/p>\n","protected":false},"author":2,"featured_media":0,"parent":0,"menu_order":0,"comment_status":"closed","ping_status":"open","template":"","meta":{"neve_meta_sidebar":"","neve_meta_container":"","neve_meta_enable_content_width":"","neve_meta_content_width":0,"neve_meta_title_alignment":"","neve_meta_author_avatar":"","neve_post_elements_order":"","neve_meta_disable_header":"","neve_meta_disable_footer":"","neve_meta_disable_title":"","footnotes":""},"wf_page_folders":[33],"class_list":["post-2401","page","type-page","status-publish","hentry"],"jetpack_sharing_enabled":true,"_links":{"self":[{"href":"https:\/\/www.losataos.org\/w\/wp-json\/wp\/v2\/pages\/2401","targetHints":{"allow":["GET"]}}],"collection":[{"href":"https:\/\/www.losataos.org\/w\/wp-json\/wp\/v2\/pages"}],"about":[{"href":"https:\/\/www.losataos.org\/w\/wp-json\/wp\/v2\/types\/page"}],"author":[{"embeddable":true,"href":"https:\/\/www.losataos.org\/w\/wp-json\/wp\/v2\/users\/2"}],"replies":[{"embeddable":true,"href":"https:\/\/www.losataos.org\/w\/wp-json\/wp\/v2\/comments?post=2401"}],"version-history":[{"count":5,"href":"https:\/\/www.losataos.org\/w\/wp-json\/wp\/v2\/pages\/2401\/revisions"}],"predecessor-version":[{"id":2856,"href":"https:\/\/www.losataos.org\/w\/wp-json\/wp\/v2\/pages\/2401\/revisions\/2856"}],"wp:attachment":[{"href":"https:\/\/www.losataos.org\/w\/wp-json\/wp\/v2\/media?parent=2401"}],"wp:term":[{"taxonomy":"wf_page_folders","embeddable":true,"href":"https:\/\/www.losataos.org\/w\/wp-json\/wp\/v2\/wf_page_folders?post=2401"}],"curies":[{"name":"wp","href":"https:\/\/api.w.org\/{rel}","templated":true}]}}

Cena el sábado de Transfiguración.

<div data-elementor-type="wp-page" data-elementor-id="2401" class="elementor elementor-2401" data-elementor-post-type="page">
						<section class="elementor-section elementor-top-section elementor-element elementor-element-28a5dcba elementor-section-boxed elementor-section-height-default elementor-section-height-default" data-id="28a5dcba" data-element_type="section" data-e-type="section">
						<div class="elementor-container elementor-column-gap-default">
					<div class="elementor-column elementor-col-100 elementor-top-column elementor-element elementor-element-69a075f1" data-id="69a075f1" data-element_type="column" data-e-type="column">
			<div class="elementor-widget-wrap elementor-element-populated">
						<div class="elementor-element elementor-element-2d3c898c elementor-widget elementor-widget-text-editor" data-id="2d3c898c" data-element_type="widget" data-e-type="widget" data-widget_type="text-editor.default">
				<div class="elementor-widget-container">
									
<div class="wp-block-kadence-rowlayout alignnone">
<div id="kt-layout-id_ecfb37-44" class="kt-row-layout-inner kt-layout-id_ecfb37-44">
<div class="kt-row-column-wrap kt-has-3-columns kt-gutter-default kt-v-gutter-default kt-row-valign-top kt-row-layout-center-half kt-tab-layout-inherit kt-m-colapse-left-to-right kt-mobile-layout-row">
<div class="wp-block-kadence-column inner-column-1 kadence-column_30055e-2c">
<div class="kt-inside-inner-col" style="text-align: center;"> </div>
</div>

<div class="wp-block-kadence-column inner-column-2 kadence-column_3aa81f-52">
<div class="kt-inside-inner-col">
<figure class="wp-block-image size-full"><img fetchpriority="high" decoding="async" width="960" height="635" class="wp-image-2399 aligncenter" src="http://www.losataos.org/w/wp-content/uploads/ATAOS-1.jpg" alt="" srcset="https://www.losataos.org/w/wp-content/uploads/ATAOS-1.jpg 960w, https://www.losataos.org/w/wp-content/uploads/ATAOS-1-300x198.jpg 300w, https://www.losataos.org/w/wp-content/uploads/ATAOS-1-768x508.jpg 768w" sizes="(max-width: 960px) 100vw, 960px" /></figure>
</div>
</div>

<div class="wp-block-kadence-column inner-column-3 kadence-column_a5b935-84">
<div class="kt-inside-inner-col"> </div>
</div>
</div>
</div>
</div>

<p>La corporación bíblica de Los Ataos con motivo de la celebración del 350 aniversario de las figuras de las Gestas y Dimas invitaron a un grupo de mujeres representativas del mundo de la Semana Santa y la política, a las que invitaron para compartir la cena del tercer sábado de cuaresma, Transfiguración, en su casa cuartel como un hecho inédito.</p>

<div class="wp-block-image">
<figure class="aligncenter"><a href="http://2.puentegenilnoticias.com/wp-content/uploads/2016/02/ATAOS-2.jpg"><img decoding="async" class="wp-image-17041" src="http://2.puentegenilnoticias.com/wp-content/uploads/2016/02/ATAOS-2-300x198.jpg" alt="ATAOS 2" /></a></figure>
</div>

<p>Asistieron la primera mujer cofrade de las hermandades de Gloria, Encarnación Estepa; la primera cofrade mayor de Pasión, Inmaculada Palomo. Las presidentas de los grupos de mujeres, Hijas de Salfad, el Legado de María y la Sagrada Alianza. Así como la periodista y primera mujer exaltadora del Jueves Lardero, Virginia Requena. La historiadora, Virginia Gil y la fotógrafa, Belén García.</p>

<p><br />En representación de la Diputación de Córdoba, Ana Carrillo. En representación ayuntamiento asistieron la edil de Hacienda, Verónica Morillo y de Festejos, Mariola González. También el portavoz del PP en la corporación municipal, Antonio Pineda. Y el presidente de la Agrupación de cofradías, corporaciones bíblicas y hermandades, Juan Miguel Granados, quien quiso estar presente  “para respaldar a los hermanos de Los Ataos”.</p>

<p><br />Las representantes municipales mostraron el apoyo de la institución por la iniciativa valorando “la apuesta por la igualdad”. Por parte de las hermanas de los cuarteles resaltaron el acto en clave de igualdad y emplazaron “a otras corporaciones a hacer lo mismo”. Calificando la iniciativa de “hito histórico”.<br />Estepa explicó su experiencia en el cargo,  al tiempo que valoró el “trabajo de su directiva quienes me han hecho sentir muy bien”.</p>

<p><br />Mientras que la periodista Virginia Requena realizó una valoración distinta  “agradezco la invitación pero asisto porque entiendo que es un acto conmemorativo y puntual”. Al tiempo que solicitó a los Ataos que “sigáis siendo responsables con el legado material y humano que habéis recibido, y no cambies el paso”.<br />Las invitados acompañaron a los hermanos en la subida al Calvario, disfrutaron de la música y en especial de la marcha lenta que interpretan Los Ataos cada sábado en su descenso al cuartel por la calle Horno.</p>

<div class="wp-block-image">
<figure class="alignright"><a href="http://2.puentegenilnoticias.com/wp-content/uploads/2016/02/ATAOS-3.jpg"><img decoding="async" class="wp-image-17043" src="http://2.puentegenilnoticias.com/wp-content/uploads/2016/02/ATAOS-3-300x198.jpg" alt="ATAOS 3" width="222" height="146" /></a>
<figcaption><sup>Entrega de la Pata de Transfiguración a Doña Ana Carrillo</sup></figcaption>
</figure>
</div>

<p>La vicepresidenta de la Diputación, Ana Carrillo recibió la tercera pata de la vieja cuaresmera, Transfiguración.</p>

<p> </p>

<p> </p>

<p> </p>

<p> </p>

<p> </p>

<figure class="wp-block-image size-full"><a href="https://photos.app.goo.gl/igqw8qJSdLJxPesm8" target="_blank" rel="noopener"><img decoding="async" width="800" height="546" class="wp-image-2404 aligncenter" src="http://www.losataos.org/w/wp-content/uploads/transfiguracion.jpg" alt="" srcset="https://www.losataos.org/w/wp-content/uploads/transfiguracion.jpg 800w, https://www.losataos.org/w/wp-content/uploads/transfiguracion-300x205.jpg 300w, https://www.losataos.org/w/wp-content/uploads/transfiguracion-768x524.jpg 768w" sizes="(max-width: 800px) 100vw, 800px" /></a></figure>
<p>pulsa sobre la imagen para ver el álbum completo de esta noche</p>
								</div>
				</div>
					</div>
		</div>
					</div>
		</section>
				</div>

<p>La corporación bíblica de Los Ataos con motivo de la celebración del 350 aniversario de las figuras de las Gestas y Dimas invitaron a un grupo de mujeres representativas del mundo de la Semana Santa y la política, a las que invitaron para compartir la cena del tercer sábado de cuaresma, Transfiguración, en su casa&hellip;&nbsp;<a href="https://www.losataos.org/w/cena-el-sabado-de-transfiguracion/" rel="bookmark">Leer más &raquo;<span class="screen-reader-text">Cena el sábado de Transfiguración.</span></a></p>
