{"id":2394,"date":"2021-08-09T21:57:38","date_gmt":"2021-08-09T21:57:38","guid":{"rendered":"http:\/\/www.losataos.org\/w\/?page_id=2394"},"modified":"2021-11-19T16:52:11","modified_gmt":"2021-11-19T16:52:11","slug":"visita-fitur","status":"publish","type":"page","link":"https:\/\/www.losataos.org\/w\/visita-fitur\/","title":{"rendered":"Visita Fitur"},"content":{"rendered":"\t\t<div data-elementor-type=\"wp-page\" data-elementor-id=\"2394\" class=\"elementor elementor-2394\" data-elementor-post-type=\"page\">\n\t\t\t\t\t\t<section class=\"elementor-section elementor-top-section elementor-element elementor-element-2c8004a elementor-section-boxed elementor-section-height-default elementor-section-height-default\" data-id=\"2c8004a\" data-element_type=\"section\" data-e-type=\"section\">\n\t\t\t\t\t\t<div class=\"elementor-container elementor-column-gap-default\">\n\t\t\t\t\t<div class=\"elementor-column elementor-col-100 elementor-top-column elementor-element elementor-element-12c86115\" data-id=\"12c86115\" data-element_type=\"column\" data-e-type=\"column\">\n\t\t\t<div class=\"elementor-widget-wrap elementor-element-populated\">\n\t\t\t\t\t\t<div class=\"elementor-element elementor-element-26e49bb2 elementor-widget elementor-widget-text-editor\" data-id=\"26e49bb2\" data-element_type=\"widget\" data-e-type=\"widget\" data-widget_type=\"text-editor.default\">\n\t\t\t\t<div class=\"elementor-widget-container\">\n\t\t\t\t\t\t\t\t\t\n<div class=\"wp-block-kadence-rowlayout alignnone\">\n<div id=\"kt-layout-id_ecfb37-44\" class=\"kt-row-layout-inner kt-layout-id_ecfb37-44\">\n<div class=\"kt-row-column-wrap kt-has-3-columns kt-gutter-default kt-v-gutter-default kt-row-valign-top kt-row-layout-center-half kt-tab-layout-inherit kt-m-colapse-left-to-right kt-mobile-layout-row\">\n<div class=\"wp-block-kadence-column inner-column-1 kadence-column_30055e-2c\">\n<div class=\"kt-inside-inner-col\">\u00a0<\/div>\n<\/div>\n\n<div class=\"wp-block-kadence-column inner-column-2 kadence-column_3aa81f-52\">\n<div class=\"kt-inside-inner-col\">\n<figure class=\"wp-block-image size-full\"><img fetchpriority=\"high\" decoding=\"async\" width=\"456\" height=\"293\" class=\"wp-image-2359 aligncenter\" src=\"http:\/\/www.losataos.org\/w\/wp-content\/uploads\/figur.png\" alt=\"\" srcset=\"https:\/\/www.losataos.org\/w\/wp-content\/uploads\/figur.png 456w, https:\/\/www.losataos.org\/w\/wp-content\/uploads\/figur-300x193.png 300w\" sizes=\"(max-width: 456px) 100vw, 456px\" \/><\/figure>\n<\/div>\n<\/div>\n\n<div class=\"wp-block-kadence-column inner-column-3 kadence-column_a5b935-84\">\n<div class=\"kt-inside-inner-col\">\u00a0<\/div>\n<\/div>\n<\/div>\n<\/div>\n<\/div>\n\n<p class=\"has-text-align-center\"><strong>VISITA A FITUR DE NUESTRA CORPORACI\u00d3N, PROMOCIONANDO NUESTRA SEMANA SANTA.<\/strong><\/p>\n\n<figure class=\"wp-block-table\">\n<table>\n<tbody>\n<tr>\n<td>\u00a0<\/td>\n<\/tr>\n<tr>\n<td>Sobre las 5 de la madrugada del d\u00eda 23 de Enero, part\u00eda desde Puente Genil, un autocar con unos treintena de hermanos Ataos y veinte hermanos m\u00fasicos, con destino a la capital de Espa\u00f1a (Madrid), para desfilar con \u201cT\u00fanicos y palos, y nuestros Pasodobles y Marchas Mananteras\u201d, en la Feria Internacional de Turismo (FITUR). Culminando el mismo, en el Stand de Puente Genil. Un Stand muy visitado y representativo de la Cultura y de la Semana Santa de nuestro pueblo y con una variedad de expositores de producto de nuestra tierra.<br \/><br \/>Un largo y fatigado viaje, que mereci\u00f3 la pena. Ya que fue todo un \u00e9xito, ver a los Ataos, todos uniformados y en formaci\u00f3n, desfilando y acompa\u00f1ados por muchos paisano residentes en Madrid y otros que acudieron a presenciar la puesta en escena, dejando un sabor cuaresmal, ante much\u00edsimos ciudadanos del mundo entero, que quedaron un poco sorprendidos por tal desfile. La estancia en la feria, duro aproximadamente 2 hora, ya que ten\u00edan que regresar a nuestro pueblo, antes de la 20 horas de la noche, para la misa y presentaci\u00f3n de los actos del 350 aniversario.<\/td>\n<\/tr>\n<\/tbody>\n<\/table>\n<\/figure>\n\n<figure class=\"wp-block-image size-full\"><a href=\"https:\/\/photos.app.goo.gl\/8wE7dgPNUp2eB5sBA\" target=\"_blank\" rel=\"noopener\"><img decoding=\"async\" width=\"800\" height=\"608\" class=\"wp-image-2395 aligncenter\" src=\"http:\/\/www.losataos.org\/w\/wp-content\/uploads\/Image00002.jpg\" alt=\"\" srcset=\"https:\/\/www.losataos.org\/w\/wp-content\/uploads\/Image00002.jpg 800w, https:\/\/www.losataos.org\/w\/wp-content\/uploads\/Image00002-300x228.jpg 300w, https:\/\/www.losataos.org\/w\/wp-content\/uploads\/Image00002-768x584.jpg 768w\" sizes=\"(max-width: 800px) 100vw, 800px\" \/><\/a>\n<figcaption>Pulsa sobre la imagen, para ver el \u00e1lbum de fotos de ese d\u00eda<\/figcaption>\n<\/figure>\n\n<figure class=\"wp-block-embed is-type-video is-provider-youtube wp-block-embed-youtube wp-embed-aspect-16-9 wp-has-aspect-ratio\"><\/figure>\n<figure class=\"wp-block-embed is-type-video is-provider-youtube wp-block-embed-youtube wp-embed-aspect-16-9 wp-has-aspect-ratio\">\n<div class=\"wp-block-embed__wrapper\">\u00a0<\/div>\n<\/figure>\n\t\t\t\t\t\t\t\t<\/div>\n\t\t\t\t<\/div>\n\t\t\t\t\t<\/div>\n\t\t<\/div>\n\t\t\t\t\t<\/div>\n\t\t<\/section>\n\t\t\t\t<section class=\"elementor-section elementor-top-section elementor-element elementor-element-d799399 elementor-section-boxed elementor-section-height-default elementor-section-height-default\" data-id=\"d799399\" data-element_type=\"section\" data-e-type=\"section\">\n\t\t\t\t\t\t<div class=\"elementor-container elementor-column-gap-default\">\n\t\t\t\t\t<div class=\"elementor-column elementor-col-100 elementor-top-column elementor-element elementor-element-87c0d09\" data-id=\"87c0d09\" data-element_type=\"column\" data-e-type=\"column\">\n\t\t\t<div class=\"elementor-widget-wrap elementor-element-populated\">\n\t\t\t\t\t\t<div class=\"elementor-element elementor-element-11573a8 elementor-widget elementor-widget-video\" data-id=\"11573a8\" data-element_type=\"widget\" data-e-type=\"widget\" data-settings=\"{&quot;youtube_url&quot;:&quot;https:\\\/\\\/www.youtube.com\\\/watch?v=rvNkqIxISXo&quot;,&quot;video_type&quot;:&quot;youtube&quot;,&quot;controls&quot;:&quot;yes&quot;}\" data-widget_type=\"video.default\">\n\t\t\t\t<div class=\"elementor-widget-container\">\n\t\t\t\t\t\t\t<div class=\"elementor-wrapper elementor-open-inline\">\n\t\t\t<div class=\"elementor-video\"><\/div>\t\t<\/div>\n\t\t\t\t\t\t<\/div>\n\t\t\t\t<\/div>\n\t\t\t\t\t<\/div>\n\t\t<\/div>\n\t\t\t\t\t<\/div>\n\t\t<\/section>\n\t\t\t\t<section class=\"elementor-section elementor-top-section elementor-element elementor-element-37ee954 elementor-section-boxed elementor-section-height-default elementor-section-height-default\" data-id=\"37ee954\" data-element_type=\"section\" data-e-type=\"section\">\n\t\t\t\t\t\t<div class=\"elementor-container elementor-column-gap-default\">\n\t\t\t\t\t<div class=\"elementor-column elementor-col-100 elementor-top-column elementor-element elementor-element-c91945d\" data-id=\"c91945d\" data-element_type=\"column\" data-e-type=\"column\">\n\t\t\t<div class=\"elementor-widget-wrap elementor-element-populated\">\n\t\t\t\t\t\t<div class=\"elementor-element elementor-element-6216ff3 elementor-widget elementor-widget-video\" data-id=\"6216ff3\" data-element_type=\"widget\" data-e-type=\"widget\" data-settings=\"{&quot;youtube_url&quot;:&quot;https:\\\/\\\/www.youtube.com\\\/watch?v=v2M6eY0xrRo&quot;,&quot;video_type&quot;:&quot;youtube&quot;,&quot;controls&quot;:&quot;yes&quot;}\" data-widget_type=\"video.default\">\n\t\t\t\t<div class=\"elementor-widget-container\">\n\t\t\t\t\t\t\t<div class=\"elementor-wrapper elementor-open-inline\">\n\t\t\t<div class=\"elementor-video\"><\/div>\t\t<\/div>\n\t\t\t\t\t\t<\/div>\n\t\t\t\t<\/div>\n\t\t\t\t\t<\/div>\n\t\t<\/div>\n\t\t\t\t\t<\/div>\n\t\t<\/section>\n\t\t\t\t<\/div>\n\t\t","protected":false},"excerpt":{"rendered":"<p>VISITA A FITUR DE NUESTRA CORPORACI\u00d3N, PROMOCIONANDO NUESTRA SEMANA SANTA. \u00a0 Sobre las 5 de la madrugada del d\u00eda 23 de Enero, part\u00eda desde Puente Genil, un autocar con unos treintena de hermanos Ataos y veinte hermanos m\u00fasicos, con destino a la capital de Espa\u00f1a (Madrid), para desfilar con \u201cT\u00fanicos y palos, y nuestros Pasodobles&hellip;&nbsp;<a href=\"https:\/\/www.losataos.org\/w\/visita-fitur\/\" rel=\"bookmark\">Leer m\u00e1s &raquo;<span class=\"screen-reader-text\">Visita Fitur<\/span><\/a><\/p>\n","protected":false},"author":2,"featured_media":0,"parent":0,"menu_order":0,"comment_status":"closed","ping_status":"open","template":"","meta":{"neve_meta_sidebar":"","neve_meta_container":"","neve_meta_enable_content_width":"","neve_meta_content_width":0,"neve_meta_title_alignment":"","neve_meta_author_avatar":"","neve_post_elements_order":"","neve_meta_disable_header":"","neve_meta_disable_footer":"","neve_meta_disable_title":"","footnotes":""},"wf_page_folders":[33],"class_list":["post-2394","page","type-page","status-publish","hentry"],"jetpack_sharing_enabled":true,"_links":{"self":[{"href":"https:\/\/www.losataos.org\/w\/wp-json\/wp\/v2\/pages\/2394","targetHints":{"allow":["GET"]}}],"collection":[{"href":"https:\/\/www.losataos.org\/w\/wp-json\/wp\/v2\/pages"}],"about":[{"href":"https:\/\/www.losataos.org\/w\/wp-json\/wp\/v2\/types\/page"}],"author":[{"embeddable":true,"href":"https:\/\/www.losataos.org\/w\/wp-json\/wp\/v2\/users\/2"}],"replies":[{"embeddable":true,"href":"https:\/\/www.losataos.org\/w\/wp-json\/wp\/v2\/comments?post=2394"}],"version-history":[{"count":7,"href":"https:\/\/www.losataos.org\/w\/wp-json\/wp\/v2\/pages\/2394\/revisions"}],"predecessor-version":[{"id":2862,"href":"https:\/\/www.losataos.org\/w\/wp-json\/wp\/v2\/pages\/2394\/revisions\/2862"}],"wp:attachment":[{"href":"https:\/\/www.losataos.org\/w\/wp-json\/wp\/v2\/media?parent=2394"}],"wp:term":[{"taxonomy":"wf_page_folders","embeddable":true,"href":"https:\/\/www.losataos.org\/w\/wp-json\/wp\/v2\/wf_page_folders?post=2394"}],"curies":[{"name":"wp","href":"https:\/\/api.w.org\/{rel}","templated":true}]}}

<div data-elementor-type="wp-page" data-elementor-id="2394" class="elementor elementor-2394" data-elementor-post-type="page">
						<section class="elementor-section elementor-top-section elementor-element elementor-element-2c8004a elementor-section-boxed elementor-section-height-default elementor-section-height-default" data-id="2c8004a" data-element_type="section" data-e-type="section">
						<div class="elementor-container elementor-column-gap-default">
					<div class="elementor-column elementor-col-100 elementor-top-column elementor-element elementor-element-12c86115" data-id="12c86115" data-element_type="column" data-e-type="column">
			<div class="elementor-widget-wrap elementor-element-populated">
						<div class="elementor-element elementor-element-26e49bb2 elementor-widget elementor-widget-text-editor" data-id="26e49bb2" data-element_type="widget" data-e-type="widget" data-widget_type="text-editor.default">
				<div class="elementor-widget-container">
									
<div class="wp-block-kadence-rowlayout alignnone">
<div id="kt-layout-id_ecfb37-44" class="kt-row-layout-inner kt-layout-id_ecfb37-44">
<div class="kt-row-column-wrap kt-has-3-columns kt-gutter-default kt-v-gutter-default kt-row-valign-top kt-row-layout-center-half kt-tab-layout-inherit kt-m-colapse-left-to-right kt-mobile-layout-row">
<div class="wp-block-kadence-column inner-column-1 kadence-column_30055e-2c">
<div class="kt-inside-inner-col"> </div>
</div>

<div class="wp-block-kadence-column inner-column-2 kadence-column_3aa81f-52">
<div class="kt-inside-inner-col">
<figure class="wp-block-image size-full"><img fetchpriority="high" decoding="async" width="456" height="293" class="wp-image-2359 aligncenter" src="http://www.losataos.org/w/wp-content/uploads/figur.png" alt="" srcset="https://www.losataos.org/w/wp-content/uploads/figur.png 456w, https://www.losataos.org/w/wp-content/uploads/figur-300x193.png 300w" sizes="(max-width: 456px) 100vw, 456px" /></figure>
</div>
</div>

<div class="wp-block-kadence-column inner-column-3 kadence-column_a5b935-84">
<div class="kt-inside-inner-col"> </div>
</div>
</div>
</div>
</div>

<p class="has-text-align-center"><strong>VISITA A FITUR DE NUESTRA CORPORACIÓN, PROMOCIONANDO NUESTRA SEMANA SANTA.</strong></p>

<figure class="wp-block-table">
<table>
<tbody>
<tr>
<td> </td>
</tr>
<tr>
<td>Sobre las 5 de la madrugada del día 23 de Enero, partía desde Puente Genil, un autocar con unos treintena de hermanos Ataos y veinte hermanos músicos, con destino a la capital de España (Madrid), para desfilar con “Túnicos y palos, y nuestros Pasodobles y Marchas Mananteras”, en la Feria Internacional de Turismo (FITUR). Culminando el mismo, en el Stand de Puente Genil. Un Stand muy visitado y representativo de la Cultura y de la Semana Santa de nuestro pueblo y con una variedad de expositores de producto de nuestra tierra.<br /><br />Un largo y fatigado viaje, que mereció la pena. Ya que fue todo un éxito, ver a los Ataos, todos uniformados y en formación, desfilando y acompañados por muchos paisano residentes en Madrid y otros que acudieron a presenciar la puesta en escena, dejando un sabor cuaresmal, ante muchísimos ciudadanos del mundo entero, que quedaron un poco sorprendidos por tal desfile. La estancia en la feria, duro aproximadamente 2 hora, ya que tenían que regresar a nuestro pueblo, antes de la 20 horas de la noche, para la misa y presentación de los actos del 350 aniversario.</td>
</tr>
</tbody>
</table>
</figure>

<figure class="wp-block-image size-full"><a href="https://photos.app.goo.gl/8wE7dgPNUp2eB5sBA" target="_blank" rel="noopener"><img decoding="async" width="800" height="608" class="wp-image-2395 aligncenter" src="http://www.losataos.org/w/wp-content/uploads/Image00002.jpg" alt="" srcset="https://www.losataos.org/w/wp-content/uploads/Image00002.jpg 800w, https://www.losataos.org/w/wp-content/uploads/Image00002-300x228.jpg 300w, https://www.losataos.org/w/wp-content/uploads/Image00002-768x584.jpg 768w" sizes="(max-width: 800px) 100vw, 800px" /></a>
<figcaption>Pulsa sobre la imagen, para ver el álbum de fotos de ese día</figcaption>
</figure>

<figure class="wp-block-embed is-type-video is-provider-youtube wp-block-embed-youtube wp-embed-aspect-16-9 wp-has-aspect-ratio"></figure>
<figure class="wp-block-embed is-type-video is-provider-youtube wp-block-embed-youtube wp-embed-aspect-16-9 wp-has-aspect-ratio">
<div class="wp-block-embed__wrapper"> </div>
</figure>
								</div>
				</div>
					</div>
		</div>
					</div>
		</section>
				<section class="elementor-section elementor-top-section elementor-element elementor-element-d799399 elementor-section-boxed elementor-section-height-default elementor-section-height-default" data-id="d799399" data-element_type="section" data-e-type="section">
						<div class="elementor-container elementor-column-gap-default">
					<div class="elementor-column elementor-col-100 elementor-top-column elementor-element elementor-element-87c0d09" data-id="87c0d09" data-element_type="column" data-e-type="column">
			<div class="elementor-widget-wrap elementor-element-populated">
						<div class="elementor-element elementor-element-11573a8 elementor-widget elementor-widget-video" data-id="11573a8" data-element_type="widget" data-e-type="widget" data-settings="{&quot;youtube_url&quot;:&quot;https:\/\/www.youtube.com\/watch?v=rvNkqIxISXo&quot;,&quot;video_type&quot;:&quot;youtube&quot;,&quot;controls&quot;:&quot;yes&quot;}" data-widget_type="video.default">
				<div class="elementor-widget-container">
							<div class="elementor-wrapper elementor-open-inline">
			<div class="elementor-video"></div>		</div>
						</div>
				</div>
					</div>
		</div>
					</div>
		</section>
				<section class="elementor-section elementor-top-section elementor-element elementor-element-37ee954 elementor-section-boxed elementor-section-height-default elementor-section-height-default" data-id="37ee954" data-element_type="section" data-e-type="section">
						<div class="elementor-container elementor-column-gap-default">
					<div class="elementor-column elementor-col-100 elementor-top-column elementor-element elementor-element-c91945d" data-id="c91945d" data-element_type="column" data-e-type="column">
			<div class="elementor-widget-wrap elementor-element-populated">
						<div class="elementor-element elementor-element-6216ff3 elementor-widget elementor-widget-video" data-id="6216ff3" data-element_type="widget" data-e-type="widget" data-settings="{&quot;youtube_url&quot;:&quot;https:\/\/www.youtube.com\/watch?v=v2M6eY0xrRo&quot;,&quot;video_type&quot;:&quot;youtube&quot;,&quot;controls&quot;:&quot;yes&quot;}" data-widget_type="video.default">
				<div class="elementor-widget-container">
							<div class="elementor-wrapper elementor-open-inline">
			<div class="elementor-video"></div>		</div>
						</div>
				</div>
					</div>
		</div>
					</div>
		</section>
				</div>

<p>VISITA A FITUR DE NUESTRA CORPORACIÓN, PROMOCIONANDO NUESTRA SEMANA SANTA.   Sobre las 5 de la madrugada del día 23 de Enero, partía desde Puente Genil, un autocar con unos treintena de hermanos Ataos y veinte hermanos músicos, con destino a la capital de España (Madrid), para desfilar con “Túnicos y palos, y nuestros Pasodobles&hellip;&nbsp;<a href="https://www.losataos.org/w/visita-fitur/" rel="bookmark">Leer más &raquo;<span class="screen-reader-text">Visita Fitur</span></a></p>
