{"id":2387,"date":"2021-08-09T21:47:13","date_gmt":"2021-08-09T21:47:13","guid":{"rendered":"http:\/\/www.losataos.org\/w\/?page_id=2387"},"modified":"2021-08-09T21:49:57","modified_gmt":"2021-08-09T21:49:57","slug":"musica-y-cante-2","status":"publish","type":"page","link":"https:\/\/www.losataos.org\/w\/musica-y-cante-2\/","title":{"rendered":"Tonada Musical"},"content":{"rendered":"\n<div class=\"wp-block-kadence-rowlayout alignnone\"><div id=\"kt-layout-id_ecfb37-44\" class=\"kt-row-layout-inner kt-layout-id_ecfb37-44\"><div class=\"kt-row-column-wrap kt-has-3-columns kt-gutter-default kt-v-gutter-default kt-row-valign-top kt-row-layout-center-half kt-tab-layout-inherit kt-m-colapse-left-to-right kt-mobile-layout-row\">\n<div class=\"wp-block-kadence-column inner-column-1 kadence-column_30055e-2c\"><div class=\"kt-inside-inner-col\"><\/div><\/div>\n\n\n\n<div class=\"wp-block-kadence-column inner-column-2 kadence-column_3aa81f-52\"><div class=\"kt-inside-inner-col\">\n<figure class=\"wp-block-image size-full\"><img fetchpriority=\"high\" decoding=\"async\" width=\"454\" height=\"638\" src=\"http:\/\/www.losataos.org\/w\/wp-content\/uploads\/TONADA.jpg\" alt=\"\" class=\"wp-image-2355\" srcset=\"https:\/\/www.losataos.org\/w\/wp-content\/uploads\/TONADA.jpg 454w, https:\/\/www.losataos.org\/w\/wp-content\/uploads\/TONADA-213x300.jpg 213w\" sizes=\"(max-width: 454px) 100vw, 454px\" \/><\/figure>\n<\/div><\/div>\n\n\n\n<div class=\"wp-block-kadence-column inner-column-3 kadence-column_a5b935-84\"><div class=\"kt-inside-inner-col\"><\/div><\/div>\n<\/div><\/div><\/div>\n\n\n\n<p><strong>\u00abTONA MUSICAL\u00bb MUJER MANANTERA<\/strong><\/p>\n\n\n\n<figure class=\"wp-block-table\"><table><tbody><tr><td>&nbsp;<\/td><\/tr><tr><td><br>El s\u00e1bado d\u00eda 20 de febrero, cuaresma y llamado de Transfiguraci\u00f3n 2016 y sobre las 12,30 del mediod\u00eda, part\u00eda del cuartel de los Ataos, una comitiva de hermanos, hermanas y hermanos m\u00fasicos, hacia el mirador de la C\/ Jes\u00fas, rotulado con el nombre de \u201cLa Mujer Manantera\u201d, donde los esperaban m\u00e1s de un centenar de mujeres de diferentes \u00e1mbitos de la vida Social, Estatal y Manantera de nuestra localidad.<br><br>All\u00ed, estaban acompa\u00f1adas por las hermanas de la corporaci\u00f3n \u201cLas Hijas de Salfad\u201d ,\u201cLegado de Mar\u00eda\u201d , \u201cLa Sagrada Alianza\u201d ,\u201cla Cofrade Mayor, de Jes\u00fas en su entrada en Jerusal\u00e9m\u201d , Pregonera del Jueves Lardero del 2015, Virginia Requena, Ana Carrillo, Vicepresidenta de la Diputaci\u00f3n de C\u00f3rdoba , la 1\u00ba Teniente de Alcalde Ver\u00f3nica Morillo y la Concejala de Igualdad Julia Romero. Junto con el Presidente de la Agrupaci\u00f3n de Cofrad\u00edas y Figuras B\u00edblicas, Juan Miguel Granados Morillo.<br><br>El motivo era la celebraci\u00f3n del d\u00eda de la Ton\u00e1 Musical Mujer Manantera, enmarcado en los actos del 350 Aniversario de las Figuras Dimas y Gestas, que la corporaci\u00f3n de los Ataos, organiza con tal motivo.<br><br>Tras el saludo de rigor, por parte de la directiva de Los Ataos. Toda la comitiva desfila desde dicha Plazuela, al comp\u00e1s de pasodobles mananteros Romanos y Ataos, hacia las cumbres del Calvario. Donde bajo el P\u00f3rtico de Jes\u00fas Nazareno, se entonaron el Miserere y el St\u00e1bat Mater.<br><br>Despu\u00e9s hac\u00edamos la bajada, traslad\u00e1ndonos desfilando a la Plaza de la Mananta, donde finalizo el acto. All\u00ed y en un peque\u00f1o escenario, se situaron el Presidente de los Ataos Emilio Palos, en compa\u00f1\u00eda de la representaci\u00f3n de las corporaciones femeninas, Virginia Requena y la representaci\u00f3n de la corporaci\u00f3n Municipal y de la diputaci\u00f3n.<br><br>El presidente de los Ataos, glosaba sobre la mujer Manantera, la cual ya ten\u00eda un destacado protagonismo en nuestra cuaresma y nuestra simpar Semana Santa. Pas\u00e1ndoles la palabra a cada una de las corporaciones anteriormente aludidas, a Virginia Requena, y la representaci\u00f3n del Ayuntamiento y de la Diputaci\u00f3n. Las cuales con breves palabras, coincid\u00edan el agradecimiento a la corporaci\u00f3n de los Ataos, por la apuesta de incluir en los actos del 350 Aniversario de Dimas y Gesta, este fabuloso d\u00eda dedicado a la Mujer Manantera, dejando patente de que los tiempos han cambiado y que la mujer tiene afortunadamente, un papel relevante y fundamental, en la Sociedad Civil, e Institucional y Manantera, en nuestro pueblo.<br><br>Cerraba el acto, una hermana de la corporaci\u00f3n de los Ataos, leyendo un peque\u00f1o manifiesto po\u00e9tico, dedicado a la mujer. Terminado este, pasamos a degustar una riqu\u00edsima paella, cocinada para este d\u00eda, acompa\u00f1ada de unas copas de vino de la tierra y bajo un ambiente totalmente cuaresmal.<br><br>Un acto muy singular y atractivo, que las mujeres participantes, disfrutaron a tope, hasta bien entrada la tarde.<br><br>Redacci\u00f3n: A. G. S.<\/td><\/tr><\/tbody><\/table><\/figure>\n\n\n\n<figure class=\"wp-block-image size-full\"><a href=\"https:\/\/photos.app.goo.gl\/i6nwZmyEzBzMUhxH8\" target=\"_blank\" rel=\"noopener\"><img decoding=\"async\" width=\"800\" height=\"530\" src=\"http:\/\/www.losataos.org\/w\/wp-content\/uploads\/Image00076.jpg\" alt=\"\" class=\"wp-image-2388\" srcset=\"https:\/\/www.losataos.org\/w\/wp-content\/uploads\/Image00076.jpg 800w, https:\/\/www.losataos.org\/w\/wp-content\/uploads\/Image00076-300x199.jpg 300w, https:\/\/www.losataos.org\/w\/wp-content\/uploads\/Image00076-768x509.jpg 768w\" sizes=\"(max-width: 800px) 100vw, 800px\" \/><\/a><figcaption>Pulsa sobre la imagen, para ver el \u00e1lbum de fotos de ese d\u00eda<\/figcaption><\/figure>\n","protected":false},"excerpt":{"rendered":"<p>\u00abTONA MUSICAL\u00bb MUJER MANANTERA &nbsp; El s\u00e1bado d\u00eda 20 de febrero, cuaresma y llamado de Transfiguraci\u00f3n 2016 y sobre las 12,30 del mediod\u00eda, part\u00eda del cuartel de los Ataos, una comitiva de hermanos, hermanas y hermanos m\u00fasicos, hacia el mirador de la C\/ Jes\u00fas, rotulado con el nombre de \u201cLa Mujer Manantera\u201d, donde los esperaban&hellip;&nbsp;<a href=\"https:\/\/www.losataos.org\/w\/musica-y-cante-2\/\" rel=\"bookmark\">Leer m\u00e1s &raquo;<span class=\"screen-reader-text\">Tonada Musical<\/span><\/a><\/p>\n","protected":false},"author":2,"featured_media":0,"parent":0,"menu_order":0,"comment_status":"closed","ping_status":"open","template":"","meta":{"neve_meta_sidebar":"","neve_meta_container":"","neve_meta_enable_content_width":"","neve_meta_content_width":0,"neve_meta_title_alignment":"","neve_meta_author_avatar":"","neve_post_elements_order":"","neve_meta_disable_header":"","neve_meta_disable_footer":"","neve_meta_disable_title":"","footnotes":""},"wf_page_folders":[33],"class_list":["post-2387","page","type-page","status-publish","hentry"],"jetpack_sharing_enabled":true,"_links":{"self":[{"href":"https:\/\/www.losataos.org\/w\/wp-json\/wp\/v2\/pages\/2387","targetHints":{"allow":["GET"]}}],"collection":[{"href":"https:\/\/www.losataos.org\/w\/wp-json\/wp\/v2\/pages"}],"about":[{"href":"https:\/\/www.losataos.org\/w\/wp-json\/wp\/v2\/types\/page"}],"author":[{"embeddable":true,"href":"https:\/\/www.losataos.org\/w\/wp-json\/wp\/v2\/users\/2"}],"replies":[{"embeddable":true,"href":"https:\/\/www.losataos.org\/w\/wp-json\/wp\/v2\/comments?post=2387"}],"version-history":[{"count":4,"href":"https:\/\/www.losataos.org\/w\/wp-json\/wp\/v2\/pages\/2387\/revisions"}],"predecessor-version":[{"id":2392,"href":"https:\/\/www.losataos.org\/w\/wp-json\/wp\/v2\/pages\/2387\/revisions\/2392"}],"wp:attachment":[{"href":"https:\/\/www.losataos.org\/w\/wp-json\/wp\/v2\/media?parent=2387"}],"wp:term":[{"taxonomy":"wf_page_folders","embeddable":true,"href":"https:\/\/www.losataos.org\/w\/wp-json\/wp\/v2\/wf_page_folders?post=2387"}],"curies":[{"name":"wp","href":"https:\/\/api.w.org\/{rel}","templated":true}]}}

<div class="wp-block-kadence-rowlayout alignnone"><div id="kt-layout-id_ecfb37-44" class="kt-row-layout-inner kt-layout-id_ecfb37-44"><div class="kt-row-column-wrap kt-has-3-columns kt-gutter-default kt-v-gutter-default kt-row-valign-top kt-row-layout-center-half kt-tab-layout-inherit kt-m-colapse-left-to-right kt-mobile-layout-row">
<div class="wp-block-kadence-column inner-column-1 kadence-column_30055e-2c"><div class="kt-inside-inner-col"></div></div>



<div class="wp-block-kadence-column inner-column-2 kadence-column_3aa81f-52"><div class="kt-inside-inner-col">
<figure class="wp-block-image size-full"><img fetchpriority="high" decoding="async" width="454" height="638" src="http://www.losataos.org/w/wp-content/uploads/TONADA.jpg" alt="" class="wp-image-2355" srcset="https://www.losataos.org/w/wp-content/uploads/TONADA.jpg 454w, https://www.losataos.org/w/wp-content/uploads/TONADA-213x300.jpg 213w" sizes="(max-width: 454px) 100vw, 454px" /></figure>
</div></div>



<div class="wp-block-kadence-column inner-column-3 kadence-column_a5b935-84"><div class="kt-inside-inner-col"></div></div>
</div></div></div>



<p><strong>«TONA MUSICAL» MUJER MANANTERA</strong></p>



<figure class="wp-block-table"><table><tbody><tr><td>&nbsp;</td></tr><tr><td><br>El sábado día 20 de febrero, cuaresma y llamado de Transfiguración 2016 y sobre las 12,30 del mediodía, partía del cuartel de los Ataos, una comitiva de hermanos, hermanas y hermanos músicos, hacia el mirador de la C/ Jesús, rotulado con el nombre de “La Mujer Manantera”, donde los esperaban más de un centenar de mujeres de diferentes ámbitos de la vida Social, Estatal y Manantera de nuestra localidad.<br><br>Allí, estaban acompañadas por las hermanas de la corporación “Las Hijas de Salfad” ,“Legado de María” , “La Sagrada Alianza” ,“la Cofrade Mayor, de Jesús en su entrada en Jerusalém” , Pregonera del Jueves Lardero del 2015, Virginia Requena, Ana Carrillo, Vicepresidenta de la Diputación de Córdoba , la 1º Teniente de Alcalde Verónica Morillo y la Concejala de Igualdad Julia Romero. Junto con el Presidente de la Agrupación de Cofradías y Figuras Bíblicas, Juan Miguel Granados Morillo.<br><br>El motivo era la celebración del día de la Toná Musical Mujer Manantera, enmarcado en los actos del 350 Aniversario de las Figuras Dimas y Gestas, que la corporación de los Ataos, organiza con tal motivo.<br><br>Tras el saludo de rigor, por parte de la directiva de Los Ataos. Toda la comitiva desfila desde dicha Plazuela, al compás de pasodobles mananteros Romanos y Ataos, hacia las cumbres del Calvario. Donde bajo el Pórtico de Jesús Nazareno, se entonaron el Miserere y el Stábat Mater.<br><br>Después hacíamos la bajada, trasladándonos desfilando a la Plaza de la Mananta, donde finalizo el acto. Allí y en un pequeño escenario, se situaron el Presidente de los Ataos Emilio Palos, en compañía de la representación de las corporaciones femeninas, Virginia Requena y la representación de la corporación Municipal y de la diputación.<br><br>El presidente de los Ataos, glosaba sobre la mujer Manantera, la cual ya tenía un destacado protagonismo en nuestra cuaresma y nuestra simpar Semana Santa. Pasándoles la palabra a cada una de las corporaciones anteriormente aludidas, a Virginia Requena, y la representación del Ayuntamiento y de la Diputación. Las cuales con breves palabras, coincidían el agradecimiento a la corporación de los Ataos, por la apuesta de incluir en los actos del 350 Aniversario de Dimas y Gesta, este fabuloso día dedicado a la Mujer Manantera, dejando patente de que los tiempos han cambiado y que la mujer tiene afortunadamente, un papel relevante y fundamental, en la Sociedad Civil, e Institucional y Manantera, en nuestro pueblo.<br><br>Cerraba el acto, una hermana de la corporación de los Ataos, leyendo un pequeño manifiesto poético, dedicado a la mujer. Terminado este, pasamos a degustar una riquísima paella, cocinada para este día, acompañada de unas copas de vino de la tierra y bajo un ambiente totalmente cuaresmal.<br><br>Un acto muy singular y atractivo, que las mujeres participantes, disfrutaron a tope, hasta bien entrada la tarde.<br><br>Redacción: A. G. S.</td></tr></tbody></table></figure>



<figure class="wp-block-image size-full"><a href="https://photos.app.goo.gl/i6nwZmyEzBzMUhxH8" target="_blank" rel="noopener"><img decoding="async" width="800" height="530" src="http://www.losataos.org/w/wp-content/uploads/Image00076.jpg" alt="" class="wp-image-2388" srcset="https://www.losataos.org/w/wp-content/uploads/Image00076.jpg 800w, https://www.losataos.org/w/wp-content/uploads/Image00076-300x199.jpg 300w, https://www.losataos.org/w/wp-content/uploads/Image00076-768x509.jpg 768w" sizes="(max-width: 800px) 100vw, 800px" /></a><figcaption>Pulsa sobre la imagen, para ver el álbum de fotos de ese día</figcaption></figure>

<p>«TONA MUSICAL» MUJER MANANTERA &nbsp; El sábado día 20 de febrero, cuaresma y llamado de Transfiguración 2016 y sobre las 12,30 del mediodía, partía del cuartel de los Ataos, una comitiva de hermanos, hermanas y hermanos músicos, hacia el mirador de la C/ Jesús, rotulado con el nombre de “La Mujer Manantera”, donde los esperaban&hellip;&nbsp;<a href="https://www.losataos.org/w/musica-y-cante-2/" rel="bookmark">Leer más &raquo;<span class="screen-reader-text">Tonada Musical</span></a></p>
