{"id":2375,"date":"2021-08-09T15:38:15","date_gmt":"2021-08-09T15:38:15","guid":{"rendered":"http:\/\/www.losataos.org\/w\/?page_id=2375"},"modified":"2021-08-09T15:40:25","modified_gmt":"2021-08-09T15:40:25","slug":"presentacion-de-actos-del-350-aniversario-2","status":"publish","type":"page","link":"https:\/\/www.losataos.org\/w\/presentacion-de-actos-del-350-aniversario-2\/","title":{"rendered":"Primera Muestra Local de la Tapa Cuartelera"},"content":{"rendered":"\n<h3 class=\"kt-adv-heading_23c4a8-1e wp-block-kadence-advancedheading has-luminous-vivid-orange-color has-text-color\" data-kb-block=\"kb-adv-heading_23c4a8-1e\">Celebrado en el patio de las Bodegas Delgado<\/h3>\n\n\n\n<div class=\"wp-block-kadence-rowlayout alignnone\"><div id=\"kt-layout-id_ecfb37-44\" class=\"kt-row-layout-inner kt-layout-id_ecfb37-44\"><div class=\"kt-row-column-wrap kt-has-3-columns kt-gutter-default kt-v-gutter-default kt-row-valign-top kt-row-layout-center-half kt-tab-layout-inherit kt-m-colapse-left-to-right kt-mobile-layout-row\">\n<div class=\"wp-block-kadence-column inner-column-1 kadence-column_30055e-2c\"><div class=\"kt-inside-inner-col\"><\/div><\/div>\n\n\n\n<div class=\"wp-block-kadence-column inner-column-2 kadence-column_3aa81f-52\"><div class=\"kt-inside-inner-col\">\n<figure class=\"wp-block-image size-full\"><img fetchpriority=\"high\" decoding=\"async\" width=\"450\" height=\"636\" src=\"http:\/\/www.losataos.org\/w\/wp-content\/uploads\/TAPA_CUARTELERA_ultimo_canal_sur.jpg\" alt=\"\" class=\"wp-image-2354\" srcset=\"https:\/\/www.losataos.org\/w\/wp-content\/uploads\/TAPA_CUARTELERA_ultimo_canal_sur.jpg 450w, https:\/\/www.losataos.org\/w\/wp-content\/uploads\/TAPA_CUARTELERA_ultimo_canal_sur-212x300.jpg 212w\" sizes=\"(max-width: 450px) 100vw, 450px\" \/><\/figure>\n<\/div><\/div>\n\n\n\n<div class=\"wp-block-kadence-column inner-column-3 kadence-column_a5b935-84\"><div class=\"kt-inside-inner-col\"><\/div><\/div>\n<\/div><\/div><\/div>\n\n\n\n<p class=\"has-text-align-center\"><strong>PRIMERA MUESTRA LOCAL DE LA TAPA CUARTELERA<\/strong><\/p>\n\n\n\n<p><strong>T<\/strong>ras la presentaci\u00f3n del acto en las Cien Luces, del CCCL Aniversario de nuestras Figuras Dimas y Gestas, en donde nuestra corporaci\u00f3n dio a conocer el programa de actos: el s\u00e1bado 6 de abril al mediod\u00eda y en las instalaciones de las Bodegas Delgado, celebr\u00e1bamos la I Muestra Local de la Tapa Cuartelera. En la que han participado las corporaciones de Las Potencias del Alma, El Cirio, Los Profetas, Los Ap\u00f3stoles y nuestra corporaci\u00f3n de Los Ataos,\u00a0 que elaboraron unos riqu\u00edsimos manjares, dignos de la alta cocina, que los mananteros pontanos pudimos degustar.<\/p>\n\n\n\n<p>La actividad, se celebr\u00f3 en el patio de Las Bodegas Delgado donde se vivi\u00f3 en un bonito ambiente de confraternidad y hermandad, donde se degustaron la exquisita vianda, preparada por las corporaciones antes mencionadas.<\/p>\n\n\n\n<p>Nuestro Presidente Emilio Palos Rodr\u00edguez, acompa\u00f1ado por el presidente de la Agrupaci\u00f3n de Cofrad\u00edas y Corporaciones B\u00edblicas, D. Juan Miguel Granados Morillo, la Vicepresidenta de la Diputaci\u00f3n de C\u00f3rdoba, D\u00aa. Ana Carrillo y D\u00aa. Ver\u00f3nica Morillo, 1\u00ba Teniente de Alcalde de la Villa. Daba la bienvenida a todos los asistentes a dicho acto. En el cual se les cedi\u00f3 la palabra a los hermanos encargados de las cinco corporaciones, que explicaron la elaboraci\u00f3n de las tapas cocinadas, e imponi\u00e9ndole el delantal, que la corporaci\u00f3n confeccion\u00f3 para este evento. En el cual tambi\u00e9n se les entrego, a Ana Carrillo, Ver\u00f3nica Morillo y Juan Miguel Granados.<\/p>\n\n\n\n<p>El coordinador de los actos, Manuel Garc\u00eda Garc\u00eda, narr\u00f3 que la \u201cgastronom\u00eda en la Semana Santa, era muy impotente y rica\u201d a\u00f1adiendo que exist\u00edan tradiciones y costumbres en los cuarteles que hoy se han podido visibilizar.<\/p>\n\n\n\n<p>Tambi\u00e9n pudimos disfrutar de la m\u00fasica, interpretada por nuestros hermanos m\u00fasicos, con un pasodoble Atao y al t\u00e9rmino con el \u201cBarrabas\u201d, con el cual todos los asistentes pudieron desfilar por todo el patio.<\/p>\n\n\n\n<p>Un grandioso acto gastron\u00f3mico, que quedara grabado en los corazones de los asistentes y que posiblemente, sea un punto de partida para otros similares, que esta u otras corporaciones organicen. Quedando patente que los actos previstos del 350 Aniversario de la corporaci\u00f3n de los Ataos, Judas Pedro y Pablo, marcha por buen camino.<\/p>\n\n\n\n<p class=\"has-text-align-right\">Cr\u00f3nica de A. G. S<\/p>\n\n\n\n<figure class=\"wp-block-image size-full\"><a href=\"https:\/\/get.google.com\/albumarchive\/100341825215063965347\/album\/AF1QipMIxqXx5hQ3ynrFBPPicmBg8P35FrOhgJFjiJji?feat=directlink&amp;authKey=COi2-c3G_NOCpAE\" target=\"_blank\" rel=\"noopener\"><img decoding=\"async\" width=\"800\" height=\"540\" src=\"http:\/\/www.losataos.org\/w\/wp-content\/uploads\/Image00029.jpg\" alt=\"\" class=\"wp-image-2376\" srcset=\"https:\/\/www.losataos.org\/w\/wp-content\/uploads\/Image00029.jpg 800w, https:\/\/www.losataos.org\/w\/wp-content\/uploads\/Image00029-300x203.jpg 300w, https:\/\/www.losataos.org\/w\/wp-content\/uploads\/Image00029-768x518.jpg 768w\" sizes=\"(max-width: 800px) 100vw, 800px\" \/><\/a><figcaption>Pulsa sobre la imagen, para ver el \u00e1lbum de fotos de ese d\u00eda<\/figcaption><\/figure>\n","protected":false},"excerpt":{"rendered":"<p>PRIMERA MUESTRA LOCAL DE LA TAPA CUARTELERA Tras la presentaci\u00f3n del acto en las Cien Luces, del CCCL Aniversario de nuestras Figuras Dimas y Gestas, en donde nuestra corporaci\u00f3n dio a conocer el programa de actos: el s\u00e1bado 6 de abril al mediod\u00eda y en las instalaciones de las Bodegas Delgado, celebr\u00e1bamos la I Muestra&hellip;&nbsp;<a href=\"https:\/\/www.losataos.org\/w\/presentacion-de-actos-del-350-aniversario-2\/\" rel=\"bookmark\">Leer m\u00e1s &raquo;<span class=\"screen-reader-text\">Primera Muestra Local de la Tapa Cuartelera<\/span><\/a><\/p>\n","protected":false},"author":2,"featured_media":0,"parent":0,"menu_order":0,"comment_status":"closed","ping_status":"open","template":"","meta":{"neve_meta_sidebar":"","neve_meta_container":"","neve_meta_enable_content_width":"","neve_meta_content_width":0,"neve_meta_title_alignment":"","neve_meta_author_avatar":"","neve_post_elements_order":"","neve_meta_disable_header":"","neve_meta_disable_footer":"","neve_meta_disable_title":"","footnotes":""},"wf_page_folders":[33],"class_list":["post-2375","page","type-page","status-publish","hentry"],"jetpack_sharing_enabled":true,"_links":{"self":[{"href":"https:\/\/www.losataos.org\/w\/wp-json\/wp\/v2\/pages\/2375","targetHints":{"allow":["GET"]}}],"collection":[{"href":"https:\/\/www.losataos.org\/w\/wp-json\/wp\/v2\/pages"}],"about":[{"href":"https:\/\/www.losataos.org\/w\/wp-json\/wp\/v2\/types\/page"}],"author":[{"embeddable":true,"href":"https:\/\/www.losataos.org\/w\/wp-json\/wp\/v2\/users\/2"}],"replies":[{"embeddable":true,"href":"https:\/\/www.losataos.org\/w\/wp-json\/wp\/v2\/comments?post=2375"}],"version-history":[{"count":3,"href":"https:\/\/www.losataos.org\/w\/wp-json\/wp\/v2\/pages\/2375\/revisions"}],"predecessor-version":[{"id":2380,"href":"https:\/\/www.losataos.org\/w\/wp-json\/wp\/v2\/pages\/2375\/revisions\/2380"}],"wp:attachment":[{"href":"https:\/\/www.losataos.org\/w\/wp-json\/wp\/v2\/media?parent=2375"}],"wp:term":[{"taxonomy":"wf_page_folders","embeddable":true,"href":"https:\/\/www.losataos.org\/w\/wp-json\/wp\/v2\/wf_page_folders?post=2375"}],"curies":[{"name":"wp","href":"https:\/\/api.w.org\/{rel}","templated":true}]}}

<h3 class="kt-adv-heading_23c4a8-1e wp-block-kadence-advancedheading has-luminous-vivid-orange-color has-text-color" data-kb-block="kb-adv-heading_23c4a8-1e">Celebrado en el patio de las Bodegas Delgado</h3>



<div class="wp-block-kadence-rowlayout alignnone"><div id="kt-layout-id_ecfb37-44" class="kt-row-layout-inner kt-layout-id_ecfb37-44"><div class="kt-row-column-wrap kt-has-3-columns kt-gutter-default kt-v-gutter-default kt-row-valign-top kt-row-layout-center-half kt-tab-layout-inherit kt-m-colapse-left-to-right kt-mobile-layout-row">
<div class="wp-block-kadence-column inner-column-1 kadence-column_30055e-2c"><div class="kt-inside-inner-col"></div></div>



<div class="wp-block-kadence-column inner-column-2 kadence-column_3aa81f-52"><div class="kt-inside-inner-col">
<figure class="wp-block-image size-full"><img fetchpriority="high" decoding="async" width="450" height="636" src="http://www.losataos.org/w/wp-content/uploads/TAPA_CUARTELERA_ultimo_canal_sur.jpg" alt="" class="wp-image-2354" srcset="https://www.losataos.org/w/wp-content/uploads/TAPA_CUARTELERA_ultimo_canal_sur.jpg 450w, https://www.losataos.org/w/wp-content/uploads/TAPA_CUARTELERA_ultimo_canal_sur-212x300.jpg 212w" sizes="(max-width: 450px) 100vw, 450px" /></figure>
</div></div>



<div class="wp-block-kadence-column inner-column-3 kadence-column_a5b935-84"><div class="kt-inside-inner-col"></div></div>
</div></div></div>



<p class="has-text-align-center"><strong>PRIMERA MUESTRA LOCAL DE LA TAPA CUARTELERA</strong></p>



<p><strong>T</strong>ras la presentación del acto en las Cien Luces, del CCCL Aniversario de nuestras Figuras Dimas y Gestas, en donde nuestra corporación dio a conocer el programa de actos: el sábado 6 de abril al mediodía y en las instalaciones de las Bodegas Delgado, celebrábamos la I Muestra Local de la Tapa Cuartelera. En la que han participado las corporaciones de Las Potencias del Alma, El Cirio, Los Profetas, Los Apóstoles y nuestra corporación de Los Ataos,  que elaboraron unos riquísimos manjares, dignos de la alta cocina, que los mananteros pontanos pudimos degustar.</p>



<p>La actividad, se celebró en el patio de Las Bodegas Delgado donde se vivió en un bonito ambiente de confraternidad y hermandad, donde se degustaron la exquisita vianda, preparada por las corporaciones antes mencionadas.</p>



<p>Nuestro Presidente Emilio Palos Rodríguez, acompañado por el presidente de la Agrupación de Cofradías y Corporaciones Bíblicas, D. Juan Miguel Granados Morillo, la Vicepresidenta de la Diputación de Córdoba, Dª. Ana Carrillo y Dª. Verónica Morillo, 1º Teniente de Alcalde de la Villa. Daba la bienvenida a todos los asistentes a dicho acto. En el cual se les cedió la palabra a los hermanos encargados de las cinco corporaciones, que explicaron la elaboración de las tapas cocinadas, e imponiéndole el delantal, que la corporación confeccionó para este evento. En el cual también se les entrego, a Ana Carrillo, Verónica Morillo y Juan Miguel Granados.</p>



<p>El coordinador de los actos, Manuel García García, narró que la “gastronomía en la Semana Santa, era muy impotente y rica” añadiendo que existían tradiciones y costumbres en los cuarteles que hoy se han podido visibilizar.</p>



<p>También pudimos disfrutar de la música, interpretada por nuestros hermanos músicos, con un pasodoble Atao y al término con el “Barrabas”, con el cual todos los asistentes pudieron desfilar por todo el patio.</p>



<p>Un grandioso acto gastronómico, que quedara grabado en los corazones de los asistentes y que posiblemente, sea un punto de partida para otros similares, que esta u otras corporaciones organicen. Quedando patente que los actos previstos del 350 Aniversario de la corporación de los Ataos, Judas Pedro y Pablo, marcha por buen camino.</p>



<p class="has-text-align-right">Crónica de A. G. S</p>



<figure class="wp-block-image size-full"><a href="https://get.google.com/albumarchive/100341825215063965347/album/AF1QipMIxqXx5hQ3ynrFBPPicmBg8P35FrOhgJFjiJji?feat=directlink&amp;authKey=COi2-c3G_NOCpAE" target="_blank" rel="noopener"><img decoding="async" width="800" height="540" src="http://www.losataos.org/w/wp-content/uploads/Image00029.jpg" alt="" class="wp-image-2376" srcset="https://www.losataos.org/w/wp-content/uploads/Image00029.jpg 800w, https://www.losataos.org/w/wp-content/uploads/Image00029-300x203.jpg 300w, https://www.losataos.org/w/wp-content/uploads/Image00029-768x518.jpg 768w" sizes="(max-width: 800px) 100vw, 800px" /></a><figcaption>Pulsa sobre la imagen, para ver el álbum de fotos de ese día</figcaption></figure>

<p>PRIMERA MUESTRA LOCAL DE LA TAPA CUARTELERA Tras la presentación del acto en las Cien Luces, del CCCL Aniversario de nuestras Figuras Dimas y Gestas, en donde nuestra corporación dio a conocer el programa de actos: el sábado 6 de abril al mediodía y en las instalaciones de las Bodegas Delgado, celebrábamos la I Muestra&hellip;&nbsp;<a href="https://www.losataos.org/w/presentacion-de-actos-del-350-aniversario-2/" rel="bookmark">Leer más &raquo;<span class="screen-reader-text">Primera Muestra Local de la Tapa Cuartelera</span></a></p>
