{"id":2362,"date":"2021-08-09T15:15:58","date_gmt":"2021-08-09T15:15:58","guid":{"rendered":"http:\/\/www.losataos.org\/w\/?page_id=2362"},"modified":"2021-08-09T15:20:24","modified_gmt":"2021-08-09T15:20:24","slug":"presentacion-de-actos-del-350-aniversario","status":"publish","type":"page","link":"https:\/\/www.losataos.org\/w\/presentacion-de-actos-del-350-aniversario\/","title":{"rendered":"Presentaci\u00f3n de Actos del 350 Aniversario."},"content":{"rendered":"\n<h3 class=\"kt-adv-heading_23c4a8-1e wp-block-kadence-advancedheading has-luminous-vivid-orange-color has-text-color\" data-kb-block=\"kb-adv-heading_23c4a8-1e\">Celebrado en el cuartel de las Cien Luces, de nuestro Padre Jes\u00fas Nazareno<\/h3>\n\n\n\n<div class=\"wp-block-kadence-rowlayout alignnone\"><div id=\"kt-layout-id_ecfb37-44\" class=\"kt-row-layout-inner kt-layout-id_ecfb37-44\"><div class=\"kt-row-column-wrap kt-has-3-columns kt-gutter-default kt-v-gutter-default kt-row-valign-top kt-row-layout-center-half kt-tab-layout-inherit kt-m-colapse-left-to-right kt-mobile-layout-row\">\n<div class=\"wp-block-kadence-column inner-column-1 kadence-column_30055e-2c\"><div class=\"kt-inside-inner-col\"><\/div><\/div>\n\n\n\n<div class=\"wp-block-kadence-column inner-column-2 kadence-column_3aa81f-52\"><div class=\"kt-inside-inner-col\">\n<figure class=\"wp-block-image size-full\"><img fetchpriority=\"high\" decoding=\"async\" width=\"450\" height=\"636\" src=\"http:\/\/www.losataos.org\/w\/wp-content\/uploads\/cartel_ataos_CCCL_Aniversario_Moi.jpg\" alt=\"\" class=\"wp-image-2349\" srcset=\"https:\/\/www.losataos.org\/w\/wp-content\/uploads\/cartel_ataos_CCCL_Aniversario_Moi.jpg 450w, https:\/\/www.losataos.org\/w\/wp-content\/uploads\/cartel_ataos_CCCL_Aniversario_Moi-212x300.jpg 212w\" sizes=\"(max-width: 450px) 100vw, 450px\" \/><\/figure>\n<\/div><\/div>\n\n\n\n<div class=\"wp-block-kadence-column inner-column-3 kadence-column_a5b935-84\"><div class=\"kt-inside-inner-col\"><\/div><\/div>\n<\/div><\/div><\/div>\n\n\n\n<p>Con un poco de retraso sobre la hora prevista, debido al viaje a FITUR, y sobre las 8,30 de la noche y en Santuario de Jes\u00fas Nazareno, y bajo la atenta mirada de nuestro \u201cPatr\u00f3n\u201d, los hermanos de la corporaci\u00f3n B\u00edblica Los Ataos,\u00a0 Judas, Pedro y Pablo, junto con nuestras esposas e invitados de las distintas corporaciones y cofrad\u00edas, m\u00e1s las autoridades gubernativas y la plana mayor de la cofrad\u00eda de Jes\u00fas Nazareno, celebr\u00e1bamos misa de comuni\u00f3n, con motivo de la celebraci\u00f3n del 350 aniversario de la aparici\u00f3n de las figuras de los \u201cLadrones\u201d Dimas y Gestas, en las actas de cuentas de la hermandad de Jes\u00fas Nazareno, all\u00e1 por el a\u00f1o 1666.<\/p>\n\n\n\n<p><br>La Santa Misa, fue celebrada por el Arcipreste de la Villa, y coadjutor de la Iglesia de San Jos\u00e9 y de Jes\u00fas Nazareno, D. Juan Ropero Pacheco. Que ocupaba la C\u00e1tedra bajo los sones del pasodoble \u201cBarrabas\u201d, interpretado por nuestros hermanos m\u00fasicos.<\/p>\n\n\n\n<p><br>En primer lugar y desde el\u00a0 atril\u00a0 donde se pronuncia la palabra de Dios, nuestro hermano Rafael Ruiz Romero \u201cEl Botijo\u201d, daba la bienvenida a todos los presentes agradeciendo su presencia, y dando lectura al pasaje de la Biblia, donde aparecen nuestras dos figuras de Dimas y Gestas, crucificados Junto a Jes\u00fas, en el monte del Calvario. Inform\u00e1ndonos de que despu\u00e9s del desfile en Madrid, ya se comenzaban los actos del 350 aniversario. Y rog\u00e1ndole al \u201cPatr\u00f3n Jes\u00fas Nazareno\u201d, que sigamos trasmitiendo a las nuevas generaciones, nuestro m\u00e1s profundo amor al Dios\u00a0 todo poderoso, y a nuestra inigualable Semana Santa.<br>La palabra de Dios, la pronunciaron, los hermanos Ataos, Francisco Jos\u00e9 Membiela Prieto y Jos\u00e9 Amador Beltr\u00e1n. Ya en la homil\u00eda, el reverendo padre D. Juan Ropero, agradec\u00eda a los hermanos de la corporaci\u00f3n de los Ataos, el gesto de comenzar los actos del 350 aniversario, con la santa Misa, bajo la atenta mirada de Jes\u00fas Nazareno, demostrando la fe del Cristiano que en los pr\u00f3ximos d\u00edas cuaresmales y de Semana Santa, se practica y se promueve en los cuarteles pontanos, con la hermandad y el amor fraternal al pr\u00f3jimo.<\/p>\n\n\n\n<p><br>Una Homil\u00eda, llena de contenido Cristiano y muy bien predicada, como nos tiene acostumbrados nuestro Juan Ropero Pacheco. Durante la misa, los hermanos m\u00fasicos Ataos, interpretaron la marchas procesionales, \u201cRecuerdo y la Maga\u201d.<\/p>\n\n\n\n<p><br>Terminada la misa, y con la presencia del reverendo padre D. Juan y el Cofrade Mayor de Jes\u00fas Nazareno y despu\u00e9s de la lectura, entregaba al presidente de Los Ataos, la copia enmarcada del acta del libro de cuentas del a\u00f1o 1666, donde aparece la compra de 5 varas de \u201cLino Amarillo\u201d para la confesi\u00f3n de la t\u00fanica de los ladrones.<\/p>\n\n\n\n<p><br>Por nuestra parte, el presidente de los Ataos, les hac\u00eda entrega al Cofrade de Jes\u00fas Nazareno, Javier Reina, de un gran cuadro enmarcado, conteniendo simb\u00f3licamente las 5 varas de lino amarillo, compradas por la hermandad de Jes\u00fas, en el citado a\u00f1o 1666. Tras el emotivo y sencillo acto, y tras una foto familiar bajo el Altar de Jes\u00fas Nazareno, el Cura P\u00e1rroco y la directiva de la Cofrad\u00eda, nos invitaba a todos los asistentes a la Misa, a subir al Camar\u00edn donde est\u00e1 situado Jes\u00fas Nazareno, cumpliendo con ello, pleites\u00eda y admirado muy de cerca la divina cara de nuestro \u201cPatr\u00f3n\u201d. Un gesto inolvidable, que los hermanos de los Ataos agradecieron eternamente.<\/p>\n\n\n\n<p><br>Despu\u00e9s y sobre las 9.30 de la noche, nos trasladamos al cuartel de las \u201cCien Luces\u201d donde se llev\u00f3 a cabo, la presentaci\u00f3n de los actos a celebrar por la Corporaci\u00f3n de los Ataos, Judas, Pedro y Pablo, con motivo del 350 aniversario de nuestras Figuras, \u201cLos Ladrones\u201d Dimas y Gestas.<\/p>\n\n\n\n<p><br>En la mesa presidencial y tras un gran foto de Jes\u00fas Nazareno, escoltada por las figuras de Dimas y Gestas, nuestro Gallo Blanco en su repisa, una pantalla para proyectar im\u00e1genes y los atriles que guardaban el emblema de los actos y el cartel anunciador de la corporaci\u00f3n, hasta su descubrimiento, se sentaron el presidente de las \u201cCien Luces\u201d D. Francisco Javier Velasco Sol\u00eds, el Alcalde de nuestro pueblo D. Estaban Morales S\u00e1nchez, la Vice Presidenta de la Diputaci\u00f3n de C\u00f3rdoba, nuestra paisana D\u00f1a. Ana Carrillo N\u00fa\u00f1ez, el presidente de los Ataos D. Emilio Jes\u00fas Palos Rodr\u00edguez, el Presidente de la Agrupaci\u00f3n de Cofrad\u00edas y Figuras B\u00edblicas D. Juan Miguel Granados Morillo y el Cofrade Mayor de Jes\u00fas Nazareno D. Javier Reina Jim\u00e9nez, y en las primeras filas los Ediles del Ilustre Ayuntamiento, se dio comienzo al acto.<br>Comenzando el mismo, con la salutaci\u00f3n y bienvenida a los asistentes de las Corporaciones y Cofrad\u00eda, m\u00e1s a nuestros hermanos m\u00fasicos, por parte de nuestro Presidente Emilio Palos. Desgranaba muy por encima como se iba a desarrollar el acto y parte del contenido del trastico de los actos conmemorativos. Inmediatamente le ced\u00eda la palabra al presidente de las \u201cCien Luces\u201d Fco.\u00a0Javier Velasco, el cual dec\u00eda que para \u00e9l era todo un orgullo que los Ataos presentaran dichos acto, en este cuartel tan emblem\u00e1tico, para los mananteros pontanos.<\/p>\n\n\n\n<p><br>Tras \u00e9l tomaba la palabra el Alcalde de puente Genil, D. Esteban Morales, el cual tras felicitar a la corporaci\u00f3n por los actos del 350 aniversario de los Ataos, dec\u00eda prestar todo el apoyo posible desde la instituci\u00f3n que \u00e9l preside, m\u00e1s su posible presencia a los mismos. A continuaci\u00f3n se expresaba casi en los mismos t\u00e9rminos la Vicepresidenta de la Diputaci\u00f3n de C\u00f3rdoba, Ana Carrillo.<\/p>\n\n\n\n<p><br>Al igual el Presidente de la Agrupaci\u00f3n de Cofrad\u00edas y figuras B\u00edblicas, Juan Miguel Granados, deseaba a la corporaci\u00f3n de los Ataos, que todos los actos programados, fuesen del agrado de todos los mananteros, ya que hab\u00eda tenido que ajustar los d\u00edas y horarios, junto al presidente de los Ataos. Ya que en este a\u00f1o, hab\u00eda una distinta diversidad de actos de otras corporaciones y Cofrad\u00edas, que tambi\u00e9n cumplen a\u00f1os.<br>Tomado tambi\u00e9n la palabra el Cofrade Mayor de la Cofrad\u00eda de Jes\u00fas Nazareno, el cual c\u00f3mo no, tambi\u00e9n felicitaba a los Ataos, por la celebraci\u00f3n de dichas efem\u00e9rides.<\/p>\n\n\n\n<p><br>A continuaci\u00f3n, el hermano secretario de los Ataos Jos\u00e9 Amador Beltr\u00e1n, daba les tura de la acta, donde aparase nuestras Figuras de los \u201cLadrones\u201d y haciendo una peque\u00f1a pincelada de la historia de los Ataos.<br>\u00a0Tambi\u00e9n el hermano Antonio Moreno Salamanca, autor del anagrama del 350 aniversario, explicaba c\u00f3mo se hab\u00eda sido la confesi\u00f3n del mismo, mientras en la pantalla, se pod\u00eda observar su confesi\u00f3n, paso a paso.<\/p>\n\n\n\n<p><br>Manuel Garc\u00eda Garc\u00eda, coordinador de la programaci\u00f3n de los actos conmemorativos del 350 aniversario de los Ataos, daba lectura de todos los actos a celebrar. Comenzando con el primero. I MUESTRA LOCAL DE LA TAPA CUARTELERA. A celebrar el s\u00e1bado 6 de febrero a las 14 horas, en las instalaciones de las Bodegas Delgado, con la presencia de la c\u00e1maras de Canal Sur. Y la colaboraci\u00f3n de las corporaciones de Los Ap\u00f3stoles, Las Potencias, Los Profetas, El Cirio y Los Ataos.<\/p>\n\n\n\n<p><br>MANANTA M\u00daSICA Y CANTO. Que se celebrara el viernes 19 de febrero, a las 20 horas, tambi\u00e9n en las Bodegas Delgado. Comenzando con la interpretaci\u00f3n de la obra musical compuesta con motivo del 350 Aniversario, por parte del grupo de m\u00fasica de Los Ataos.\u00a0 Participando tambi\u00e9n, el director de la escuela Municipal M\u00fasica, D. Rafael S\u00e1nchez P\u00e9rez. El Profesor y Flamenc\u00f3logo, D. Juan Ortega Chac\u00f3n y Emilio Garc\u00eda Criado, nieto del cantaor pontano \u201cJuan Ni\u00f1o Hierro\u201d. Terminado con un homenaje al gran maestro de m\u00fasica ya fallecido, D. Tomas Ure\u00f1a Ruiz y a Juan Garc\u00eda Ruiz \u201cNi\u00f1o Hierro\u201d.<\/p>\n\n\n\n<p><br>TONADA MUSICAL MUJER MANANTERA. El s\u00e1bado 20 de febrero a las 12 horas. Marcha a la plaza del Calvario, donde se entonara un Miserere y se har\u00e1 un brindis con la tradicional uvita.\u00a0 Bajando hasta la plaza de la Mananta donde finalizara el acto. Participando: Las Hija de Salfad,\u00a0 El Legado de Mar\u00eda, La Sagrada Alianza, pregonera del jueves Lardero 2015, Vicepresidenta de la Diputaci\u00f3n, Concejala de Igualdad. Degustando un perol y unas copas de vino de nuestra tierra.<\/p>\n\n\n\n<p><br>EXPOSICI\u00d3N DE FOTOGRAFIAS.\u00a0 Durante los d\u00edas 2 al 5 de marzo, en la Biblioteca Ricardo Molina \u201cLos Pinos\u201d. Contenido fotos representativas de \u201cLos Ataos\u201d. Rinc\u00f3n \u201cNi\u00f1o Hierro\u201d de la m\u00fasica y el cante. Im\u00e1genes de Dimas y Gestas pertenecientes a la cofrad\u00eda del Calvario.<\/p>\n\n\n\n<p><br>ACTO DE CLAUSURA. S\u00e1bado 5 de marzo a las 14:00 horas. Con conferencia \u201cArte Desigual: Dimas y Gestas\u201d, a cargo del profesor D. Jes\u00fas Rivas Carmona. Cierre de la exposici\u00f3n a cargo de la comisaria de la misma D\u00aa. Bel\u00e9n Garc\u00eda P\u00e9rez. Clausura de las jornadas a cargo del Concejal de Cultura D. Pablo Alfaro, y del Cofrade del Calvario D. Antonio Ma\u00edz.<\/p>\n\n\n\n<p><br>LIBRO INFANTIL \u201cDOS HISTORIAS PARALELAS: PUENTE GENIL Y SU MANANTA\u201d. Jueves 3 de marzo a las 10,30 h. presentaci\u00f3n en el Colegio Agust\u00edn Rodr\u00edguez. Viernes 4 de marzo a las 10, 30 h. Presentaci\u00f3n en el Colegio \u201cCompa\u00f1\u00eda de Mar\u00eda\u201d. Intervienen: Los autores, Agrupaci\u00f3n de Cofrad\u00edas y Concejal\u00edas de Cultura y Educaci\u00f3n.<\/p>\n\n\n\n<p><br>CONFERNCIA SOBRE HISTORIA, viernes 4 de marzo a las 20 horas. Teatro Circo.\u00a0\u00a0\u00a0 Intervienen: D. Antonio Illanes Velasco. \u201cEvoluci\u00f3n hist\u00f3rica de nuestro pueblo, Siglo XVII \u2013 Siglo XXI.\u00a0 D. Javier Villafranca Mu\u00f1oz. \u201cReflejo hist\u00f3rico en la prensa escrita\u201d.\u00a0\u00a0 D. Manuel Reina G\u00f3mez. \u201clas Corporaciones: Universidad de Sentimientos. D. Jes\u00fas Rivas Carmona. \u201cEl arte en la Mananta. Interpretaci\u00f3n de marchas mananteras, por el grupo de m\u00fasica de Los Ataos.<\/p>\n\n\n\n<p><br>Un variado programa de actos, que esperamos sea del agrado de los Mananteros.<\/p>\n\n\n\n<p><br>Serrando el acto de presentaci\u00f3n del 350 aniversario, con el agradecimiento a todos los presentes, por parte de nuestro Presidente D. Emilio Palos Rodr\u00edguez, quien invitaba al encendido luminario del anagrama del 350 aniversario, gentileza de la empresa \u201cXimenez Iluminaciones\u201d. Terminado el mismo con un \u00e1gape y pasodobles Ataos.<\/p>\n\n\n\n<figure class=\"wp-block-image size-full is-resized\"><a href=\"https:\/\/photos.app.goo.gl\/eBsiBn6hE1qzzYHT7\" target=\"_blank\" rel=\"noopener\"><img decoding=\"async\" src=\"http:\/\/www.losataos.org\/w\/wp-content\/uploads\/Image00005.jpg\" alt=\"\" class=\"wp-image-2363\" width=\"245\" height=\"209\" srcset=\"https:\/\/www.losataos.org\/w\/wp-content\/uploads\/Image00005.jpg 740w, https:\/\/www.losataos.org\/w\/wp-content\/uploads\/Image00005-300x255.jpg 300w\" sizes=\"(max-width: 245px) 100vw, 245px\" \/><\/a><figcaption>Im\u00e1genes del acto de presentaci\u00f3n <\/figcaption><\/figure>\n","protected":false},"excerpt":{"rendered":"<p>Con un poco de retraso sobre la hora prevista, debido al viaje a FITUR, y sobre las 8,30 de la noche y en Santuario de Jes\u00fas Nazareno, y bajo la atenta mirada de nuestro \u201cPatr\u00f3n\u201d, los hermanos de la corporaci\u00f3n B\u00edblica Los Ataos,\u00a0 Judas, Pedro y Pablo, junto con nuestras esposas e invitados de las&hellip;&nbsp;<a href=\"https:\/\/www.losataos.org\/w\/presentacion-de-actos-del-350-aniversario\/\" rel=\"bookmark\">Leer m\u00e1s &raquo;<span class=\"screen-reader-text\">Presentaci\u00f3n de Actos del 350 Aniversario.<\/span><\/a><\/p>\n","protected":false},"author":2,"featured_media":0,"parent":0,"menu_order":0,"comment_status":"closed","ping_status":"open","template":"","meta":{"neve_meta_sidebar":"","neve_meta_container":"","neve_meta_enable_content_width":"","neve_meta_content_width":0,"neve_meta_title_alignment":"","neve_meta_author_avatar":"","neve_post_elements_order":"","neve_meta_disable_header":"","neve_meta_disable_footer":"","neve_meta_disable_title":"","footnotes":""},"wf_page_folders":[33],"class_list":["post-2362","page","type-page","status-publish","hentry"],"jetpack_sharing_enabled":true,"_links":{"self":[{"href":"https:\/\/www.losataos.org\/w\/wp-json\/wp\/v2\/pages\/2362","targetHints":{"allow":["GET"]}}],"collection":[{"href":"https:\/\/www.losataos.org\/w\/wp-json\/wp\/v2\/pages"}],"about":[{"href":"https:\/\/www.losataos.org\/w\/wp-json\/wp\/v2\/types\/page"}],"author":[{"embeddable":true,"href":"https:\/\/www.losataos.org\/w\/wp-json\/wp\/v2\/users\/2"}],"replies":[{"embeddable":true,"href":"https:\/\/www.losataos.org\/w\/wp-json\/wp\/v2\/comments?post=2362"}],"version-history":[{"count":3,"href":"https:\/\/www.losataos.org\/w\/wp-json\/wp\/v2\/pages\/2362\/revisions"}],"predecessor-version":[{"id":2366,"href":"https:\/\/www.losataos.org\/w\/wp-json\/wp\/v2\/pages\/2362\/revisions\/2366"}],"wp:attachment":[{"href":"https:\/\/www.losataos.org\/w\/wp-json\/wp\/v2\/media?parent=2362"}],"wp:term":[{"taxonomy":"wf_page_folders","embeddable":true,"href":"https:\/\/www.losataos.org\/w\/wp-json\/wp\/v2\/wf_page_folders?post=2362"}],"curies":[{"name":"wp","href":"https:\/\/api.w.org\/{rel}","templated":true}]}}