{"id":1565,"date":"2021-07-31T16:55:45","date_gmt":"2021-07-31T16:55:45","guid":{"rendered":"http:\/\/www.losataos.org\/w\/?page_id=1565"},"modified":"2025-02-24T19:43:32","modified_gmt":"2025-02-24T19:43:32","slug":"directiva-2010-2012","status":"publish","type":"page","link":"https:\/\/www.losataos.org\/w\/directiva-2010-2012\/","title":{"rendered":"Directiva 2010-2012"},"content":{"rendered":"<div id=\"wppb-builder-container\" class=\"wppb-builder-container\">                <div  class=\"wppb-row-parent  wppb-row-1635979812902 \"  >\n\t\t\t\t\t\n\t\t\t\t\t\t\t\t\t\t\n\t\t\t\t\t\t\t\t\t\t\n\t\t\t\t\t<div class=\"wppb-container \">\n\t\t\t\t\t\t\t\t\t\t\t\t\t\n                        <div class=\"wppb-row\">\n\t\t\t\t\t\t\t                                    <div  class=\"wppb-column-parent wppb-column-parent-view wppb-col-1635979812899  \"  >\n                                        <div class=\"wppb-column\">\n\t\t\t\t\t\n\t\t\t\t\t\t\t\t\t\t\t\n                                            <div class=\"wppb-builder-addons\">\n\t\t\t\t\t\t\t\t\t\t\t\t                                            <\/div>\n                                        <\/div>\n                                    <\/div>\n\t\t\t\t\t\t\t\t\t                                    <div  class=\"wppb-column-parent wppb-column-parent-view wppb-col-1635979812900  \"  >\n                                        <div class=\"wppb-column\">\n\t\t\t\t\t\n\t\t\t\t\t\t\t\t\t\t\t\n                                            <div class=\"wppb-builder-addons\">\n\t\t\t\t\t\t\t\t\t\t\t\t<div class='wppb-builder-addon wppb-addon-1635979825149'  data-addon-id='1635979825149'><div class='wppb-addon'><div class=\"wppb-image-addon\"><figure class=\"wppb-image-addon-content-wrap\"><div class=\"wppb-image-addon-content wppb-imginlineblock\"><img decoding=\"async\" class=\"wppb-image-addon-img\" src=\"http:\/\/www.losataos.org\/w\/wp-content\/uploads\/directiva1.jpg\" alt=\"Image\"><\/div><\/figure><\/div><\/div><\/div>                                            <\/div>\n                                        <\/div>\n                                    <\/div>\n\t\t\t\t\t\t\t\t\t                                    <div  class=\"wppb-column-parent wppb-column-parent-view wppb-col-1635979812901  \"  >\n                                        <div class=\"wppb-column\">\n\t\t\t\t\t\n\t\t\t\t\t\t\t\t\t\t\t\n                                            <div class=\"wppb-builder-addons\">\n\t\t\t\t\t\t\t\t\t\t\t\t                                            <\/div>\n                                        <\/div>\n                                    <\/div>\n\t\t\t\t\t\t\t\t\t                        <\/div>\n\n                    <\/div>\n                <\/div>\n\t\t\t\t                <div  class=\"wppb-row-parent  wppb-row-1635979812970 \"  >\n\t\t\t\t\t\n\t\t\t\t\t\t\t\t\t\t\n\t\t\t\t\t\t\t\t\t\t\n\t\t\t\t\t<div class=\"wppb-container \">\n\t\t\t\t\t\t\t\t\t\t\t\t\t\n                        <div class=\"wppb-row\">\n\t\t\t\t\t\t\t                                    <div  class=\"wppb-column-parent wppb-column-parent-view wppb-col-1635979812967  \"  >\n                                        <div class=\"wppb-column\">\n\t\t\t\t\t\n\t\t\t\t\t\t\t\t\t\t\t\n                                            <div class=\"wppb-builder-addons\">\n\t\t\t\t\t\t\t\t\t\t\t\t                                            <\/div>\n                                        <\/div>\n                                    <\/div>\n\t\t\t\t\t\t\t\t\t                                    <div  class=\"wppb-column-parent wppb-column-parent-view wppb-col-1635979812968  \"  >\n                                        <div class=\"wppb-column\">\n\t\t\t\t\t\n\t\t\t\t\t\t\t\t\t\t\t\n                                            <div class=\"wppb-builder-addons\">\n\t\t\t\t\t\t\t\t\t\t\t\t<div class='wppb-builder-addon wppb-addon-1635981847696'  data-addon-id='1635981847696'><div class='wppb-addon'><div class=\"wppb-text-block-addon\"><div class=\"wppb-text-block-content 0\"><table border=\"3\" width=\"434\" cellspacing=\"0\" cellpadding=\"4\">\n<tbody>\n<tr>\n<td class=\"text\" bgcolor=\"#FFFFCC\" width=\"161\" height=\"38\">\n<div align=\"center\"><strong>Presidente<\/strong><\/div>\n<\/td>\n<td class=\"text\" bgcolor=\"#CC9999\" width=\"247\">\n<div class=\"Estilo2\" align=\"center\">Jos\u00e9 G\u00f3mez L\u00f3pez<\/div>\n<\/td>\n<\/tr>\n<tr>\n<td class=\"text\" bgcolor=\"#CCFFFF\">\n<div align=\"center\"><strong>Vice-Presidente<\/strong><\/div>\n<\/td>\n<td class=\"text\" bgcolor=\"#FFCC66\">\n<div align=\"center\"><strong>Manuel G\u00e1lvez Ru\u00edz<\/strong><\/div>\n<\/td>\n<\/tr>\n<tr>\n<td class=\"text\" bgcolor=\"#CCFFFF\">\n<div align=\"center\"><strong>Secretario<\/strong><\/div>\n<\/td>\n<td class=\"text\" bgcolor=\"#FFCC66\">\n<div align=\"center\"><strong>Fco. Jos\u00e9 Membiela Prieto<\/strong><\/div>\n<\/td>\n<\/tr>\n<tr>\n<td class=\"text\" bgcolor=\"#CCFFFF\">\n<div align=\"center\"><strong>Vice-Secretario<\/strong><\/div>\n<\/td>\n<td class=\"text\" bgcolor=\"#FFCC66\">\n<div align=\"center\"><strong>Rafael Angel Ru\u00edz Romero<\/strong><\/div>\n<\/td>\n<\/tr>\n<tr>\n<td class=\"text\" bgcolor=\"#CCFFFF\">\n<div align=\"center\"><strong>Tesorero<\/strong><\/div>\n<\/td>\n<td class=\"text\" bgcolor=\"#FFCC66\">\n<div align=\"center\"><strong>Jaime Rodas Luque<\/strong><\/div>\n<\/td>\n<\/tr>\n<tr>\n<td class=\"text\" bgcolor=\"#CCFFFF\">\n<div align=\"center\"><strong>Vice-Tesorero<\/strong><\/div>\n<\/td>\n<td class=\"text\" bgcolor=\"#FFCC66\">\n<div align=\"center\"><strong>Fernando G. Anfr\u00fans Guillen<\/strong><\/div>\n<\/td>\n<\/tr>\n<tr>\n<td class=\"text\" bgcolor=\"#CCFFFF\">\n<div align=\"center\"><strong>Cocina<\/strong><\/div>\n<\/td>\n<td class=\"text\" bgcolor=\"#FFCC66\">\n<div align=\"center\"><strong>Antonio L\u00f3pez P\u00e9rez<\/strong><\/div>\n<\/td>\n<\/tr>\n<tr>\n<td class=\"text\" bgcolor=\"#CCFFFF\">\n<div align=\"center\"><strong><span class=\"Estilo1\">2\u00ba Cocina<\/span><\/strong><\/div>\n<\/td>\n<td class=\"text\" bgcolor=\"#FFCC66\">\n<div align=\"center\"><strong>Luis Fern\u00e1ndo Bedmar<\/strong><\/div>\n<\/td>\n<\/tr>\n<tr>\n<td class=\"text\" bgcolor=\"#CCFFFF\">\n<div align=\"center\"><strong><span class=\"Estilo1\">3\u00ba Cocina<\/span><\/strong><\/div>\n<\/td>\n<td class=\"text\" bgcolor=\"#FFCC66\">\n<div class=\"text\" align=\"center\">\n<div align=\"center\"><strong>Jos\u00e9 Carlos Quero Baena<\/strong><\/div>\n<\/div>\n<\/td>\n<\/tr>\n<tr>\n<td class=\"text\" bgcolor=\"#CCFFFF\">\n<div align=\"center\"><strong>Despensa<\/strong><\/div>\n<\/td>\n<td class=\"text\" bgcolor=\"#FFCC66\">\n<div align=\"center\"><strong>Manuel Javier Cano Jim\u00e9nez<\/strong><\/div>\n<\/td>\n<\/tr>\n<tr>\n<td class=\"text\" bgcolor=\"#CCFFFF\">\n<div align=\"center\"><strong>2\u00ba Despensa<\/strong><\/div>\n<\/td>\n<td class=\"text\" bgcolor=\"#FFCC66\">\n<div align=\"center\"><strong>Antonio Morillo Rivero<\/strong><\/div>\n<\/td>\n<\/tr>\n<tr>\n<td class=\"text\" bgcolor=\"#CCFFFF\">\n<div align=\"center\"><strong>Ropas<\/strong><\/div>\n<\/td>\n<td class=\"text\" bgcolor=\"#FFCC66\">\n<div align=\"center\"><strong>Manuel G\u00e1lvez Espadas<\/strong><\/div>\n<\/td>\n<\/tr>\n<tr>\n<td class=\"text\" bgcolor=\"#CCFFFF\">\n<div align=\"center\"><strong>2\u00ba Ropas<\/strong><\/div>\n<\/td>\n<td class=\"text\" bgcolor=\"#FFCC66\">\n<div align=\"center\"><strong>Raul Fern\u00e1ndez Cosano<\/strong><\/div>\n<\/td>\n<\/tr>\n<tr>\n<td class=\"text\" bgcolor=\"#CCFFFF\">\n<div align=\"center\"><strong>Art\u00edstica<\/strong><\/div>\n<\/td>\n<td class=\"text\" bgcolor=\"#FFCC66\">\n<div align=\"center\"><strong>Moises Gonzalez Gil<\/strong><\/div>\n<\/td>\n<\/tr>\n<tr>\n<td class=\"text\" bgcolor=\"#CCFFFF\">\n<div align=\"center\"><strong>2\u00ba Art\u00edstica<\/strong><\/div>\n<\/td>\n<td class=\"text\" bgcolor=\"#FFCC66\">\n<div align=\"center\"><strong>Daniel Cejas Campos<\/strong><\/div>\n<\/td>\n<\/tr>\n<tr>\n<td class=\"text\" bgcolor=\"#CCFFFF\">\n<div align=\"center\"><strong>Mantenimiento Cuartel<\/strong><\/div>\n<\/td>\n<td class=\"text\" bgcolor=\"#FFCC66\">\n<div align=\"center\"><strong>Jos\u00e9 Palos Aguilar<\/strong><\/div>\n<\/td>\n<\/tr>\n<tr>\n<td class=\"text\" bgcolor=\"#CCFFFF\">\n<div align=\"center\"><strong>Archivero-Consultor<\/strong><\/div>\n<\/td>\n<td class=\"text\" bgcolor=\"#FFCC66\">\n<div align=\"center\"><strong>Antonio Galvez Silva<\/strong><\/div>\n<\/td>\n<\/tr>\n<tr>\n<td class=\"text\" rowspan=\"3\" bgcolor=\"#CCFFFF\">\n<div align=\"center\"><strong>Consejo Asesor Presidencia<\/strong><\/div>\n<div align=\"center\">\u00a0<\/div>\n<div align=\"center\">\u00a0<\/div>\n<\/td>\n<td class=\"text\" bgcolor=\"#FFCC66\">\n<div align=\"center\"><strong>Salvador Gonz\u00e1lez G\u00e1lvez<\/strong><\/div>\n<\/td>\n<\/tr>\n<tr>\n<td class=\"text\" bgcolor=\"#FFCC66\">\n<div align=\"center\"><strong>Manuel Galvez Silva<\/strong><\/div>\n<\/td>\n<\/tr>\n<tr>\n<td class=\"text\" bgcolor=\"#FFCC66\">\n<div align=\"center\"><strong>Jos\u00e9 Amador Beltr\u00e1n<\/strong><\/div>\n<\/td>\n<\/tr>\n<\/tbody>\n<\/table><\/div><\/div><\/div><\/div>                                            <\/div>\n                                        <\/div>\n                                    <\/div>\n\t\t\t\t\t\t\t\t\t                                    <div  class=\"wppb-column-parent wppb-column-parent-view wppb-col-1635979812969  \"  >\n                                        <div class=\"wppb-column\">\n\t\t\t\t\t\n\t\t\t\t\t\t\t\t\t\t\t\n                                            <div class=\"wppb-builder-addons\">\n\t\t\t\t\t\t\t\t\t\t\t\t                                            <\/div>\n                                        <\/div>\n                                    <\/div>\n\t\t\t\t\t\t\t\t\t                        <\/div>\n\n                    <\/div>\n                <\/div>\n\t\t\t\t<\/div>","protected":false},"excerpt":{"rendered":"<p>Presidente Jos\u00e9 G\u00f3mez L\u00f3pez Vice-Presidente Manuel G\u00e1lvez Ru\u00edz Secretario Fco. Jos\u00e9 Membiela Prieto Vice-Secretario Rafael Angel Ru\u00edz Romero Tesorero Jaime Rodas Luque Vice-Tesorero Fernando G. Anfr\u00fans Guillen Cocina Antonio L\u00f3pez P\u00e9rez 2\u00ba Cocina Luis Fern\u00e1ndo Bedmar 3\u00ba Cocina Jos\u00e9 Carlos Quero Baena Despensa Manuel Javier Cano Jim\u00e9nez 2\u00ba Despensa Antonio Morillo Rivero Ropas Manuel G\u00e1lvez&hellip;&nbsp;<a href=\"https:\/\/www.losataos.org\/w\/directiva-2010-2012\/\" rel=\"bookmark\">Leer m\u00e1s &raquo;<span class=\"screen-reader-text\">Directiva 2010-2012<\/span><\/a><\/p>\n","protected":false},"author":2,"featured_media":0,"parent":0,"menu_order":0,"comment_status":"closed","ping_status":"closed","template":"","meta":{"neve_meta_sidebar":"","neve_meta_container":"","neve_meta_enable_content_width":"","neve_meta_content_width":0,"neve_meta_title_alignment":"","neve_meta_author_avatar":"","neve_post_elements_order":"","neve_meta_disable_header":"","neve_meta_disable_footer":"","neve_meta_disable_title":"","footnotes":""},"wf_page_folders":[14],"class_list":["post-1565","page","type-page","status-publish","hentry"],"jetpack_sharing_enabled":true,"_links":{"self":[{"href":"https:\/\/www.losataos.org\/w\/wp-json\/wp\/v2\/pages\/1565","targetHints":{"allow":["GET"]}}],"collection":[{"href":"https:\/\/www.losataos.org\/w\/wp-json\/wp\/v2\/pages"}],"about":[{"href":"https:\/\/www.losataos.org\/w\/wp-json\/wp\/v2\/types\/page"}],"author":[{"embeddable":true,"href":"https:\/\/www.losataos.org\/w\/wp-json\/wp\/v2\/users\/2"}],"replies":[{"embeddable":true,"href":"https:\/\/www.losataos.org\/w\/wp-json\/wp\/v2\/comments?post=1565"}],"version-history":[{"count":7,"href":"https:\/\/www.losataos.org\/w\/wp-json\/wp\/v2\/pages\/1565\/revisions"}],"predecessor-version":[{"id":32076,"href":"https:\/\/www.losataos.org\/w\/wp-json\/wp\/v2\/pages\/1565\/revisions\/32076"}],"wp:attachment":[{"href":"https:\/\/www.losataos.org\/w\/wp-json\/wp\/v2\/media?parent=1565"}],"wp:term":[{"taxonomy":"wf_page_folders","embeddable":true,"href":"https:\/\/www.losataos.org\/w\/wp-json\/wp\/v2\/wf_page_folders?post=1565"}],"curies":[{"name":"wp","href":"https:\/\/api.w.org\/{rel}","templated":true}]}}