{"id":14030,"date":"2024-02-09T11:35:17","date_gmt":"2024-02-09T11:35:17","guid":{"rendered":"http:\/\/www.losataos.org\/w\/?page_id=14030"},"modified":"2024-02-09T11:41:01","modified_gmt":"2024-02-09T11:41:01","slug":"2024-jueves-lardero","status":"publish","type":"page","link":"https:\/\/www.losataos.org\/w\/2024-jueves-lardero\/","title":{"rendered":"2024 &#8211; Jueves Lardero"},"content":{"rendered":"<div id=\"wppb-builder-container\" class=\"wppb-builder-container\"><h3>Cr\u00f3nica del Archivero de la Corporaci\u00f3n<\/h3>\n<h4 id=\"elementor-tab-title-1611\" data-tab=\"1\" role=\"button\" aria-controls=\"elementor-tab-content-1611\" aria-expanded=\"false\">\n\t\t\t\t\t\t\t\t\t\t\t\t<a tabindex=\"0\">CR\u00d3NICA DEL JUEVES LARDERO &#8211; pulse aqu\u00ed para leer la cr\u00f3nica<\/a><\/h4>\n<p style=\"text-align: center;\"><strong>JUEVES LARDERO 2024<\/strong><\/p>\n<p style=\"text-align: center;\"><strong> (08\/02\/2024)<\/strong><\/p>\n<p>A eso de las 21:00 h comenz\u00e1bamos a llegar los hermanos de la Corporaci\u00f3n B\u00edblica de \u201dLos Ataos, Judas, Pedro y Pablo\u201d.<\/p>\n<p>La jordana se desarrolla con total normalidad, tranquila y ganas de ver a los hermanos tras un periodo largo sin sentarnos juntos. Tres puntos del d\u00eda: Informe del presidente, ruegos y preguntas y disfrutar de una buena cena al son de las notas de nuestros hermanitos m\u00fasicos, esperamos ansiosos el primer S\u00e1bado de cuaresma &#8220;Sabado de Carnaval&#8221;<\/p>\n<p><a role=\"button\"><br \/>\nPulsa sobre las im\u00e1genes para ver alb\u00fam completo<br \/>\n<\/a><\/p>\n<h5><style>      div.simple-google-photos-grid {\n        width:100%;\n        height:100%;\n        overflow:hidden;\n      }\n      div.simple-google-photos-grid-cell {\n        box-sizing:border-box;\n        padding:5px;\n        float:left;\n      }\n      img.simple-google-photos-grid-image {\n        object-fit: cover;\n      }<\/style><div class=\"simple-google-photos-grid\"><div class=\"simple-google-photos-grid-cell\" style=\"width:25%\"><a href=\"https:\/\/photos.app.goo.gl\/ZJGeEB6SZkUWiw8W7\" target=\"_blank\"><img decoding=\"async\" src=\"https:\/\/lh3.googleusercontent.com\/pw\/AP1GczOwY5baYZxOtLTZJ4GFus8_hogv8TThcSddN74knsbTcv5BUedBKN1enon1by4IA0MNKbxJVpl4faDGxhSbIyQhYUtUYMG5oZISa-kEES4o27ofYDdd\" alt=\"Google Photo\" class=\"simple-google-photos-grid-image\"><\/a><\/div><div class=\"simple-google-photos-grid-cell\" style=\"width:25%\"><a href=\"https:\/\/photos.app.goo.gl\/ZJGeEB6SZkUWiw8W7\" target=\"_blank\"><img decoding=\"async\" src=\"https:\/\/lh3.googleusercontent.com\/pw\/AP1GczNbRNp542r5baNkitOcVkdSce_OpU1dbpLxI4WRv4wxwz0sDsqb_xda_v1qHGVHyJccgyHPALbZLmRLmaG2vQYHnENDLuraijKq3OljY1NpYkVGZzll\" alt=\"Google Photo\" class=\"simple-google-photos-grid-image\"><\/a><\/div><div class=\"simple-google-photos-grid-cell\" style=\"width:25%\"><a href=\"https:\/\/photos.app.goo.gl\/ZJGeEB6SZkUWiw8W7\" target=\"_blank\"><img decoding=\"async\" src=\"https:\/\/lh3.googleusercontent.com\/pw\/AP1GczNTyldQKb74ylYn3kA-MlAvU4vtc7p9T5CCpwfRfuiWrEMZrJFfBVwVbLY2tv1KLPj7LijyZ8jpybOeKvVh2vGsNY8poffaZHjxE0WbwmxyKObFlWB5\" alt=\"Google Photo\" class=\"simple-google-photos-grid-image\"><\/a><\/div><div class=\"simple-google-photos-grid-cell\" style=\"width:25%\"><a href=\"https:\/\/photos.app.goo.gl\/ZJGeEB6SZkUWiw8W7\" target=\"_blank\"><img decoding=\"async\" src=\"https:\/\/lh3.googleusercontent.com\/pw\/AP1GczOv-60Hzm4tSyrb-gaECJrLjvgM6J9xin-OXiDx1qaBjz_FhlqS8KjqYiUpSxUJnr3eaETZF3GKw_EdqopQ0amCjZ0uppG3HGa-dk9aBLFWGIqQrmnV\" alt=\"Google Photo\" class=\"simple-google-photos-grid-image\"><\/a><\/div><div class=\"simple-google-photos-grid-cell\" style=\"width:25%\"><a href=\"https:\/\/photos.app.goo.gl\/ZJGeEB6SZkUWiw8W7\" target=\"_blank\"><img decoding=\"async\" src=\"https:\/\/lh3.googleusercontent.com\/pw\/AP1GczMDMqjFoCTy4wXXU-b6JxyIt4mu7ENLDRDLt39bolQcaiX0UhQvge5KejA7HlWVI_31t6HoD_q6E2ZmIh-lpD_IFBvEiDoAlcK4ZhmNJuNLqj9ceUuh\" alt=\"Google Photo\" class=\"simple-google-photos-grid-image\"><\/a><\/div><div class=\"simple-google-photos-grid-cell\" style=\"width:25%\"><a href=\"https:\/\/photos.app.goo.gl\/ZJGeEB6SZkUWiw8W7\" target=\"_blank\"><img decoding=\"async\" src=\"https:\/\/lh3.googleusercontent.com\/pw\/AP1GczO8Sl-QhRWq9-hmu6mcYeh-bS6I0IxkJZqAdpOaTAgRTUBmf0OTi5bAaKwBLH38Yj6_tXYPE6iMQzvxW1yn7P73w46lUXZJS__sjWMVWJB1NddVlQG7\" alt=\"Google Photo\" class=\"simple-google-photos-grid-image\"><\/a><\/div><div class=\"simple-google-photos-grid-cell\" style=\"width:25%\"><a href=\"https:\/\/photos.app.goo.gl\/ZJGeEB6SZkUWiw8W7\" target=\"_blank\"><img decoding=\"async\" src=\"https:\/\/lh3.googleusercontent.com\/pw\/AP1GczM3R-Q3T9l_gqpDwCh2Ya0VvsN9FKfxFftOml6ZGNK-dQdT7-sk67xbyE1yC1iPwT8WysEnqwitPqrDuovXANnH2gWd6Dg2Tvtp2wGd_oV7vgjYXrbl\" alt=\"Google Photo\" class=\"simple-google-photos-grid-image\"><\/a><\/div><div class=\"simple-google-photos-grid-cell\" style=\"width:25%\"><a href=\"https:\/\/photos.app.goo.gl\/ZJGeEB6SZkUWiw8W7\" target=\"_blank\"><img decoding=\"async\" src=\"https:\/\/lh3.googleusercontent.com\/pw\/AP1GczOxoeE-FszwK-Jxu1NQbgFzdCrRsnoIv0_XuNjKOeds6XP9mzDrDdyCw3_9zSGXtBqdA8__6YxygUvpuztm36SDNGkrjbEsGkH-Ks2b9vyFonH-oYAU\" alt=\"Google Photo\" class=\"simple-google-photos-grid-image\"><\/a><\/div><\/div><script>      (function() {\n        if( window.jQuery ){\n          jQuery( document ).ready(function() {\n            jQuery(\"div.simple-google-photos-grid\").each(function(i){\n              var container = jQuery(this);\n              var width = container.find(\"div.simple-google-photos-grid-cell\").first().width();\n              container.find(\"img.simple-google-photos-grid-image\").css(\"width\", width).css(\"height\", width);\n            });\n          });\n        }\n      })();<\/script><\/h5>\n<div class=\"nv-iframe-embed\"><iframe title=\"2024 - Jueves Lardero\" width=\"1200\" height=\"675\" src=\"https:\/\/www.youtube.com\/embed\/oZuVFudvIMs?feature=oembed\" frameborder=\"0\" allow=\"accelerometer; autoplay; clipboard-write; encrypted-media; gyroscope; picture-in-picture; web-share\" referrerpolicy=\"strict-origin-when-cross-origin\" allowfullscreen><\/iframe><\/div>\n<\/div>","protected":false},"excerpt":{"rendered":"<p>Cr\u00f3nica del Archivero de la Corporaci\u00f3n CR\u00d3NICA DEL JUEVES LARDERO &#8211; pulse aqu\u00ed para leer la cr\u00f3nica JUEVES LARDERO 2024 (08\/02\/2024) A eso de las 21:00 h comenz\u00e1bamos a llegar los hermanos de la Corporaci\u00f3n B\u00edblica de \u201dLos Ataos, Judas, Pedro y Pablo\u201d. La jordana se desarrolla con total normalidad, tranquila y ganas de ver&hellip;&nbsp;<a href=\"https:\/\/www.losataos.org\/w\/2024-jueves-lardero\/\" rel=\"bookmark\">Leer m\u00e1s &raquo;<span class=\"screen-reader-text\">2024 &#8211; Jueves Lardero<\/span><\/a><\/p>\n","protected":false},"author":2,"featured_media":0,"parent":0,"menu_order":0,"comment_status":"closed","ping_status":"closed","template":"","meta":{"neve_meta_sidebar":"","neve_meta_container":"","neve_meta_enable_content_width":"","neve_meta_content_width":0,"neve_meta_title_alignment":"","neve_meta_author_avatar":"","neve_post_elements_order":"","neve_meta_disable_header":"","neve_meta_disable_footer":"","neve_meta_disable_title":"","footnotes":""},"wf_page_folders":[70],"class_list":["post-14030","page","type-page","status-publish","hentry"],"jetpack_sharing_enabled":true,"_links":{"self":[{"href":"https:\/\/www.losataos.org\/w\/wp-json\/wp\/v2\/pages\/14030","targetHints":{"allow":["GET"]}}],"collection":[{"href":"https:\/\/www.losataos.org\/w\/wp-json\/wp\/v2\/pages"}],"about":[{"href":"https:\/\/www.losataos.org\/w\/wp-json\/wp\/v2\/types\/page"}],"author":[{"embeddable":true,"href":"https:\/\/www.losataos.org\/w\/wp-json\/wp\/v2\/users\/2"}],"replies":[{"embeddable":true,"href":"https:\/\/www.losataos.org\/w\/wp-json\/wp\/v2\/comments?post=14030"}],"version-history":[{"count":5,"href":"https:\/\/www.losataos.org\/w\/wp-json\/wp\/v2\/pages\/14030\/revisions"}],"predecessor-version":[{"id":14036,"href":"https:\/\/www.losataos.org\/w\/wp-json\/wp\/v2\/pages\/14030\/revisions\/14036"}],"wp:attachment":[{"href":"https:\/\/www.losataos.org\/w\/wp-json\/wp\/v2\/media?parent=14030"}],"wp:term":[{"taxonomy":"wf_page_folders","embeddable":true,"href":"https:\/\/www.losataos.org\/w\/wp-json\/wp\/v2\/wf_page_folders?post=14030"}],"curies":[{"name":"wp","href":"https:\/\/api.w.org\/{rel}","templated":true}]}}